{"id":17687,"date":"2025-07-16T10:24:12","date_gmt":"2025-07-16T08:24:12","guid":{"rendered":"https:\/\/uj.adatbank.ro\/lexikon\/termek\/pascu-popsor\/"},"modified":"2025-07-16T10:24:12","modified_gmt":"2025-07-16T08:24:12","slug":"pascu-popsor","status":"publish","type":"product","link":"https:\/\/uj.adatbank.ro\/lexikon\/termek\/pascu-popsor\/","title":{"rendered":"PASCU, Pop\u015for"},"content":{"rendered":"<p>Mez\u0151\u00f6rm\u00e9nyes, 1924., \u2020\u00a0?: \u00fajs\u00e1g\u00edr\u00f3. \u2013 A katonas\u00e1g ut\u00e1n (1948\u2013) a mez\u0151gazdas\u00e1gi dolgoz\u00f3k szakszervezet\u00e9nek aktivist\u00e1ja, az Ardealul nou \u00fajs\u00e1g szerkeszt\u0151s\u00e9g\u00e9nek tagja, majd a szerkeszt\u0151s\u00e9g titk\u00e1ra, a Maros tartom\u00e1ny n\u00e9ptan\u00e1cs\u00e1nak k\u00e9pvisel\u0151je. <br \/><strong>Irod.:<\/strong> P. P. (N\u00e9p\u00fajs\u00e1g, 1950. nov. 20.)<\/br><\/p>\n","protected":false},"excerpt":{"rendered":"<p>Mez\u0151\u00f6rm\u00e9nyes, 1924., \u2020\u00a0?: \u00fajs\u00e1g\u00edr\u00f3. \u2013 A katonas\u00e1g ut\u00e1n (1948\u2013) a mez\u0151gazdas\u00e1gi dolgoz\u00f3k szakszervezet\u00e9nek aktivist\u00e1ja, az Ardealul nou \u00fajs\u00e1g szerkeszt\u0151s\u00e9g\u00e9nek tagja, majd a szerkeszt\u0151s\u00e9g titk\u00e1ra, a Maros tartom\u00e1ny n\u00e9ptan\u00e1cs\u00e1nak k\u00e9pvisel\u0151je. Irod.: P. P. (N\u00e9p\u00fajs\u00e1g, 1950. nov. 20.)<\/p>\n","protected":false},"featured_media":0,"comment_status":"open","ping_status":"closed","template":"","meta":[],"product_brand":[],"product_cat":[137],"product_tag":[],"class_list":{"0":"post-17687","1":"product","2":"type-product","3":"status-publish","5":"product_cat-maros-megyei-eletrajzi-lexikon","7":"first","8":"instock","9":"shipping-taxable","10":"product-type-simple"},"_links":{"self":[{"href":"https:\/\/uj.adatbank.ro\/lexikon\/wp-json\/wp\/v2\/product\/17687","targetHints":{"allow":["GET"]}}],"collection":[{"href":"https:\/\/uj.adatbank.ro\/lexikon\/wp-json\/wp\/v2\/product"}],"about":[{"href":"https:\/\/uj.adatbank.ro\/lexikon\/wp-json\/wp\/v2\/types\/product"}],"replies":[{"embeddable":true,"href":"https:\/\/uj.adatbank.ro\/lexikon\/wp-json\/wp\/v2\/comments?post=17687"}],"wp:attachment":[{"href":"https:\/\/uj.adatbank.ro\/lexikon\/wp-json\/wp\/v2\/media?parent=17687"}],"wp:term":[{"taxonomy":"product_brand","embeddable":true,"href":"https:\/\/uj.adatbank.ro\/lexikon\/wp-json\/wp\/v2\/product_brand?post=17687"},{"taxonomy":"product_cat","embeddable":true,"href":"https:\/\/uj.adatbank.ro\/lexikon\/wp-json\/wp\/v2\/product_cat?post=17687"},{"taxonomy":"product_tag","embeddable":true,"href":"https:\/\/uj.adatbank.ro\/lexikon\/wp-json\/wp\/v2\/product_tag?post=17687"}],"curies":[{"name":"wp","href":"https:\/\/api.w.org\/{rel}","templated":true}]}}

PASCU, Popşor

<p>Mezőörményes, 1924., † ?: újságíró. – A katonaság után (1948–) a mezőgazdasági dolgozók szakszervezetének aktivistája, az Ardealul nou újság szerkesztőségének tagja, majd a szerkesztőség titkára, a Maros tartomány néptanácsának képviselője. <br /><strong>Irod.:</strong> P. P. (Népújság, 1950. nov. 20.)</br></p>

<p>Mezőörményes, 1924., † ?: újságíró. – A katonaság után (1948–) a mezőgazdasági dolgozók szakszervezetének aktivistája, az Ardealul nou újság szerkesztőségének tagja, majd a szerkesztőség titkára, a Maros tartomány néptanácsának képviselője. Irod.: P. P. (Népújság, 1950. nov. 20.)</p>
