{"id":17689,"date":"2025-07-16T10:24:20","date_gmt":"2025-07-16T08:24:20","guid":{"rendered":"https:\/\/uj.adatbank.ro\/lexikon\/termek\/passat-gheorghe\/"},"modified":"2025-07-16T10:24:20","modified_gmt":"2025-07-16T08:24:20","slug":"passat-gheorghe","status":"publish","type":"product","link":"https:\/\/uj.adatbank.ro\/lexikon\/termek\/passat-gheorghe\/","title":{"rendered":"PASSAT, Gheorghe"},"content":{"rendered":"<p>? \u2020\u00a0?: tan\u00e1r. \u2013 A szov\u00e1tai \u00e1llami rom\u00e1n tannyelv\u0171 iskola (1923. szept. ny\u00edlt meg), melynek igazgat\u00f3ja volt, kezdetben mag\u00e1n h\u00e1zakn\u00e1l m\u0171k\u00f6d\u00f6tt, m\u00edg elk\u00e9sz\u00fclt az \u00faj iskola\u00e9p\u00fclet (1926). A mv.-i 6. sz. Remeteszegi iskola igazgat\u00f3ja (1937\u201340). <br \/><strong>Irod.:<\/strong> Gimnaziul Al. I. Cuza; Remeteszeg; Szov\u00e1ta<\/br><\/p>\n","protected":false},"excerpt":{"rendered":"<p>? \u2020\u00a0?: tan\u00e1r. \u2013 A szov\u00e1tai \u00e1llami rom\u00e1n tannyelv\u0171 iskola (1923. szept. ny\u00edlt meg), melynek igazgat\u00f3ja volt, kezdetben mag\u00e1n h\u00e1zakn\u00e1l m\u0171k\u00f6d\u00f6tt, m\u00edg elk\u00e9sz\u00fclt az \u00faj iskola\u00e9p\u00fclet (1926). A mv.-i 6. sz. Remeteszegi iskola igazgat\u00f3ja (1937\u201340). Irod.: Gimnaziul Al. I. Cuza; Remeteszeg; Szov\u00e1ta<\/p>\n","protected":false},"featured_media":0,"comment_status":"open","ping_status":"closed","template":"","meta":[],"product_brand":[],"product_cat":[137],"product_tag":[],"class_list":{"0":"post-17689","1":"product","2":"type-product","3":"status-publish","5":"product_cat-maros-megyei-eletrajzi-lexikon","7":"first","8":"instock","9":"shipping-taxable","10":"product-type-simple"},"_links":{"self":[{"href":"https:\/\/uj.adatbank.ro\/lexikon\/wp-json\/wp\/v2\/product\/17689","targetHints":{"allow":["GET"]}}],"collection":[{"href":"https:\/\/uj.adatbank.ro\/lexikon\/wp-json\/wp\/v2\/product"}],"about":[{"href":"https:\/\/uj.adatbank.ro\/lexikon\/wp-json\/wp\/v2\/types\/product"}],"replies":[{"embeddable":true,"href":"https:\/\/uj.adatbank.ro\/lexikon\/wp-json\/wp\/v2\/comments?post=17689"}],"wp:attachment":[{"href":"https:\/\/uj.adatbank.ro\/lexikon\/wp-json\/wp\/v2\/media?parent=17689"}],"wp:term":[{"taxonomy":"product_brand","embeddable":true,"href":"https:\/\/uj.adatbank.ro\/lexikon\/wp-json\/wp\/v2\/product_brand?post=17689"},{"taxonomy":"product_cat","embeddable":true,"href":"https:\/\/uj.adatbank.ro\/lexikon\/wp-json\/wp\/v2\/product_cat?post=17689"},{"taxonomy":"product_tag","embeddable":true,"href":"https:\/\/uj.adatbank.ro\/lexikon\/wp-json\/wp\/v2\/product_tag?post=17689"}],"curies":[{"name":"wp","href":"https:\/\/api.w.org\/{rel}","templated":true}]}}