{"id":17690,"date":"2025-07-16T10:24:23","date_gmt":"2025-07-16T08:24:23","guid":{"rendered":"https:\/\/uj.adatbank.ro\/lexikon\/termek\/pastior-oszkar-pasztor-oszkar\/"},"modified":"2025-07-16T10:24:23","modified_gmt":"2025-07-16T08:24:23","slug":"pastior-oszkar-pasztor-oszkar","status":"publish","type":"product","link":"https:\/\/uj.adatbank.ro\/lexikon\/termek\/pastior-oszkar-pasztor-oszkar\/","title":{"rendered":"PASTIOR Oszk\u00e1r, P\u00e1sztor Oszk\u00e1r?"},"content":{"rendered":"<p>f\u00f6ldbirtokos. \u2013 Segesv\u00e1ron f\u00f6ldjei el\u0151bb haszonb\u00e9rbe voltak kiadva (15 hold sz\u00e9naf\u00f6ld 1917\u201321), majd 4 holdat kisaj\u00e1t\u00edtottak k\u00f6zlegel\u0151nek (1922). <br \/><strong>Irod.:<\/strong> Prozan<\/br><\/p>\n","protected":false},"excerpt":{"rendered":"<p>f\u00f6ldbirtokos. \u2013 Segesv\u00e1ron f\u00f6ldjei el\u0151bb haszonb\u00e9rbe voltak kiadva (15 hold sz\u00e9naf\u00f6ld 1917\u201321), majd 4 holdat kisaj\u00e1t\u00edtottak k\u00f6zlegel\u0151nek (1922). Irod.: Prozan<\/p>\n","protected":false},"featured_media":0,"comment_status":"open","ping_status":"closed","template":"","meta":[],"product_brand":[],"product_cat":[137],"product_tag":[],"class_list":{"0":"post-17690","1":"product","2":"type-product","3":"status-publish","5":"product_cat-maros-megyei-eletrajzi-lexikon","7":"first","8":"instock","9":"shipping-taxable","10":"product-type-simple"},"_links":{"self":[{"href":"https:\/\/uj.adatbank.ro\/lexikon\/wp-json\/wp\/v2\/product\/17690","targetHints":{"allow":["GET"]}}],"collection":[{"href":"https:\/\/uj.adatbank.ro\/lexikon\/wp-json\/wp\/v2\/product"}],"about":[{"href":"https:\/\/uj.adatbank.ro\/lexikon\/wp-json\/wp\/v2\/types\/product"}],"replies":[{"embeddable":true,"href":"https:\/\/uj.adatbank.ro\/lexikon\/wp-json\/wp\/v2\/comments?post=17690"}],"wp:attachment":[{"href":"https:\/\/uj.adatbank.ro\/lexikon\/wp-json\/wp\/v2\/media?parent=17690"}],"wp:term":[{"taxonomy":"product_brand","embeddable":true,"href":"https:\/\/uj.adatbank.ro\/lexikon\/wp-json\/wp\/v2\/product_brand?post=17690"},{"taxonomy":"product_cat","embeddable":true,"href":"https:\/\/uj.adatbank.ro\/lexikon\/wp-json\/wp\/v2\/product_cat?post=17690"},{"taxonomy":"product_tag","embeddable":true,"href":"https:\/\/uj.adatbank.ro\/lexikon\/wp-json\/wp\/v2\/product_tag?post=17690"}],"curies":[{"name":"wp","href":"https:\/\/api.w.org\/{rel}","templated":true}]}}