{"id":17692,"date":"2025-07-16T10:24:27","date_gmt":"2025-07-16T08:24:27","guid":{"rendered":"https:\/\/uj.adatbank.ro\/lexikon\/termek\/pastor-petre\/"},"modified":"2025-07-16T10:24:27","modified_gmt":"2025-07-16T08:24:27","slug":"pastor-petre","status":"publish","type":"product","link":"https:\/\/uj.adatbank.ro\/lexikon\/termek\/pastor-petre\/","title":{"rendered":"PASTOR Petre"},"content":{"rendered":"<p>? \u2020 ?: moln\u00e1r. \u2013 A marosszentannai Kohn Malom \u00e9s Olaj\u00fct\u0151 (alap\u00edt\u00e1si \u00e9ve 1913, tulajdonosa Kohn Leon) \u00e1llamos\u00edt\u00e1sakor kinevezett \u00fcgyvezet\u0151je (1948. j\u00fan.11.). Az olajpr\u00e9st \u00f6sszevont\u00e1k a mez\u0151felei \u00e1llamos\u00edtott malommal \u00e9s olaj\u00fct\u0151vel (1949. aug. 15.).Napi teljes\u00edtm\u00e9nye egy vagon gabona meg\u0151rl\u00e9se volt A Maros Megyei Ideiglenes Bizotts\u00e1g hat\u00e1rozata \u00e9rtelm\u00e9ben a marosszentannai malmot \u00e9s olaj\u00fct\u0151t is beolvasztott\u00e1k az Internationala V\u00e1llalatba(1950. j\u00fal. 1.\u2013).-<br \/><strong>Irod.:<\/strong> Bartos Zolt\u00e1n<\/br><\/p>\n","protected":false},"excerpt":{"rendered":"<p>? \u2020 ?: moln\u00e1r. \u2013 A marosszentannai Kohn Malom \u00e9s Olaj\u00fct\u0151 (alap\u00edt\u00e1si \u00e9ve 1913, tulajdonosa Kohn Leon) \u00e1llamos\u00edt\u00e1sakor kinevezett \u00fcgyvezet\u0151je (1948. j\u00fan.11.). Az olajpr\u00e9st \u00f6sszevont\u00e1k a mez\u0151felei \u00e1llamos\u00edtott malommal \u00e9s olaj\u00fct\u0151vel (1949. aug. 15.).Napi teljes\u00edtm\u00e9nye egy vagon gabona meg\u0151rl\u00e9se volt A Maros Megyei Ideiglenes Bizotts\u00e1g hat\u00e1rozata \u00e9rtelm\u00e9ben a marosszentannai malmot \u00e9s olaj\u00fct\u0151t is beolvasztott\u00e1k az [&hellip;]<\/p>\n","protected":false},"featured_media":0,"comment_status":"open","ping_status":"closed","template":"","meta":[],"product_brand":[],"product_cat":[137],"product_tag":[],"class_list":{"0":"post-17692","1":"product","2":"type-product","3":"status-publish","5":"product_cat-maros-megyei-eletrajzi-lexikon","7":"first","8":"instock","9":"shipping-taxable","10":"product-type-simple"},"_links":{"self":[{"href":"https:\/\/uj.adatbank.ro\/lexikon\/wp-json\/wp\/v2\/product\/17692","targetHints":{"allow":["GET"]}}],"collection":[{"href":"https:\/\/uj.adatbank.ro\/lexikon\/wp-json\/wp\/v2\/product"}],"about":[{"href":"https:\/\/uj.adatbank.ro\/lexikon\/wp-json\/wp\/v2\/types\/product"}],"replies":[{"embeddable":true,"href":"https:\/\/uj.adatbank.ro\/lexikon\/wp-json\/wp\/v2\/comments?post=17692"}],"wp:attachment":[{"href":"https:\/\/uj.adatbank.ro\/lexikon\/wp-json\/wp\/v2\/media?parent=17692"}],"wp:term":[{"taxonomy":"product_brand","embeddable":true,"href":"https:\/\/uj.adatbank.ro\/lexikon\/wp-json\/wp\/v2\/product_brand?post=17692"},{"taxonomy":"product_cat","embeddable":true,"href":"https:\/\/uj.adatbank.ro\/lexikon\/wp-json\/wp\/v2\/product_cat?post=17692"},{"taxonomy":"product_tag","embeddable":true,"href":"https:\/\/uj.adatbank.ro\/lexikon\/wp-json\/wp\/v2\/product_tag?post=17692"}],"curies":[{"name":"wp","href":"https:\/\/api.w.org\/{rel}","templated":true}]}}

<p>? † ?: molnár. – A marosszentannai Kohn Malom és Olajütő (alapítási éve 1913, tulajdonosa Kohn Leon) államosításakor kinevezett ügyvezetője (1948. jún.11.). Az olajprést összevonták a mezőfelei államosított malommal és olajütővel (1949. aug. 15.).Napi teljesítménye egy vagon gabona megőrlése volt A Maros Megyei Ideiglenes Bizottság határozata értelmében a marosszentannai malmot és olajütőt is beolvasztották az Internationala Vállalatba(1950. júl. 1.–).-<br /><strong>Irod.:</strong> Bartos Zoltán</br></p>

<p>? † ?: molnár. – A marosszentannai Kohn Malom és Olajütő (alapítási éve 1913, tulajdonosa Kohn Leon) államosításakor kinevezett ügyvezetője (1948. jún.11.). Az olajprést összevonták a mezőfelei államosított malommal és olajütővel (1949. aug. 15.).Napi teljesítménye egy vagon gabona megőrlése volt A Maros Megyei Ideiglenes Bizottság határozata értelmében a marosszentannai malmot és olajütőt is beolvasztották az [&hellip;]</p>
