{"id":17695,"date":"2025-07-16T10:24:32","date_gmt":"2025-07-16T08:24:32","guid":{"rendered":"https:\/\/uj.adatbank.ro\/lexikon\/termek\/pasztohi-gyorgy\/"},"modified":"2025-07-16T10:24:32","modified_gmt":"2025-07-16T08:24:32","slug":"pasztohi-gyorgy","status":"publish","type":"product","link":"https:\/\/uj.adatbank.ro\/lexikon\/termek\/pasztohi-gyorgy\/","title":{"rendered":"P\u00c1SZTOHI Gy\u00f6rgy"},"content":{"rendered":"<p>? \u2020 ?: geometra (m\u00e9rn\u00f6k). \u2013 Marossz\u00e9ki m\u00e9rn\u00f6ki feladatait k\u00fck\u00fcll\u0151v\u00e1rmegyei hivatal\u00e1b\u00f3l l\u00e1tta el, terhes \u00e9s neh\u00e9z volt a munka \u00e9s eg\u00e9szs\u00e9gi \u00e1llapota is akad\u00e1lyozta feladatai ell\u00e1t\u00e1s\u00e1t.. Haller G\u00e1bor a Kir. T\u00e1bla eln\u00f6ke megb\u00edzta a T\u00e1bla sz\u00e9kh\u00e1za \u00e1talak\u00edt\u00e1s\u00e1t c\u00e9lz\u00f3 tervek elk\u00e9sz\u00edt\u00e9s\u00e9vel (1806), amelyet k\u00e9t v\u00e1ltozatban k\u00e9sz\u00edtett el, k\u00f6lts\u00e9gtervekkel egy\u00fctt. A mv.-i v\u00e1rosi tan\u00e1cs megb\u00edzta, hogy a v\u00e1ros g\u00e1tjait a radn\u00f3ti emel\u0151kapuhoz hasonl\u00f3an igaz\u00edtassa meg az akad\u00e1lytalan tutajoz\u00e1s \u00e9s a kiel\u00e9g\u00edt\u0151 v\u00edzmennyis\u00e9g \u00e9rdek\u00e9ben (1807v 08). R\u00e9csi J\u00f3zsef lett ut\u00f3da, a marossz\u00e9ki m\u00e9rn\u00f6ki feladatok elv\u00e9gz\u00e9s\u00e9re nevezt\u00e9k ki (1808). <br \/><strong>Irod.:<\/strong> Fund\u00e1lok, pall\u00e9rok; Id\u0151t\u00e1r 1; Orb\u00e1n J\u00e1nos: A Kir\u00e1lyi T\u00e1bla els\u0151 k\u00e9t mv.-i sz\u00e9kh\u00e1za = St\u00edlusok, m\u0171vek, mesterek, P\u00e1l-Antal 2009<\/br><\/p>\n","protected":false},"excerpt":{"rendered":"<p>? \u2020 ?: geometra (m\u00e9rn\u00f6k). \u2013 Marossz\u00e9ki m\u00e9rn\u00f6ki feladatait k\u00fck\u00fcll\u0151v\u00e1rmegyei hivatal\u00e1b\u00f3l l\u00e1tta el, terhes \u00e9s neh\u00e9z volt a munka \u00e9s eg\u00e9szs\u00e9gi \u00e1llapota is akad\u00e1lyozta feladatai ell\u00e1t\u00e1s\u00e1t.. Haller G\u00e1bor a Kir. T\u00e1bla eln\u00f6ke megb\u00edzta a T\u00e1bla sz\u00e9kh\u00e1za \u00e1talak\u00edt\u00e1s\u00e1t c\u00e9lz\u00f3 tervek elk\u00e9sz\u00edt\u00e9s\u00e9vel (1806), amelyet k\u00e9t v\u00e1ltozatban k\u00e9sz\u00edtett el, k\u00f6lts\u00e9gtervekkel egy\u00fctt. A mv.-i v\u00e1rosi tan\u00e1cs megb\u00edzta, hogy a [&hellip;]<\/p>\n","protected":false},"featured_media":0,"comment_status":"open","ping_status":"closed","template":"","meta":[],"product_brand":[],"product_cat":[137],"product_tag":[],"class_list":{"0":"post-17695","1":"product","2":"type-product","3":"status-publish","5":"product_cat-maros-megyei-eletrajzi-lexikon","7":"first","8":"instock","9":"shipping-taxable","10":"product-type-simple"},"_links":{"self":[{"href":"https:\/\/uj.adatbank.ro\/lexikon\/wp-json\/wp\/v2\/product\/17695","targetHints":{"allow":["GET"]}}],"collection":[{"href":"https:\/\/uj.adatbank.ro\/lexikon\/wp-json\/wp\/v2\/product"}],"about":[{"href":"https:\/\/uj.adatbank.ro\/lexikon\/wp-json\/wp\/v2\/types\/product"}],"replies":[{"embeddable":true,"href":"https:\/\/uj.adatbank.ro\/lexikon\/wp-json\/wp\/v2\/comments?post=17695"}],"wp:attachment":[{"href":"https:\/\/uj.adatbank.ro\/lexikon\/wp-json\/wp\/v2\/media?parent=17695"}],"wp:term":[{"taxonomy":"product_brand","embeddable":true,"href":"https:\/\/uj.adatbank.ro\/lexikon\/wp-json\/wp\/v2\/product_brand?post=17695"},{"taxonomy":"product_cat","embeddable":true,"href":"https:\/\/uj.adatbank.ro\/lexikon\/wp-json\/wp\/v2\/product_cat?post=17695"},{"taxonomy":"product_tag","embeddable":true,"href":"https:\/\/uj.adatbank.ro\/lexikon\/wp-json\/wp\/v2\/product_tag?post=17695"}],"curies":[{"name":"wp","href":"https:\/\/api.w.org\/{rel}","templated":true}]}}

PÁSZTOHI György

<p>? † ?: geometra (mérnök). – Marosszéki mérnöki feladatait küküllővármegyei hivatalából látta el, terhes és nehéz volt a munka és egészségi állapota is akadályozta feladatai ellátását.. Haller Gábor a Kir. Tábla elnöke megbízta a Tábla székháza átalakítását célzó tervek elkészítésével (1806), amelyet két változatban készített el, költségtervekkel együtt. A mv.-i városi tanács megbízta, hogy a város gátjait a radnóti emelőkapuhoz hasonlóan igazítassa meg az akadálytalan tutajozás és a kielégítő vízmennyiség érdekében (1807v 08). Récsi József lett utóda, a marosszéki mérnöki feladatok elvégzésére nevezték ki (1808). <br /><strong>Irod.:</strong> Fundálok, pallérok; Időtár 1; Orbán János: A Királyi Tábla első két mv.-i székháza = Stílusok, művek, mesterek, Pál-Antal 2009</br></p>

<p>? † ?: geometra (mérnök). – Marosszéki mérnöki feladatait küküllővármegyei hivatalából látta el, terhes és nehéz volt a munka és egészségi állapota is akadályozta feladatai ellátását.. Haller Gábor a Kir. Tábla elnöke megbízta a Tábla székháza átalakítását célzó tervek elkészítésével (1806), amelyet két változatban készített el, költségtervekkel együtt. A mv.-i városi tanács megbízta, hogy a [&hellip;]</p>
