{"id":17696,"date":"2025-07-16T10:24:34","date_gmt":"2025-07-16T08:24:34","guid":{"rendered":"https:\/\/uj.adatbank.ro\/lexikon\/termek\/pasztoi-istvan\/"},"modified":"2025-07-16T10:24:34","modified_gmt":"2025-07-16T08:24:34","slug":"pasztoi-istvan","status":"publish","type":"product","link":"https:\/\/uj.adatbank.ro\/lexikon\/termek\/pasztoi-istvan\/","title":{"rendered":"P\u00c1SZT\u00d3I Istv\u00e1n"},"content":{"rendered":"<p>? \u2020 ?: ref. lelk\u00e9sz. \u2013 Subscrib\u00e1lt S\u00e1rospatak-Gyulafeh\u00e9rv\u00e1ron (1714), Nagyenyeden (1715). Rektor Bal\u00e1zsfalv\u00e1n. Mv.-en subscrib\u00e1lt (1718). Maroscsap\u00f3n volt lelk\u00e9sz (1721\u201323), majd a dun\u00e1nt\u00fali Di\u00f3sjen\u0151n (1744\u201353). <br \/><strong>Irod.:<\/strong> K\u00fck\u00fcll\u0151i Ref. Egyh\u00e1zm..4.<\/br><\/p>\n","protected":false},"excerpt":{"rendered":"<p>? \u2020 ?: ref. lelk\u00e9sz. \u2013 Subscrib\u00e1lt S\u00e1rospatak-Gyulafeh\u00e9rv\u00e1ron (1714), Nagyenyeden (1715). Rektor Bal\u00e1zsfalv\u00e1n. Mv.-en subscrib\u00e1lt (1718). Maroscsap\u00f3n volt lelk\u00e9sz (1721\u201323), majd a dun\u00e1nt\u00fali Di\u00f3sjen\u0151n (1744\u201353). Irod.: K\u00fck\u00fcll\u0151i Ref. Egyh\u00e1zm..4.<\/p>\n","protected":false},"featured_media":0,"comment_status":"open","ping_status":"closed","template":"","meta":[],"product_brand":[],"product_cat":[137],"product_tag":[],"class_list":{"0":"post-17696","1":"product","2":"type-product","3":"status-publish","5":"product_cat-maros-megyei-eletrajzi-lexikon","7":"first","8":"instock","9":"shipping-taxable","10":"product-type-simple"},"_links":{"self":[{"href":"https:\/\/uj.adatbank.ro\/lexikon\/wp-json\/wp\/v2\/product\/17696","targetHints":{"allow":["GET"]}}],"collection":[{"href":"https:\/\/uj.adatbank.ro\/lexikon\/wp-json\/wp\/v2\/product"}],"about":[{"href":"https:\/\/uj.adatbank.ro\/lexikon\/wp-json\/wp\/v2\/types\/product"}],"replies":[{"embeddable":true,"href":"https:\/\/uj.adatbank.ro\/lexikon\/wp-json\/wp\/v2\/comments?post=17696"}],"wp:attachment":[{"href":"https:\/\/uj.adatbank.ro\/lexikon\/wp-json\/wp\/v2\/media?parent=17696"}],"wp:term":[{"taxonomy":"product_brand","embeddable":true,"href":"https:\/\/uj.adatbank.ro\/lexikon\/wp-json\/wp\/v2\/product_brand?post=17696"},{"taxonomy":"product_cat","embeddable":true,"href":"https:\/\/uj.adatbank.ro\/lexikon\/wp-json\/wp\/v2\/product_cat?post=17696"},{"taxonomy":"product_tag","embeddable":true,"href":"https:\/\/uj.adatbank.ro\/lexikon\/wp-json\/wp\/v2\/product_tag?post=17696"}],"curies":[{"name":"wp","href":"https:\/\/api.w.org\/{rel}","templated":true}]}}