{"id":1770,"date":"2025-06-28T11:52:34","date_gmt":"2025-06-28T09:52:34","guid":{"rendered":"https:\/\/uj.adatbank.ro\/lexikon\/termek\/almadi-anna-szavai-cserenyi-farkasne\/"},"modified":"2025-06-28T11:52:34","modified_gmt":"2025-06-28T09:52:34","slug":"almadi-anna-szavai-cserenyi-farkasne","status":"publish","type":"product","link":"https:\/\/uj.adatbank.ro\/lexikon\/termek\/almadi-anna-szavai-cserenyi-farkasne\/","title":{"rendered":"ALM\u00c1DI Anna, szavai, Cser\u00e9nyi Farkasn\u00e9"},"content":{"rendered":"<p>? \u2020 1618. aug. 13. ut\u00e1n: birtokos. \u2013 Alm\u00e1di G\u00e1sp\u00e1r \u00e9s Szilv\u00e1si Zs\u00f3fia le\u00e1nya. Testv\u00e9rei: Mih\u00e1ly, Druzsina Rudnai Istv\u00e1nn\u00e9, Jaxit Istv\u00e1nn\u00e9, Ombrozi Mik\u00f3sn\u00e9, kinek le\u00e1nyai Zsuzsanna \u00e9s Judit. F\u00e9rje: 1. szopori Sulyok J\u00e1nos, 2. als\u00f3ab\u00e1sfalvi Cser\u00e9nyi Farkas, aki fejedelmi bels\u0151 tan\u00e1csos, Bels\u0151-Szolnok vm. f\u0151isp\u00e1nja, portai k\u00f6vet volt (1624). 3. F\u00f6ldv\u00e1ri Gy\u00f6rgyn\u00e9 Mez\u0151s\u00e9gi birtokos. V\u00e9grendelet\u00e9t Kenden \u00edrta (1618.aug.13.-\u00e1n). Birtokai Vajol\u00e1n \u00e9s Gomb\u00e1son (Feh\u00e9r vm.) voltak, amelyeket testv\u00e9reivel osztott meg. <br \/><strong>Irod.:<\/strong> Erd\u00e9lyi testamentumok, 3.; Ker\u00e9kgy\u00e1rt\u00f3<\/br><\/p>\n","protected":false},"excerpt":{"rendered":"<p>? \u2020 1618. aug. 13. ut\u00e1n: birtokos. \u2013 Alm\u00e1di G\u00e1sp\u00e1r \u00e9s Szilv\u00e1si Zs\u00f3fia le\u00e1nya. Testv\u00e9rei: Mih\u00e1ly, Druzsina Rudnai Istv\u00e1nn\u00e9, Jaxit Istv\u00e1nn\u00e9, Ombrozi Mik\u00f3sn\u00e9, kinek le\u00e1nyai Zsuzsanna \u00e9s Judit. F\u00e9rje: 1. szopori Sulyok J\u00e1nos, 2. als\u00f3ab\u00e1sfalvi Cser\u00e9nyi Farkas, aki fejedelmi bels\u0151 tan\u00e1csos, Bels\u0151-Szolnok vm. f\u0151isp\u00e1nja, portai k\u00f6vet volt (1624). 3. F\u00f6ldv\u00e1ri Gy\u00f6rgyn\u00e9 Mez\u0151s\u00e9gi birtokos. V\u00e9grendelet\u00e9t Kenden [&hellip;]<\/p>\n","protected":false},"featured_media":0,"comment_status":"open","ping_status":"closed","template":"","meta":[],"product_brand":[],"product_cat":[137],"product_tag":[],"class_list":{"0":"post-1770","1":"product","2":"type-product","3":"status-publish","5":"product_cat-maros-megyei-eletrajzi-lexikon","7":"first","8":"instock","9":"shipping-taxable","10":"product-type-simple"},"_links":{"self":[{"href":"https:\/\/uj.adatbank.ro\/lexikon\/wp-json\/wp\/v2\/product\/1770","targetHints":{"allow":["GET"]}}],"collection":[{"href":"https:\/\/uj.adatbank.ro\/lexikon\/wp-json\/wp\/v2\/product"}],"about":[{"href":"https:\/\/uj.adatbank.ro\/lexikon\/wp-json\/wp\/v2\/types\/product"}],"replies":[{"embeddable":true,"href":"https:\/\/uj.adatbank.ro\/lexikon\/wp-json\/wp\/v2\/comments?post=1770"}],"wp:attachment":[{"href":"https:\/\/uj.adatbank.ro\/lexikon\/wp-json\/wp\/v2\/media?parent=1770"}],"wp:term":[{"taxonomy":"product_brand","embeddable":true,"href":"https:\/\/uj.adatbank.ro\/lexikon\/wp-json\/wp\/v2\/product_brand?post=1770"},{"taxonomy":"product_cat","embeddable":true,"href":"https:\/\/uj.adatbank.ro\/lexikon\/wp-json\/wp\/v2\/product_cat?post=1770"},{"taxonomy":"product_tag","embeddable":true,"href":"https:\/\/uj.adatbank.ro\/lexikon\/wp-json\/wp\/v2\/product_tag?post=1770"}],"curies":[{"name":"wp","href":"https:\/\/api.w.org\/{rel}","templated":true}]}}

ALMÁDI Anna, szavai, Cserényi Farkasné

<p>? † 1618. aug. 13. után: birtokos. – Almádi Gáspár és Szilvási Zsófia leánya. Testvérei: Mihály, Druzsina Rudnai Istvánné, Jaxit Istvánné, Ombrozi Mikósné, kinek leányai Zsuzsanna és Judit. Férje: 1. szopori Sulyok János, 2. alsóabásfalvi Cserényi Farkas, aki fejedelmi belső tanácsos, Belső-Szolnok vm. főispánja, portai követ volt (1624). 3. Földvári Györgyné Mezőségi birtokos. Végrendeletét Kenden írta (1618.aug.13.-án). Birtokai Vajolán és Gombáson (Fehér vm.) voltak, amelyeket testvéreivel osztott meg. <br /><strong>Irod.:</strong> Erdélyi testamentumok, 3.; Kerékgyártó</br></p>

<p>? † 1618. aug. 13. után: birtokos. – Almádi Gáspár és Szilvási Zsófia leánya. Testvérei: Mihály, Druzsina Rudnai Istvánné, Jaxit Istvánné, Ombrozi Mikósné, kinek leányai Zsuzsanna és Judit. Férje: 1. szopori Sulyok János, 2. alsóabásfalvi Cserényi Farkas, aki fejedelmi belső tanácsos, Belső-Szolnok vm. főispánja, portai követ volt (1624). 3. Földvári Györgyné Mezőségi birtokos. Végrendeletét Kenden [&hellip;]</p>
