{"id":17705,"date":"2025-07-16T10:24:54","date_gmt":"2025-07-16T08:24:54","guid":{"rendered":"https:\/\/uj.adatbank.ro\/lexikon\/termek\/patakfalvi-jeno\/"},"modified":"2025-07-16T10:24:54","modified_gmt":"2025-07-16T08:24:54","slug":"patakfalvi-jeno","status":"publish","type":"product","link":"https:\/\/uj.adatbank.ro\/lexikon\/termek\/patakfalvi-jeno\/","title":{"rendered":"PATAKFALVI Jen\u0151"},"content":{"rendered":"<p>\u00c9nlaka, 1920. j\u00fan. 23., \u2020 Dics\u0151szentm\u00e1rton, 1999. m\u00e1rc. 13.: tan\u00e1r. \u2013 A k\u00f6z\u00e9piskol\u00e1t Sz\u00e9kelykereszt\u00faron v\u00e9gezte, tan\u00edt\u00f3i k\u00e9pes\u00edt\u00e1st szerzett azut\u00e1n v\u00e9gig harcolta a m\u00e1sodik vil\u00e1gh\u00e1bor\u00fat. Egyetemet Kv.-on a BTE mat-fizika kar\u00e1n v\u00e9gezte (1955). Magyars\u00e1roson igazgat\u00f3 k\u00e1ntortan\u00edt\u00f3, igazgat\u00f3 (1945\u201349), Dics\u0151szentm\u00e1rtonban mat-fizikatan\u00e1r (1957\u201380). Bal\u00e1zsfalv\u00e1n Kisk\u00fck\u00fcll\u0151megye nemzetis\u00e9gi tanfel\u00fcgyel\u0151je (1952\u201350); V\u00e1mosg\u00e1lfalv\u00e1n iskolaigazgat\u00f3 (1950.52); Dics\u0151- rajon tanfel\u00fcgyel\u0151je (1952\u201357); Az MNSZ, az RMDSZ \u00e9s az EME tagja volt. A magyars\u00e1rosi majd a v\u00e1mosg\u00e1lfalvi ifj. vegyeskar karnagyak\u00e9nt megyei II. d\u00edjat nyert (1948, 1952).- <strong>F. m.:<\/strong> Az \u00e9n haz\u00e1m Firtos alatt \u00c9nlaka (2001). <br \/><strong>Irod.:<\/strong> B\u00f6l\u00f6ni Domokos: Erd\u00e9lyorsz\u00e1g, \u00e1ld\u00e1s f\u00f6ldje (N\u00fa., 1995. j\u00fan. 13.); Damj\u00e1n B. S\u00e1ndor: Aki t\u00f6v\u00e9r\u0151l v\u00e1gta a markot (N\u00fa., 2003. M\u00fazsa 598 sz., j\u00fal 12.); KKACs; [Nekrol\u00f3g] (N\u00fa., 1999. m\u00e1rc. 15)<\/br><\/p>\n","protected":false},"excerpt":{"rendered":"<p>\u00c9nlaka, 1920. j\u00fan. 23., \u2020 Dics\u0151szentm\u00e1rton, 1999. m\u00e1rc. 13.: tan\u00e1r. \u2013 A k\u00f6z\u00e9piskol\u00e1t Sz\u00e9kelykereszt\u00faron v\u00e9gezte, tan\u00edt\u00f3i k\u00e9pes\u00edt\u00e1st szerzett azut\u00e1n v\u00e9gig harcolta a m\u00e1sodik vil\u00e1gh\u00e1bor\u00fat. Egyetemet Kv.-on a BTE mat-fizika kar\u00e1n v\u00e9gezte (1955). Magyars\u00e1roson igazgat\u00f3 k\u00e1ntortan\u00edt\u00f3, igazgat\u00f3 (1945\u201349), Dics\u0151szentm\u00e1rtonban mat-fizikatan\u00e1r (1957\u201380). Bal\u00e1zsfalv\u00e1n Kisk\u00fck\u00fcll\u0151megye nemzetis\u00e9gi tanfel\u00fcgyel\u0151je (1952\u201350); V\u00e1mosg\u00e1lfalv\u00e1n iskolaigazgat\u00f3 (1950.52); Dics\u0151- rajon tanfel\u00fcgyel\u0151je (1952\u201357); Az MNSZ, az [&hellip;]<\/p>\n","protected":false},"featured_media":0,"comment_status":"open","ping_status":"closed","template":"","meta":[],"product_brand":[],"product_cat":[137],"product_tag":[],"class_list":{"0":"post-17705","1":"product","2":"type-product","3":"status-publish","5":"product_cat-maros-megyei-eletrajzi-lexikon","7":"first","8":"instock","9":"shipping-taxable","10":"product-type-simple"},"_links":{"self":[{"href":"https:\/\/uj.adatbank.ro\/lexikon\/wp-json\/wp\/v2\/product\/17705","targetHints":{"allow":["GET"]}}],"collection":[{"href":"https:\/\/uj.adatbank.ro\/lexikon\/wp-json\/wp\/v2\/product"}],"about":[{"href":"https:\/\/uj.adatbank.ro\/lexikon\/wp-json\/wp\/v2\/types\/product"}],"replies":[{"embeddable":true,"href":"https:\/\/uj.adatbank.ro\/lexikon\/wp-json\/wp\/v2\/comments?post=17705"}],"wp:attachment":[{"href":"https:\/\/uj.adatbank.ro\/lexikon\/wp-json\/wp\/v2\/media?parent=17705"}],"wp:term":[{"taxonomy":"product_brand","embeddable":true,"href":"https:\/\/uj.adatbank.ro\/lexikon\/wp-json\/wp\/v2\/product_brand?post=17705"},{"taxonomy":"product_cat","embeddable":true,"href":"https:\/\/uj.adatbank.ro\/lexikon\/wp-json\/wp\/v2\/product_cat?post=17705"},{"taxonomy":"product_tag","embeddable":true,"href":"https:\/\/uj.adatbank.ro\/lexikon\/wp-json\/wp\/v2\/product_tag?post=17705"}],"curies":[{"name":"wp","href":"https:\/\/api.w.org\/{rel}","templated":true}]}}

PATAKFALVI Jenő

<p>Énlaka, 1920. jún. 23., † Dicsőszentmárton, 1999. márc. 13.: tanár. – A középiskolát Székelykeresztúron végezte, tanítói képesítást szerzett azután végig harcolta a második világháborút. Egyetemet Kv.-on a BTE mat-fizika karán végezte (1955). Magyarsároson igazgató kántortanító, igazgató (1945–49), Dicsőszentmártonban mat-fizikatanár (1957–80). Balázsfalván Kisküküllőmegye nemzetiségi tanfelügyelője (1952–50); Vámosgálfalván iskolaigazgató (1950.52); Dicső- rajon tanfelügyelője (1952–57); Az MNSZ, az RMDSZ és az EME tagja volt. A magyarsárosi majd a vámosgálfalvi ifj. vegyeskar karnagyaként megyei II. díjat nyert (1948, 1952).- <strong>F. m.:</strong> Az én hazám Firtos alatt Énlaka (2001). <br /><strong>Irod.:</strong> Bölöni Domokos: Erdélyország, áldás földje (Nú., 1995. jún. 13.); Damján B. Sándor: Aki tövéről vágta a markot (Nú., 2003. Múzsa 598 sz., júl 12.); KKACs; [Nekrológ] (Nú., 1999. márc. 15)</br></p>

<p>Énlaka, 1920. jún. 23., † Dicsőszentmárton, 1999. márc. 13.: tanár. – A középiskolát Székelykeresztúron végezte, tanítói képesítást szerzett azután végig harcolta a második világháborút. Egyetemet Kv.-on a BTE mat-fizika karán végezte (1955). Magyarsároson igazgató kántortanító, igazgató (1945–49), Dicsőszentmártonban mat-fizikatanár (1957–80). Balázsfalván Kisküküllőmegye nemzetiségi tanfelügyelője (1952–50); Vámosgálfalván iskolaigazgató (1950.52); Dicső- rajon tanfelügyelője (1952–57); Az MNSZ, az [&hellip;]</p>
