{"id":1771,"date":"2025-06-28T11:52:37","date_gmt":"2025-06-28T09:52:37","guid":{"rendered":"https:\/\/uj.adatbank.ro\/lexikon\/termek\/almadi-gaspar-szavai\/"},"modified":"2025-06-28T11:52:37","modified_gmt":"2025-06-28T09:52:37","slug":"almadi-gaspar-szavai","status":"publish","type":"product","link":"https:\/\/uj.adatbank.ro\/lexikon\/termek\/almadi-gaspar-szavai\/","title":{"rendered":"ALM\u00c1DI G\u00e1sp\u00e1r, sz\u00e1vai;"},"content":{"rendered":"<p>? \u2020 1601.: birtokos. \u2013 A. B\u00e1lint \u00e9s kozmatelki Jankafi Katalin \/Jankaffy Kata (1530\u20131578) fia. Feles\u00e9ge: Szilv\u00e1si Zs\u00f3fia (\u2020 1610). Gyermekeik: A. B\u00e1lint, kinek feles\u00e9ge Szentiv\u00e1nyi Zsuzs\u00e1nna; Druzsina Margai Istv\u00e1nn\u00e9; Kata Ombrozi Mikl\u00f3sn\u00e9; Anna Cser\u00e9nyi Farkasn\u00e9, majd F\u00f6ldv\u00e1ri Gy\u00f6rgyn\u00e9. Nagy birtokos \u201esok j\u00f3sz\u00e1g \u00fara\u201d, b\u0151kez\u0171 p\u00e1rtfog\u00f3ja az unit. egyh\u00e1znak (1593). <br \/><strong>Irod.:<\/strong> Erd\u00e9lyi testamentumok, 3.; K\u00e9nosi\u2013Uzoni 1.; Ker\u00e9kgy\u00e1rt\u00f3; Nagy Iv\u00e1n<\/br><\/p>\n","protected":false},"excerpt":{"rendered":"<p>? \u2020 1601.: birtokos. \u2013 A. B\u00e1lint \u00e9s kozmatelki Jankafi Katalin \/Jankaffy Kata (1530\u20131578) fia. Feles\u00e9ge: Szilv\u00e1si Zs\u00f3fia (\u2020 1610). Gyermekeik: A. B\u00e1lint, kinek feles\u00e9ge Szentiv\u00e1nyi Zsuzs\u00e1nna; Druzsina Margai Istv\u00e1nn\u00e9; Kata Ombrozi Mikl\u00f3sn\u00e9; Anna Cser\u00e9nyi Farkasn\u00e9, majd F\u00f6ldv\u00e1ri Gy\u00f6rgyn\u00e9. Nagy birtokos \u201esok j\u00f3sz\u00e1g \u00fara\u201d, b\u0151kez\u0171 p\u00e1rtfog\u00f3ja az unit. egyh\u00e1znak (1593). Irod.: Erd\u00e9lyi testamentumok, 3.; K\u00e9nosi\u2013Uzoni [&hellip;]<\/p>\n","protected":false},"featured_media":0,"comment_status":"open","ping_status":"closed","template":"","meta":[],"product_brand":[],"product_cat":[137],"product_tag":[],"class_list":{"0":"post-1771","1":"product","2":"type-product","3":"status-publish","5":"product_cat-maros-megyei-eletrajzi-lexikon","7":"first","8":"instock","9":"shipping-taxable","10":"product-type-simple"},"_links":{"self":[{"href":"https:\/\/uj.adatbank.ro\/lexikon\/wp-json\/wp\/v2\/product\/1771","targetHints":{"allow":["GET"]}}],"collection":[{"href":"https:\/\/uj.adatbank.ro\/lexikon\/wp-json\/wp\/v2\/product"}],"about":[{"href":"https:\/\/uj.adatbank.ro\/lexikon\/wp-json\/wp\/v2\/types\/product"}],"replies":[{"embeddable":true,"href":"https:\/\/uj.adatbank.ro\/lexikon\/wp-json\/wp\/v2\/comments?post=1771"}],"wp:attachment":[{"href":"https:\/\/uj.adatbank.ro\/lexikon\/wp-json\/wp\/v2\/media?parent=1771"}],"wp:term":[{"taxonomy":"product_brand","embeddable":true,"href":"https:\/\/uj.adatbank.ro\/lexikon\/wp-json\/wp\/v2\/product_brand?post=1771"},{"taxonomy":"product_cat","embeddable":true,"href":"https:\/\/uj.adatbank.ro\/lexikon\/wp-json\/wp\/v2\/product_cat?post=1771"},{"taxonomy":"product_tag","embeddable":true,"href":"https:\/\/uj.adatbank.ro\/lexikon\/wp-json\/wp\/v2\/product_tag?post=1771"}],"curies":[{"name":"wp","href":"https:\/\/api.w.org\/{rel}","templated":true}]}}

ALMÁDI Gáspár, szávai;

<p>? † 1601.: birtokos. – A. Bálint és kozmatelki Jankafi Katalin /Jankaffy Kata (1530–1578) fia. Felesége: Szilvási Zsófia († 1610). Gyermekeik: A. Bálint, kinek felesége Szentiványi Zsuzsánna; Druzsina Margai Istvánné; Kata Ombrozi Miklósné; Anna Cserényi Farkasné, majd Földvári Györgyné. Nagy birtokos „sok jószág úra”, bőkezű pártfogója az unit. egyháznak (1593). <br /><strong>Irod.:</strong> Erdélyi testamentumok, 3.; Kénosi–Uzoni 1.; Kerékgyártó; Nagy Iván</br></p>

<p>? † 1601.: birtokos. – A. Bálint és kozmatelki Jankafi Katalin /Jankaffy Kata (1530–1578) fia. Felesége: Szilvási Zsófia († 1610). Gyermekeik: A. Bálint, kinek felesége Szentiványi Zsuzsánna; Druzsina Margai Istvánné; Kata Ombrozi Miklósné; Anna Cserényi Farkasné, majd Földvári Györgyné. Nagy birtokos „sok jószág úra”, bőkezű pártfogója az unit. egyháznak (1593). Irod.: Erdélyi testamentumok, 3.; Kénosi–Uzoni [&hellip;]</p>
