{"id":17713,"date":"2025-07-16T10:25:12","date_gmt":"2025-07-16T08:25:12","guid":{"rendered":"https:\/\/uj.adatbank.ro\/lexikon\/termek\/pataki-denes\/"},"modified":"2025-07-16T10:25:12","modified_gmt":"2025-07-16T08:25:12","slug":"pataki-denes","status":"publish","type":"product","link":"https:\/\/uj.adatbank.ro\/lexikon\/termek\/pataki-denes\/","title":{"rendered":"PATAKI D\u00e9nes"},"content":{"rendered":"<p>Fi\u00e1tfalva, 1858. szept. 23., \u2020 Dedr\u00e1dsz\u00e9plak, 1918. nov. 29., : ref. lelk\u00e9sz. \u2013 A k\u00e1ntortan\u00edt\u00f3 apa nagy csal\u00e1dj\u00e1val Ny\u00e1r\u00e1dmagyar\u00f3sra k\u00f6lt\u00f6z\u00f6tt. Itt kezdte elemi iskol\u00e1s tanulm\u00e1nyait, Sz\u00e9kelyudvarhelyen folytatta \u00e9retts\u00e9giig, mint szolgadi\u00e1k (1868\u20131879). Nagyenyeden a Bethlen f\u0151skol\u00e1ban a teol\u00f3gia fakult\u00e1son v\u00e9gzett (1883. aug.). Kisf\u00fclp\u00f6sre v\u00e1lasztott\u00e1k meg lp.-nak (1884. jan. 3.- 1894. okt.). B\u00faza, Dedr\u00e1dsz\u00e9plakon folytatta tev\u00e9kenys\u00e9g\u00e9t (1894. okt. 3. \u2013 1908. m\u00e1rc. 8.). Iskol\u00e1t \u00e9s tan\u00edt\u00f3i lak\u00e1st \u00e9p\u00edtettek (1901). \u2013 Irod: B\u00f6jthe Andor: A G\u00f6rg\u00e9nyi ev. ref. egyh\u00e1zmegye t\u00f6rt\u00e9nete [k\u00e9zirat]<\/br><\/p>\n","protected":false},"excerpt":{"rendered":"<p>Fi\u00e1tfalva, 1858. szept. 23., \u2020 Dedr\u00e1dsz\u00e9plak, 1918. nov. 29., : ref. lelk\u00e9sz. \u2013 A k\u00e1ntortan\u00edt\u00f3 apa nagy csal\u00e1dj\u00e1val Ny\u00e1r\u00e1dmagyar\u00f3sra k\u00f6lt\u00f6z\u00f6tt. Itt kezdte elemi iskol\u00e1s tanulm\u00e1nyait, Sz\u00e9kelyudvarhelyen folytatta \u00e9retts\u00e9giig, mint szolgadi\u00e1k (1868\u20131879). Nagyenyeden a Bethlen f\u0151skol\u00e1ban a teol\u00f3gia fakult\u00e1son v\u00e9gzett (1883. aug.). Kisf\u00fclp\u00f6sre v\u00e1lasztott\u00e1k meg lp.-nak (1884. jan. 3.- 1894. okt.). B\u00faza, Dedr\u00e1dsz\u00e9plakon folytatta tev\u00e9kenys\u00e9g\u00e9t (1894. [&hellip;]<\/p>\n","protected":false},"featured_media":0,"comment_status":"open","ping_status":"closed","template":"","meta":[],"product_brand":[],"product_cat":[137],"product_tag":[],"class_list":{"0":"post-17713","1":"product","2":"type-product","3":"status-publish","5":"product_cat-maros-megyei-eletrajzi-lexikon","7":"first","8":"instock","9":"shipping-taxable","10":"product-type-simple"},"_links":{"self":[{"href":"https:\/\/uj.adatbank.ro\/lexikon\/wp-json\/wp\/v2\/product\/17713","targetHints":{"allow":["GET"]}}],"collection":[{"href":"https:\/\/uj.adatbank.ro\/lexikon\/wp-json\/wp\/v2\/product"}],"about":[{"href":"https:\/\/uj.adatbank.ro\/lexikon\/wp-json\/wp\/v2\/types\/product"}],"replies":[{"embeddable":true,"href":"https:\/\/uj.adatbank.ro\/lexikon\/wp-json\/wp\/v2\/comments?post=17713"}],"wp:attachment":[{"href":"https:\/\/uj.adatbank.ro\/lexikon\/wp-json\/wp\/v2\/media?parent=17713"}],"wp:term":[{"taxonomy":"product_brand","embeddable":true,"href":"https:\/\/uj.adatbank.ro\/lexikon\/wp-json\/wp\/v2\/product_brand?post=17713"},{"taxonomy":"product_cat","embeddable":true,"href":"https:\/\/uj.adatbank.ro\/lexikon\/wp-json\/wp\/v2\/product_cat?post=17713"},{"taxonomy":"product_tag","embeddable":true,"href":"https:\/\/uj.adatbank.ro\/lexikon\/wp-json\/wp\/v2\/product_tag?post=17713"}],"curies":[{"name":"wp","href":"https:\/\/api.w.org\/{rel}","templated":true}]}}

PATAKI Dénes

<p>Fiátfalva, 1858. szept. 23., † Dedrádszéplak, 1918. nov. 29., : ref. lelkész. – A kántortanító apa nagy családjával Nyárádmagyarósra költözött. Itt kezdte elemi iskolás tanulmányait, Székelyudvarhelyen folytatta érettségiig, mint szolgadiák (1868–1879). Nagyenyeden a Bethlen főskolában a teológia fakultáson végzett (1883. aug.). Kisfülpösre választották meg lp.-nak (1884. jan. 3.- 1894. okt.). Búza, Dedrádszéplakon folytatta tevékenységét (1894. okt. 3. – 1908. márc. 8.). Iskolát és tanítói lakást építettek (1901). – Irod: Böjthe Andor: A Görgényi ev. ref. egyházmegye története [kézirat]</br></p>

<p>Fiátfalva, 1858. szept. 23., † Dedrádszéplak, 1918. nov. 29., : ref. lelkész. – A kántortanító apa nagy családjával Nyárádmagyarósra költözött. Itt kezdte elemi iskolás tanulmányait, Székelyudvarhelyen folytatta érettségiig, mint szolgadiák (1868–1879). Nagyenyeden a Bethlen főskolában a teológia fakultáson végzett (1883. aug.). Kisfülpösre választották meg lp.-nak (1884. jan. 3.- 1894. okt.). Búza, Dedrádszéplakon folytatta tevékenységét (1894. [&hellip;]</p>
