{"id":17720,"date":"2025-07-16T10:25:29","date_gmt":"2025-07-16T08:25:29","guid":{"rendered":"https:\/\/uj.adatbank.ro\/lexikon\/termek\/pataki-istvan\/"},"modified":"2025-07-16T10:25:29","modified_gmt":"2025-07-16T08:25:29","slug":"pataki-istvan","status":"publish","type":"product","link":"https:\/\/uj.adatbank.ro\/lexikon\/termek\/pataki-istvan\/","title":{"rendered":"PATAKI Istv\u00e1n"},"content":{"rendered":"<p>1650., \u2020 1710.: ref. lelk\u00e9sz, pr\u00e9dik\u00e1tor: \u2013 Feles\u00e9ge: 1. Miskolczi Csulyak Judit (esk\u00fcv\u0151:1675. szept. 20.; \u2020 1686. febr. 27.)., 2. B\u00f6sz\u00f6rm\u00e9nyi Nagy Kata. Ut\u00f3dai k\u00f6z\u00f6tt kiv\u00e1l\u00f3 orvosok voltak. \u2013 A kv.-i ref. koll.-ban tanult, majd k\u00fclf\u00f6ldi tanulm\u00e1ny\u00fatra indult val\u00f3sz\u00edn\u0171 Teleki Mih\u00e1ly \u00e9s a fejedelem anyagi t\u00e1mogat\u00e1s\u00e1val (1671\u2013). Utrechtben (1671\u201372) \u00e9s Marburgban (1672\u201374) tanult, ahol P\u00e1pai P\u00e1riz Ferenc di\u00e1k\u00e1rsa. Haza \u00e9rkezett (1674) \u00e9s Radn\u00f3tra rendelte Apafi, udvari \u00e9s gy\u00fclekezeti pr\u00e9dik\u00e1tornak (1675. m\u00e1rc.\u201381), majd Kolozsra ment \u00e1t (1681\u201386). Lelk\u00e9sz volt Torock\u00f3szentgy\u00f6rgy\u00f6n (1687\u201392 k.), Enyedszentkir\u00e1lyon (1693\u201395) \u00e9s G\u00f6rg\u00e9nyszentimr\u00e9n (1696\u20131705). Fennmaradt napl\u00f3ja (1672\u20131705 k\u00f6z\u00f6tt vezette). <br \/><strong>Irod.:<\/strong> K\u00fck\u00fcll\u0151i Ref. Egyh\u00e1zm. 4., \u0150sz; P\u00e1pai P\u00e1riz; Teleki Mih\u00e1ly udvartart\u00e1si napl\u00f3ja, 1673\u20131681. (Kv., 2007)<\/br><\/p>\n","protected":false},"excerpt":{"rendered":"<p>1650., \u2020 1710.: ref. lelk\u00e9sz, pr\u00e9dik\u00e1tor: \u2013 Feles\u00e9ge: 1. Miskolczi Csulyak Judit (esk\u00fcv\u0151:1675. szept. 20.; \u2020 1686. febr. 27.)., 2. B\u00f6sz\u00f6rm\u00e9nyi Nagy Kata. Ut\u00f3dai k\u00f6z\u00f6tt kiv\u00e1l\u00f3 orvosok voltak. \u2013 A kv.-i ref. koll.-ban tanult, majd k\u00fclf\u00f6ldi tanulm\u00e1ny\u00fatra indult val\u00f3sz\u00edn\u0171 Teleki Mih\u00e1ly \u00e9s a fejedelem anyagi t\u00e1mogat\u00e1s\u00e1val (1671\u2013). Utrechtben (1671\u201372) \u00e9s Marburgban (1672\u201374) tanult, ahol P\u00e1pai [&hellip;]<\/p>\n","protected":false},"featured_media":0,"comment_status":"open","ping_status":"closed","template":"","meta":[],"product_brand":[],"product_cat":[137],"product_tag":[],"class_list":{"0":"post-17720","1":"product","2":"type-product","3":"status-publish","5":"product_cat-maros-megyei-eletrajzi-lexikon","7":"first","8":"instock","9":"shipping-taxable","10":"product-type-simple"},"_links":{"self":[{"href":"https:\/\/uj.adatbank.ro\/lexikon\/wp-json\/wp\/v2\/product\/17720","targetHints":{"allow":["GET"]}}],"collection":[{"href":"https:\/\/uj.adatbank.ro\/lexikon\/wp-json\/wp\/v2\/product"}],"about":[{"href":"https:\/\/uj.adatbank.ro\/lexikon\/wp-json\/wp\/v2\/types\/product"}],"replies":[{"embeddable":true,"href":"https:\/\/uj.adatbank.ro\/lexikon\/wp-json\/wp\/v2\/comments?post=17720"}],"wp:attachment":[{"href":"https:\/\/uj.adatbank.ro\/lexikon\/wp-json\/wp\/v2\/media?parent=17720"}],"wp:term":[{"taxonomy":"product_brand","embeddable":true,"href":"https:\/\/uj.adatbank.ro\/lexikon\/wp-json\/wp\/v2\/product_brand?post=17720"},{"taxonomy":"product_cat","embeddable":true,"href":"https:\/\/uj.adatbank.ro\/lexikon\/wp-json\/wp\/v2\/product_cat?post=17720"},{"taxonomy":"product_tag","embeddable":true,"href":"https:\/\/uj.adatbank.ro\/lexikon\/wp-json\/wp\/v2\/product_tag?post=17720"}],"curies":[{"name":"wp","href":"https:\/\/api.w.org\/{rel}","templated":true}]}}