{"id":17724,"date":"2025-07-16T10:25:37","date_gmt":"2025-07-16T08:25:37","guid":{"rendered":"https:\/\/uj.adatbank.ro\/lexikon\/termek\/pataki-istvan-p-tot\/"},"modified":"2025-07-16T10:25:37","modified_gmt":"2025-07-16T08:25:37","slug":"pataki-istvan-p-tot","status":"publish","type":"product","link":"https:\/\/uj.adatbank.ro\/lexikon\/termek\/pataki-istvan-p-tot\/","title":{"rendered":"PATAKI Istv\u00e1n; P. T\u00f3t"},"content":{"rendered":"<p>S\u00e1rospatak, 1640, \u2020 Kv., 1693. jan. 2. a H\u00e1zsong\u00e1rdi temet\u0151ben nyugszik: ref. pedag\u00f3gus, egy\u00adh\u00e1zi \u00edr\u00f3. \u2013 A s\u00e1rospataki koll.-ban tanult, majd k\u00f6ztan\u00edt\u00f3 is volt. T\u00f6r\u00f6kver\u0151k\u00e9nt nemeslevelet kapott (1662). Feltehet\u0151en B\u00e1nffy D\u00e9nes t\u00e1mogat\u00e1s\u00e1val a franekeri \u00e9s utrechti (1663\u201364), a groningeni (1664\u201365), a leideni egy.-en (1665\u2013) folytatott filoz\u00f3fiai \u00e9s teol\u00f3giai tanulm\u00e1\u00adnyokat, ezalatt respondens is volt, t\u00f6bb \u00fcdv\u00f6z\u00adl\u0151verset is \u00edrt. Hazat\u00e9r\u00e9s\u00e9t k\u00f6vet\u0151en B\u00e1nffy D\u00e9nes udvari lelk\u00e9sze. Megh\u00edvt\u00e1k a k\u00adv.-i ref. koll.-ba a b\u00f6lcselet (1668\u201385), a teol.-i t\u00e1rgyak tan\u00e1r\u00e1nak. Ny\u00edltan hirdette coccejanus n\u00e9zeteit, ez\u00e9rt a radn\u00f3ti ref. gy\u0171l\u00e9s, zsinat (1673. j\u00fal. 16\u201318.) ett\u0151l eltiltotta, csak teol. t\u00e1rgyakat tan\u00edthatott (1685\u201388). B\u00e1nffy D\u00e9nes hal\u00e1la ut\u00e1n (1674. dec.), Teleki Mih\u00e1ly volt a p\u00e1rtfog\u00f3ja. Hal\u00e1l\u00e1ig II.Apafi Mih\u00e1ly nevel\u0151je volt (1688\u201392). \u2013 <strong>F. m.:<\/strong> De libertate voluntatis (Franeker, 1664); Oratio funebris in exequiis&#8230; Petri Kov\u00e1sznai.., 1673. j\u00fal. 25. (Kv., 1674); Ez Vil\u00e1gnak Dolgainak Igazgat\u00e1s\u00e1nak Mesters\u00e9ge&#8230; Ford. [latinb\u00f3l] (Kv., 1681). <br \/><strong>Irod.:<\/strong> Halotti besz\u00e9dek; H\u00e1zsong\u00e1rd, Teleki Mih\u00e1ly udvartart\u00e1si napl\u00f3ja (1673\u20131681) (Kv., 2007); \u00daM\u00c9L; Zov\u00e1nyi Jen\u0151: A radn\u00f3ti gy\u0171l\u00e9s v\u00e9gz\u00e9sei (Prot. K\u00f6zl., 1889)<\/br><\/p>\n","protected":false},"excerpt":{"rendered":"<p>S\u00e1rospatak, 1640, \u2020 Kv., 1693. jan. 2. a H\u00e1zsong\u00e1rdi temet\u0151ben nyugszik: ref. pedag\u00f3gus, egy\u00adh\u00e1zi \u00edr\u00f3. \u2013 A s\u00e1rospataki koll.-ban tanult, majd k\u00f6ztan\u00edt\u00f3 is volt. T\u00f6r\u00f6kver\u0151k\u00e9nt nemeslevelet kapott (1662). Feltehet\u0151en B\u00e1nffy D\u00e9nes t\u00e1mogat\u00e1s\u00e1val a franekeri \u00e9s utrechti (1663\u201364), a groningeni (1664\u201365), a leideni egy.-en (1665\u2013) folytatott filoz\u00f3fiai \u00e9s teol\u00f3giai tanulm\u00e1\u00adnyokat, ezalatt respondens is volt, t\u00f6bb \u00fcdv\u00f6z\u00adl\u0151verset [&hellip;]<\/p>\n","protected":false},"featured_media":0,"comment_status":"open","ping_status":"closed","template":"","meta":[],"product_brand":[],"product_cat":[137],"product_tag":[],"class_list":{"0":"post-17724","1":"product","2":"type-product","3":"status-publish","5":"product_cat-maros-megyei-eletrajzi-lexikon","7":"first","8":"instock","9":"shipping-taxable","10":"product-type-simple"},"_links":{"self":[{"href":"https:\/\/uj.adatbank.ro\/lexikon\/wp-json\/wp\/v2\/product\/17724","targetHints":{"allow":["GET"]}}],"collection":[{"href":"https:\/\/uj.adatbank.ro\/lexikon\/wp-json\/wp\/v2\/product"}],"about":[{"href":"https:\/\/uj.adatbank.ro\/lexikon\/wp-json\/wp\/v2\/types\/product"}],"replies":[{"embeddable":true,"href":"https:\/\/uj.adatbank.ro\/lexikon\/wp-json\/wp\/v2\/comments?post=17724"}],"wp:attachment":[{"href":"https:\/\/uj.adatbank.ro\/lexikon\/wp-json\/wp\/v2\/media?parent=17724"}],"wp:term":[{"taxonomy":"product_brand","embeddable":true,"href":"https:\/\/uj.adatbank.ro\/lexikon\/wp-json\/wp\/v2\/product_brand?post=17724"},{"taxonomy":"product_cat","embeddable":true,"href":"https:\/\/uj.adatbank.ro\/lexikon\/wp-json\/wp\/v2\/product_cat?post=17724"},{"taxonomy":"product_tag","embeddable":true,"href":"https:\/\/uj.adatbank.ro\/lexikon\/wp-json\/wp\/v2\/product_tag?post=17724"}],"curies":[{"name":"wp","href":"https:\/\/api.w.org\/{rel}","templated":true}]}}

PATAKI István; P. Tót

<p>Sárospatak, 1640, † Kv., 1693. jan. 2. a Házsongárdi temetőben nyugszik: ref. pedagógus, egy­házi író. – A sárospataki koll.-ban tanult, majd köztanító is volt. Törökverőként nemeslevelet kapott (1662). Feltehetően Bánffy Dénes támogatásával a franekeri és utrechti (1663–64), a groningeni (1664–65), a leideni egy.-en (1665–) folytatott filozófiai és teológiai tanulmá­nyokat, ezalatt respondens is volt, több üdvöz­lőverset is írt. Hazatérését követően Bánffy Dénes udvari lelkésze. Meghívták a k­v.-i ref. koll.-ba a bölcselet (1668–85), a teol.-i tárgyak tanárának. Nyíltan hirdette coccejanus nézeteit, ezért a radnóti ref. gyűlés, zsinat (1673. júl. 16–18.) ettől eltiltotta, csak teol. tárgyakat taníthatott (1685–88). Bánffy Dénes halála után (1674. dec.), Teleki Mihály volt a pártfogója. Haláláig II.Apafi Mihály nevelője volt (1688–92). – <strong>F. m.:</strong> De libertate voluntatis (Franeker, 1664); Oratio funebris in exequiis&#8230; Petri Kovásznai.., 1673. júl. 25. (Kv., 1674); Ez Világnak Dolgainak Igazgatásának Mestersége&#8230; Ford. [latinból] (Kv., 1681). <br /><strong>Irod.:</strong> Halotti beszédek; Házsongárd, Teleki Mihály udvartartási naplója (1673–1681) (Kv., 2007); ÚMÉL; Zoványi Jenő: A radnóti gyűlés végzései (Prot. Közl., 1889)</br></p>

<p>Sárospatak, 1640, † Kv., 1693. jan. 2. a Házsongárdi temetőben nyugszik: ref. pedagógus, egy­házi író. – A sárospataki koll.-ban tanult, majd köztanító is volt. Törökverőként nemeslevelet kapott (1662). Feltehetően Bánffy Dénes támogatásával a franekeri és utrechti (1663–64), a groningeni (1664–65), a leideni egy.-en (1665–) folytatott filozófiai és teológiai tanulmá­nyokat, ezalatt respondens is volt, több üdvöz­lőverset [&hellip;]</p>
