{"id":17740,"date":"2025-07-16T10:26:11","date_gmt":"2025-07-16T08:26:11","guid":{"rendered":"https:\/\/uj.adatbank.ro\/lexikon\/termek\/pataki-samuel-sarospataki-s-pataky-samuel\/"},"modified":"2025-07-16T10:26:11","modified_gmt":"2025-07-16T08:26:11","slug":"pataki-samuel-sarospataki-s-pataky-samuel","status":"publish","type":"product","link":"https:\/\/uj.adatbank.ro\/lexikon\/termek\/pataki-samuel-sarospataki-s-pataky-samuel\/","title":{"rendered":"PATAKI S\u00e1muel, s\u00e1rospataki, S. Pataky S\u00e1muel"},"content":{"rendered":"<p>Torock\u00f3szentgy\u00f6rgy, 1692. jan. 1., \u2020 1766. okt. 8.:orvos. \u2013 S. Pataky Istv\u00e1n ref. lelk\u00e9sz G\u00f6rg\u00e9nyszentimr\u00e9n \u00e9s B\u00f6sz\u00f6rm\u00e9nyi Nagy Katalin fia. 13 \u00e9ves, amikor apja meghalt, testv\u00e9re S. Pataky Istv\u00e1n folytatta tev\u00e9kenys\u00e9g\u00e9t, lelk\u00e9sz lett G\u00f6rg\u00e9nyszentimr\u00e9n. Feles\u00e9ge: Verest\u00f3i Erzs\u00e9bet (\u2020 1763 k.). \u2013 A humanior\u00e1k tanul\u00e1s\u00e1t G\u00f6rg\u00e9nyszentimr\u00e9n kezdte meg. Teleki Mih\u00e1ly gr. \u00e9s Thoroczkai Kata grofn\u00e9 udvar\u00e1ba ker\u00fclt (1707. szept. 20. \u2013), szolg\u00e1ja \u00e9s tanul\u00f3t\u00e1rsa lett gr. Teleki J\u00e1nosnak. Kv.-on a ref. koll. tanult (1713. nov. 12.- 1720. j\u00fan. 1.). Holland \u00e9s n\u00e9meto.-i egyetemeken tanult (1720\u201326), patr\u00f3nusa gr. Teleki P\u00e1l \u00e9s sokan m\u00e1sok seg\u00edts\u00e9g\u00e9vel. Majd D\u00e9sen telepedett le \u00e9s m\u0171k\u00f6d\u00f6tt orvosk\u00e9nt. \u2013 <strong>F. m.:<\/strong> Theses medicae, quas pro specimine inaugurali \u2026examini submittit (Trajecti ad Rhenum, 1758). <br \/><strong>Irod.:<\/strong> Halotti besz\u00e9dek; Pataki<\/br><\/p>\n","protected":false},"excerpt":{"rendered":"<p>Torock\u00f3szentgy\u00f6rgy, 1692. jan. 1., \u2020 1766. okt. 8.:orvos. \u2013 S. Pataky Istv\u00e1n ref. lelk\u00e9sz G\u00f6rg\u00e9nyszentimr\u00e9n \u00e9s B\u00f6sz\u00f6rm\u00e9nyi Nagy Katalin fia. 13 \u00e9ves, amikor apja meghalt, testv\u00e9re S. Pataky Istv\u00e1n folytatta tev\u00e9kenys\u00e9g\u00e9t, lelk\u00e9sz lett G\u00f6rg\u00e9nyszentimr\u00e9n. Feles\u00e9ge: Verest\u00f3i Erzs\u00e9bet (\u2020 1763 k.). \u2013 A humanior\u00e1k tanul\u00e1s\u00e1t G\u00f6rg\u00e9nyszentimr\u00e9n kezdte meg. Teleki Mih\u00e1ly gr. \u00e9s Thoroczkai Kata grofn\u00e9 udvar\u00e1ba [&hellip;]<\/p>\n","protected":false},"featured_media":0,"comment_status":"open","ping_status":"closed","template":"","meta":[],"product_brand":[],"product_cat":[137],"product_tag":[],"class_list":{"0":"post-17740","1":"product","2":"type-product","3":"status-publish","5":"product_cat-maros-megyei-eletrajzi-lexikon","7":"first","8":"instock","9":"shipping-taxable","10":"product-type-simple"},"_links":{"self":[{"href":"https:\/\/uj.adatbank.ro\/lexikon\/wp-json\/wp\/v2\/product\/17740","targetHints":{"allow":["GET"]}}],"collection":[{"href":"https:\/\/uj.adatbank.ro\/lexikon\/wp-json\/wp\/v2\/product"}],"about":[{"href":"https:\/\/uj.adatbank.ro\/lexikon\/wp-json\/wp\/v2\/types\/product"}],"replies":[{"embeddable":true,"href":"https:\/\/uj.adatbank.ro\/lexikon\/wp-json\/wp\/v2\/comments?post=17740"}],"wp:attachment":[{"href":"https:\/\/uj.adatbank.ro\/lexikon\/wp-json\/wp\/v2\/media?parent=17740"}],"wp:term":[{"taxonomy":"product_brand","embeddable":true,"href":"https:\/\/uj.adatbank.ro\/lexikon\/wp-json\/wp\/v2\/product_brand?post=17740"},{"taxonomy":"product_cat","embeddable":true,"href":"https:\/\/uj.adatbank.ro\/lexikon\/wp-json\/wp\/v2\/product_cat?post=17740"},{"taxonomy":"product_tag","embeddable":true,"href":"https:\/\/uj.adatbank.ro\/lexikon\/wp-json\/wp\/v2\/product_tag?post=17740"}],"curies":[{"name":"wp","href":"https:\/\/api.w.org\/{rel}","templated":true}]}}

PATAKI Sámuel, sárospataki, S. Pataky Sámuel

<p>Torockószentgyörgy, 1692. jan. 1., † 1766. okt. 8.:orvos. – S. Pataky István ref. lelkész Görgényszentimrén és Böszörményi Nagy Katalin fia. 13 éves, amikor apja meghalt, testvére S. Pataky István folytatta tevékenységét, lelkész lett Görgényszentimrén. Felesége: Verestói Erzsébet († 1763 k.). – A humaniorák tanulását Görgényszentimrén kezdte meg. Teleki Mihály gr. és Thoroczkai Kata grofné udvarába került (1707. szept. 20. –), szolgája és tanulótársa lett gr. Teleki Jánosnak. Kv.-on a ref. koll. tanult (1713. nov. 12.- 1720. jún. 1.). Holland és németo.-i egyetemeken tanult (1720–26), patrónusa gr. Teleki Pál és sokan mások segítségével. Majd Désen telepedett le és működött orvosként. – <strong>F. m.:</strong> Theses medicae, quas pro specimine inaugurali …examini submittit (Trajecti ad Rhenum, 1758). <br /><strong>Irod.:</strong> Halotti beszédek; Pataki</br></p>

<p>Torockószentgyörgy, 1692. jan. 1., † 1766. okt. 8.:orvos. – S. Pataky István ref. lelkész Görgényszentimrén és Böszörményi Nagy Katalin fia. 13 éves, amikor apja meghalt, testvére S. Pataky István folytatta tevékenységét, lelkész lett Görgényszentimrén. Felesége: Verestói Erzsébet († 1763 k.). – A humaniorák tanulását Görgényszentimrén kezdte meg. Teleki Mihály gr. és Thoroczkai Kata grofné udvarába [&hellip;]</p>
