{"id":17750,"date":"2025-07-16T10:26:36","date_gmt":"2025-07-16T08:26:36","guid":{"rendered":"https:\/\/uj.adatbank.ro\/lexikon\/termek\/pataky-miklos-sarospataki-pataky-nicolaus\/"},"modified":"2025-07-16T10:26:36","modified_gmt":"2025-07-16T08:26:36","slug":"pataky-miklos-sarospataki-pataky-nicolaus","status":"publish","type":"product","link":"https:\/\/uj.adatbank.ro\/lexikon\/termek\/pataky-miklos-sarospataki-pataky-nicolaus\/","title":{"rendered":"PATAKY Mikl\u00f3s, s\u00e1rospataki, Pataky Nicolaus"},"content":{"rendered":"<p>Mez\u0151madaras, 1823., \u2020 Mez\u0151madaras, 1876.: 1848\u201349-es szabads\u00e1gharcos, adom\u00e1nyoz\u00f3. \u2013 P. Gy\u00f6rgy \u00e9s Szab\u00f3 Zsuzsanna fia. Testv\u00e9rei: P. P\u00e1l, tan\u00e1r (1816. m\u00e1j. 10. \u2013 Sz\u00e9kelyudvarhely , 1875. m\u00e1j. 2. Mez\u0151madarason temett\u00e9k); P. Borb\u00e1ra Orb\u00e1n K\u00e1rolyn\u00e9; P. Zsuzs\u00e1nna Imreh Istv\u00e1nn\u00e9. Feles\u00e9ge: (esk\u00fcv\u0151. l852), sz\u00e9kelyudvarhelyi \u00c1gotha Anna (1835.? v. 1837.? [2 gy\u00e1szjelent\u0151, k\u00e9t sz. d\u00e1tum: 42 v. 44 \u00e9vesen halt meg] \u2013 Bp., 1879. okt. 8. Mez\u0151madarason temett\u00e9k a f\u00e9rje mell\u00e9). nevelte\u00e1nyuk: P. J\u00falianna Nagy L. Ferencn\u00e9. \u2013 Mv.-en b\u00f6lcs\u00e9sz oszt.-ban \u00e9retts\u00e9gizett, azut\u00e1n Keszthelyen mez\u0151gazd\u00e1szatot tanult (1844\u201345). R\u00e9szt vett az 1848\u201349-es szabads\u00e1gharcban. Bethlen P\u00e1l gr. gazdtisztje lett annak bethleni birtok\u00e1n. Besz\u00e9lt magyarul, n\u00e9met\u00fcl, rom\u00e1nul latinul \u00e9s cig\u00e1nyul. R\u00e9szt vett az 1867-i band\u00e9riumon. A felvil\u00e1gosod\u00e1s eszm\u00e9it vall\u00f3 feles\u00e9g\u00e9vel, a mez\u0151madarsi vagyonukat a k\u00f6z\u00f6s v\u00e9grendelkez\u00e9s\u00fckben (l876. j\u00fan. 25.), t\u00f6bb mint 33l holdat, iskola\u00e9p\u00edt\u00e9sre \u00e9s fenntart\u00e1s\u00e1ra adom\u00e1nyozt\u00e1k \u00e9s 10\u201312 \u00f6szt\u00f6nd\u00edjat biztos\u00edtottak a Mv.-i Ref. Koll.-ban. Az iskol\u00e1nak kett\u00f4j\u00fck nev\u00e9t kellett viselnie. A mez\u0151madarasi iskola elk\u00e9sz\u00fclt (1902), Pataky \u2013 \u00c1gotha Ref. N\u00e9piskol\u00e1nak nevezt\u00e9k (1908\u2013), rendszerv\u00e1ltoz\u00e1ssal elvetett\u00e9k a nev\u00e9t, majd \u00fajb\u00f3l felvette az alap\u00edt\u00f3k nev\u00e9t (2000\u2013).Udvarh\u00e1zukat lebontott\u00e1k (1935) \u00e9s hasznos\u00edtott\u00e1k az iskola\u00e9p\u00edt\u00e9sn\u00e9l.<br \/><strong>Irod.:<\/strong> Balogh Katalin: Meg\u00fajult a Pataky \u2013 \u00c1gotha \u00c1ltal\u00e1nos Iskola (V\u00e1s\u00e1rhelyi H\u00edrlap, 2009. j\u00fan. 16.); Gy\u00e1szjelent\u0151; Koron\u00e1z\u00e1si eml\u00e9kk\u00f6nyv (Bp., 1874); Mez\u0151madaras; Sepsisz\u00e9k; Szab\u00f3 Mikl\u00f3s 2005<\/br><\/p>\n","protected":false},"excerpt":{"rendered":"<p>Mez\u0151madaras, 1823., \u2020 Mez\u0151madaras, 1876.: 1848\u201349-es szabads\u00e1gharcos, adom\u00e1nyoz\u00f3. \u2013 P. Gy\u00f6rgy \u00e9s Szab\u00f3 Zsuzsanna fia. Testv\u00e9rei: P. P\u00e1l, tan\u00e1r (1816. m\u00e1j. 10. \u2013 Sz\u00e9kelyudvarhely , 1875. m\u00e1j. 2. Mez\u0151madarason temett\u00e9k); P. Borb\u00e1ra Orb\u00e1n K\u00e1rolyn\u00e9; P. Zsuzs\u00e1nna Imreh Istv\u00e1nn\u00e9. Feles\u00e9ge: (esk\u00fcv\u0151. l852), sz\u00e9kelyudvarhelyi \u00c1gotha Anna (1835.? v. 1837.? [2 gy\u00e1szjelent\u0151, k\u00e9t sz. d\u00e1tum: 42 v. 44 [&hellip;]<\/p>\n","protected":false},"featured_media":0,"comment_status":"open","ping_status":"closed","template":"","meta":[],"product_brand":[],"product_cat":[137],"product_tag":[],"class_list":{"0":"post-17750","1":"product","2":"type-product","3":"status-publish","5":"product_cat-maros-megyei-eletrajzi-lexikon","7":"first","8":"instock","9":"shipping-taxable","10":"product-type-simple"},"_links":{"self":[{"href":"https:\/\/uj.adatbank.ro\/lexikon\/wp-json\/wp\/v2\/product\/17750","targetHints":{"allow":["GET"]}}],"collection":[{"href":"https:\/\/uj.adatbank.ro\/lexikon\/wp-json\/wp\/v2\/product"}],"about":[{"href":"https:\/\/uj.adatbank.ro\/lexikon\/wp-json\/wp\/v2\/types\/product"}],"replies":[{"embeddable":true,"href":"https:\/\/uj.adatbank.ro\/lexikon\/wp-json\/wp\/v2\/comments?post=17750"}],"wp:attachment":[{"href":"https:\/\/uj.adatbank.ro\/lexikon\/wp-json\/wp\/v2\/media?parent=17750"}],"wp:term":[{"taxonomy":"product_brand","embeddable":true,"href":"https:\/\/uj.adatbank.ro\/lexikon\/wp-json\/wp\/v2\/product_brand?post=17750"},{"taxonomy":"product_cat","embeddable":true,"href":"https:\/\/uj.adatbank.ro\/lexikon\/wp-json\/wp\/v2\/product_cat?post=17750"},{"taxonomy":"product_tag","embeddable":true,"href":"https:\/\/uj.adatbank.ro\/lexikon\/wp-json\/wp\/v2\/product_tag?post=17750"}],"curies":[{"name":"wp","href":"https:\/\/api.w.org\/{rel}","templated":true}]}}

PATAKY Miklós, sárospataki, Pataky Nicolaus

<p>Mezőmadaras, 1823., † Mezőmadaras, 1876.: 1848–49-es szabadságharcos, adományozó. – P. György és Szabó Zsuzsanna fia. Testvérei: P. Pál, tanár (1816. máj. 10. – Székelyudvarhely , 1875. máj. 2. Mezőmadarason temették); P. Borbára Orbán Károlyné; P. Zsuzsánna Imreh Istvánné. Felesége: (esküvő. l852), székelyudvarhelyi Ágotha Anna (1835.? v. 1837.? [2 gyászjelentő, két sz. dátum: 42 v. 44 évesen halt meg] – Bp., 1879. okt. 8. Mezőmadarason temették a férje mellé). nevelteányuk: P. Júlianna Nagy L. Ferencné. – Mv.-en bölcsész oszt.-ban érettségizett, azután Keszthelyen mezőgazdászatot tanult (1844–45). Részt vett az 1848–49-es szabadságharcban. Bethlen Pál gr. gazdtisztje lett annak bethleni birtokán. Beszélt magyarul, németül, románul latinul és cigányul. Részt vett az 1867-i bandériumon. A felvilágosodás eszméit valló feleségével, a mezőmadarsi vagyonukat a közös végrendelkezésükben (l876. jún. 25.), több mint 33l holdat, iskolaépítésre és fenntartására adományozták és 10–12 ösztöndíjat biztosítottak a Mv.-i Ref. Koll.-ban. Az iskolának kettôjük nevét kellett viselnie. A mezőmadarasi iskola elkészült (1902), Pataky – Ágotha Ref. Népiskolának nevezték (1908–), rendszerváltozással elvetették a nevét, majd újból felvette az alapítók nevét (2000–).Udvarházukat lebontották (1935) és hasznosították az iskolaépítésnél.<br /><strong>Irod.:</strong> Balogh Katalin: Megújult a Pataky – Ágotha Általános Iskola (Vásárhelyi Hírlap, 2009. jún. 16.); Gyászjelentő; Koronázási emlékkönyv (Bp., 1874); Mezőmadaras; Sepsiszék; Szabó Miklós 2005</br></p>

<p>Mezőmadaras, 1823., † Mezőmadaras, 1876.: 1848–49-es szabadságharcos, adományozó. – P. György és Szabó Zsuzsanna fia. Testvérei: P. Pál, tanár (1816. máj. 10. – Székelyudvarhely , 1875. máj. 2. Mezőmadarason temették); P. Borbára Orbán Károlyné; P. Zsuzsánna Imreh Istvánné. Felesége: (esküvő. l852), székelyudvarhelyi Ágotha Anna (1835.? v. 1837.? [2 gyászjelentő, két sz. dátum: 42 v. 44 [&hellip;]</p>
