{"id":17755,"date":"2025-07-16T10:26:46","date_gmt":"2025-07-16T08:26:46","guid":{"rendered":"https:\/\/uj.adatbank.ro\/lexikon\/termek\/patay-istvan\/"},"modified":"2025-07-16T10:26:46","modified_gmt":"2025-07-16T08:26:46","slug":"patay-istvan","status":"publish","type":"product","link":"https:\/\/uj.adatbank.ro\/lexikon\/termek\/patay-istvan\/","title":{"rendered":"PATAY Istv\u00e1n"},"content":{"rendered":"<p>? \u2020 ?: t\u00f6rv\u00e9nysz\u00e9ki b\u00edr\u00f3. \u2013 A Mv.-i Kaszin\u00f3 h\u00e1znagya (\u20131920). <br \/><strong>Irod.:<\/strong> Bi\u00e1s Istv\u00e1n.<\/br><\/p>\n","protected":false},"excerpt":{"rendered":"<p>? \u2020 ?: t\u00f6rv\u00e9nysz\u00e9ki b\u00edr\u00f3. \u2013 A Mv.-i Kaszin\u00f3 h\u00e1znagya (\u20131920). Irod.: Bi\u00e1s Istv\u00e1n.<\/p>\n","protected":false},"featured_media":0,"comment_status":"open","ping_status":"closed","template":"","meta":[],"product_brand":[],"product_cat":[137],"product_tag":[],"class_list":{"0":"post-17755","1":"product","2":"type-product","3":"status-publish","5":"product_cat-maros-megyei-eletrajzi-lexikon","7":"first","8":"instock","9":"shipping-taxable","10":"product-type-simple"},"_links":{"self":[{"href":"https:\/\/uj.adatbank.ro\/lexikon\/wp-json\/wp\/v2\/product\/17755","targetHints":{"allow":["GET"]}}],"collection":[{"href":"https:\/\/uj.adatbank.ro\/lexikon\/wp-json\/wp\/v2\/product"}],"about":[{"href":"https:\/\/uj.adatbank.ro\/lexikon\/wp-json\/wp\/v2\/types\/product"}],"replies":[{"embeddable":true,"href":"https:\/\/uj.adatbank.ro\/lexikon\/wp-json\/wp\/v2\/comments?post=17755"}],"wp:attachment":[{"href":"https:\/\/uj.adatbank.ro\/lexikon\/wp-json\/wp\/v2\/media?parent=17755"}],"wp:term":[{"taxonomy":"product_brand","embeddable":true,"href":"https:\/\/uj.adatbank.ro\/lexikon\/wp-json\/wp\/v2\/product_brand?post=17755"},{"taxonomy":"product_cat","embeddable":true,"href":"https:\/\/uj.adatbank.ro\/lexikon\/wp-json\/wp\/v2\/product_cat?post=17755"},{"taxonomy":"product_tag","embeddable":true,"href":"https:\/\/uj.adatbank.ro\/lexikon\/wp-json\/wp\/v2\/product_tag?post=17755"}],"curies":[{"name":"wp","href":"https:\/\/api.w.org\/{rel}","templated":true}]}}