{"id":17757,"date":"2025-07-16T10:26:50","date_gmt":"2025-07-16T08:26:50","guid":{"rendered":"https:\/\/uj.adatbank.ro\/lexikon\/termek\/patek-edene-vulkan-hajnalka-melitta\/"},"modified":"2025-07-16T10:26:50","modified_gmt":"2025-07-16T08:26:50","slug":"patek-edene-vulkan-hajnalka-melitta","status":"publish","type":"product","link":"https:\/\/uj.adatbank.ro\/lexikon\/termek\/patek-edene-vulkan-hajnalka-melitta\/","title":{"rendered":"PATEK Ed\u00e9n\u00e9, Vulk\u00e1n Hajnalka Melitta"},"content":{"rendered":"<p>Nagyszeben, 1923. febr. 10., \u2020\u00a0?: tan\u00edt\u00f3n\u0151. \u2013 \u00c9retts\u00e9gizett Nagyszebenben (1940); a mv.-i Fels\u0151kereskedelmi Iskola hallgat\u00f3ja (1940\u201343); a kv.-i \u00c1ll. Tan\u00edt\u00f3k\u00e9pz\u0151ben szerzett diplom\u00e1t (1944). Tan\u00edtott G\u00f6rg\u00e9nyhod\u00e1kon (1940\u201344); Erd\u0151szentgy\u00f6rgy\u00f6n (1944\u201349); Ny\u00e1r\u00e1dmagyar\u00f3son (1949\u201357); Ny\u00e1r\u00e1dszentann\u00e1n (1958\u201362); Mv.-en a 8. sz \u00c1lt. Iskol\u00e1ban (1962\u201378). <br \/><strong>Irod.:<\/strong> KKACs<\/br><\/p>\n","protected":false},"excerpt":{"rendered":"<p>Nagyszeben, 1923. febr. 10., \u2020\u00a0?: tan\u00edt\u00f3n\u0151. \u2013 \u00c9retts\u00e9gizett Nagyszebenben (1940); a mv.-i Fels\u0151kereskedelmi Iskola hallgat\u00f3ja (1940\u201343); a kv.-i \u00c1ll. Tan\u00edt\u00f3k\u00e9pz\u0151ben szerzett diplom\u00e1t (1944). Tan\u00edtott G\u00f6rg\u00e9nyhod\u00e1kon (1940\u201344); Erd\u0151szentgy\u00f6rgy\u00f6n (1944\u201349); Ny\u00e1r\u00e1dmagyar\u00f3son (1949\u201357); Ny\u00e1r\u00e1dszentann\u00e1n (1958\u201362); Mv.-en a 8. sz \u00c1lt. Iskol\u00e1ban (1962\u201378). Irod.: KKACs<\/p>\n","protected":false},"featured_media":0,"comment_status":"open","ping_status":"closed","template":"","meta":[],"product_brand":[],"product_cat":[137],"product_tag":[],"class_list":{"0":"post-17757","1":"product","2":"type-product","3":"status-publish","5":"product_cat-maros-megyei-eletrajzi-lexikon","7":"first","8":"instock","9":"shipping-taxable","10":"product-type-simple"},"_links":{"self":[{"href":"https:\/\/uj.adatbank.ro\/lexikon\/wp-json\/wp\/v2\/product\/17757","targetHints":{"allow":["GET"]}}],"collection":[{"href":"https:\/\/uj.adatbank.ro\/lexikon\/wp-json\/wp\/v2\/product"}],"about":[{"href":"https:\/\/uj.adatbank.ro\/lexikon\/wp-json\/wp\/v2\/types\/product"}],"replies":[{"embeddable":true,"href":"https:\/\/uj.adatbank.ro\/lexikon\/wp-json\/wp\/v2\/comments?post=17757"}],"wp:attachment":[{"href":"https:\/\/uj.adatbank.ro\/lexikon\/wp-json\/wp\/v2\/media?parent=17757"}],"wp:term":[{"taxonomy":"product_brand","embeddable":true,"href":"https:\/\/uj.adatbank.ro\/lexikon\/wp-json\/wp\/v2\/product_brand?post=17757"},{"taxonomy":"product_cat","embeddable":true,"href":"https:\/\/uj.adatbank.ro\/lexikon\/wp-json\/wp\/v2\/product_cat?post=17757"},{"taxonomy":"product_tag","embeddable":true,"href":"https:\/\/uj.adatbank.ro\/lexikon\/wp-json\/wp\/v2\/product_tag?post=17757"}],"curies":[{"name":"wp","href":"https:\/\/api.w.org\/{rel}","templated":true}]}}

PATEK Edéné, Vulkán Hajnalka Melitta

<p>Nagyszeben, 1923. febr. 10., † ?: tanítónő. – Érettségizett Nagyszebenben (1940); a mv.-i Felsőkereskedelmi Iskola hallgatója (1940–43); a kv.-i Áll. Tanítóképzőben szerzett diplomát (1944). Tanított Görgényhodákon (1940–44); Erdőszentgyörgyön (1944–49); Nyárádmagyaróson (1949–57); Nyárádszentannán (1958–62); Mv.-en a 8. sz Ált. Iskolában (1962–78). <br /><strong>Irod.:</strong> KKACs</br></p>

<p>Nagyszeben, 1923. febr. 10., † ?: tanítónő. – Érettségizett Nagyszebenben (1940); a mv.-i Felsőkereskedelmi Iskola hallgatója (1940–43); a kv.-i Áll. Tanítóképzőben szerzett diplomát (1944). Tanított Görgényhodákon (1940–44); Erdőszentgyörgyön (1944–49); Nyárádmagyaróson (1949–57); Nyárádszentannán (1958–62); Mv.-en a 8. sz Ált. Iskolában (1962–78). Irod.: KKACs</p>
