{"id":17759,"date":"2025-07-16T10:26:56","date_gmt":"2025-07-16T08:26:56","guid":{"rendered":"https:\/\/uj.adatbank.ro\/lexikon\/termek\/pater-erno\/"},"modified":"2025-07-16T10:26:56","modified_gmt":"2025-07-16T08:26:56","slug":"pater-erno","status":"publish","type":"product","link":"https:\/\/uj.adatbank.ro\/lexikon\/termek\/pater-erno\/","title":{"rendered":"P\u00c1TER Ern\u0151"},"content":{"rendered":"<p>L\u0151cse, 1892. dec. 23., \u2020\u00a0Mv., 1970. jan. 8.: erd\u0151m\u00e9rn\u00f6k. \u2013 Sz\u00fcl\u0151v\u00e1ros\u00e1ban \u00e9retts\u00e9gizett (1910). Erd\u0151m\u00e9rn\u00f6ki F\u0151iskol\u00e1t v\u00e9gzett Selmecb\u00e1ny\u00e1n (1910\u20131914).Erd\u0151m\u00e9rn\u00f6ki gyakornok a t\u00f3ts\u00f3v\u00e1ri magyar kir\u00e1lyi Erd\u0151hivataln\u00e1l. A F\u00f6ldm\u0171vel\u00e9si Miniszt\u00e9rium a kv.-i Erd\u0151igazgat\u00f3s\u00e1ghoz helyezte, kinevezt\u00e9k a G\u00f6rg\u00e9nyv\u00f6lgyi Erdei Vas\u00fath\u00e1l\u00f3zat \u00fczemvezet\u0151j\u00e9nek (1916\u20131919), majd a G\u00f6demesterh\u00e1za Uradalmi \u00e9s Grassal Gy\u00f6rgy Erd\u0151ipar R.T.palotailvai \u00fczem\u00e9n\u00e9l a m\u0171szaki munk\u00e1k vezet\u0151je lett.25 \u00e9vig. \u00c9venk\u00e9nt 60.000 k\u00f6bm\u00e9ter g\u00f6mbfa kitermel\u00e9s\u00e9t 80 km. hossz\u00fa h\u00e1l\u00f3zat terv\u00e9t \u00e9s meg\u00e9p\u00edt\u00e9s\u00e9t vezette.A mv.-i Fakitermel\u00e9si Tr\u00f6szt beruh\u00e1z\u00e1si oszt\u00e1ly\u00e1t ir\u00e1ny\u00edtotta, Szov\u00e1t\u00e1n is erdei vasutat \u00e9s g\u00e9pkocsiutakat tervezett \u00e9s \u00e9p\u00edtetett. Szakcikkeit k\u00f6z\u00f6lt\u00e9k az Erd\u00e9szeti Lapok, t\u00e1rsszerz\u0151je az Erd\u00e9szeti zsebk\u00f6nyvnek Alaptalan v\u00e1dakkal el\u00edt\u00e9lt\u00e9k.<\/br><\/p>\n","protected":false},"excerpt":{"rendered":"<p>L\u0151cse, 1892. dec. 23., \u2020\u00a0Mv., 1970. jan. 8.: erd\u0151m\u00e9rn\u00f6k. \u2013 Sz\u00fcl\u0151v\u00e1ros\u00e1ban \u00e9retts\u00e9gizett (1910). Erd\u0151m\u00e9rn\u00f6ki F\u0151iskol\u00e1t v\u00e9gzett Selmecb\u00e1ny\u00e1n (1910\u20131914).Erd\u0151m\u00e9rn\u00f6ki gyakornok a t\u00f3ts\u00f3v\u00e1ri magyar kir\u00e1lyi Erd\u0151hivataln\u00e1l. A F\u00f6ldm\u0171vel\u00e9si Miniszt\u00e9rium a kv.-i Erd\u0151igazgat\u00f3s\u00e1ghoz helyezte, kinevezt\u00e9k a G\u00f6rg\u00e9nyv\u00f6lgyi Erdei Vas\u00fath\u00e1l\u00f3zat \u00fczemvezet\u0151j\u00e9nek (1916\u20131919), majd a G\u00f6demesterh\u00e1za Uradalmi \u00e9s Grassal Gy\u00f6rgy Erd\u0151ipar R.T.palotailvai \u00fczem\u00e9n\u00e9l a m\u0171szaki munk\u00e1k vezet\u0151je lett.25 \u00e9vig. \u00c9venk\u00e9nt [&hellip;]<\/p>\n","protected":false},"featured_media":0,"comment_status":"open","ping_status":"closed","template":"","meta":[],"product_brand":[],"product_cat":[137],"product_tag":[],"class_list":{"0":"post-17759","1":"product","2":"type-product","3":"status-publish","5":"product_cat-maros-megyei-eletrajzi-lexikon","7":"first","8":"instock","9":"shipping-taxable","10":"product-type-simple"},"_links":{"self":[{"href":"https:\/\/uj.adatbank.ro\/lexikon\/wp-json\/wp\/v2\/product\/17759","targetHints":{"allow":["GET"]}}],"collection":[{"href":"https:\/\/uj.adatbank.ro\/lexikon\/wp-json\/wp\/v2\/product"}],"about":[{"href":"https:\/\/uj.adatbank.ro\/lexikon\/wp-json\/wp\/v2\/types\/product"}],"replies":[{"embeddable":true,"href":"https:\/\/uj.adatbank.ro\/lexikon\/wp-json\/wp\/v2\/comments?post=17759"}],"wp:attachment":[{"href":"https:\/\/uj.adatbank.ro\/lexikon\/wp-json\/wp\/v2\/media?parent=17759"}],"wp:term":[{"taxonomy":"product_brand","embeddable":true,"href":"https:\/\/uj.adatbank.ro\/lexikon\/wp-json\/wp\/v2\/product_brand?post=17759"},{"taxonomy":"product_cat","embeddable":true,"href":"https:\/\/uj.adatbank.ro\/lexikon\/wp-json\/wp\/v2\/product_cat?post=17759"},{"taxonomy":"product_tag","embeddable":true,"href":"https:\/\/uj.adatbank.ro\/lexikon\/wp-json\/wp\/v2\/product_tag?post=17759"}],"curies":[{"name":"wp","href":"https:\/\/api.w.org\/{rel}","templated":true}]}}

PÁTER Ernő

<p>Lőcse, 1892. dec. 23., † Mv., 1970. jan. 8.: erdőmérnök. – Szülővárosában érettségizett (1910). Erdőmérnöki Főiskolát végzett Selmecbányán (1910–1914).Erdőmérnöki gyakornok a tótsóvári magyar királyi Erdőhivatalnál. A Földművelési Minisztérium a kv.-i Erdőigazgatósághoz helyezte, kinevezték a Görgényvölgyi Erdei Vasúthálózat üzemvezetőjének (1916–1919), majd a Gödemesterháza Uradalmi és Grassal György Erdőipar R.T.palotailvai üzeménél a műszaki munkák vezetője lett.25 évig. Évenként 60.000 köbméter gömbfa kitermelését 80 km. hosszú hálózat tervét és megépítését vezette.A mv.-i Fakitermelési Tröszt beruházási osztályát irányította, Szovátán is erdei vasutat és gépkocsiutakat tervezett és építetett. Szakcikkeit közölték az Erdészeti Lapok, társszerzője az Erdészeti zsebkönyvnek Alaptalan vádakkal elítélték.</br></p>

<p>Lőcse, 1892. dec. 23., † Mv., 1970. jan. 8.: erdőmérnök. – Szülővárosában érettségizett (1910). Erdőmérnöki Főiskolát végzett Selmecbányán (1910–1914).Erdőmérnöki gyakornok a tótsóvári magyar királyi Erdőhivatalnál. A Földművelési Minisztérium a kv.-i Erdőigazgatósághoz helyezte, kinevezték a Görgényvölgyi Erdei Vasúthálózat üzemvezetőjének (1916–1919), majd a Gödemesterháza Uradalmi és Grassal György Erdőipar R.T.palotailvai üzeménél a műszaki munkák vezetője lett.25 évig. Évenként [&hellip;]</p>
