{"id":1776,"date":"2025-06-28T11:52:49","date_gmt":"2025-06-28T09:52:49","guid":{"rendered":"https:\/\/uj.adatbank.ro\/lexikon\/termek\/almasan-traian\/"},"modified":"2025-06-28T11:52:49","modified_gmt":"2025-06-28T09:52:49","slug":"almasan-traian","status":"publish","type":"product","link":"https:\/\/uj.adatbank.ro\/lexikon\/termek\/almasan-traian\/","title":{"rendered":"ALM\u0102\u015eAN Traian"},"content":{"rendered":"<p>Segesv\u00e1r, 1921. okt. 6., \u2020 Somostelke, 1944. szept. 20.: \u00f6rsvezet\u0151. \u2013 Katonai szolg\u00e1lata teljes\u00edt\u00e9se k\u00f6zben halt h\u0151si hal\u00e1lt. A II. vh.-ban szakaszvezet\u0151 a Rom\u00e1nia \u00e9-ny.-i fel\u00e9ben foly\u00f3 harcokban. A 9. hadoszt\u00e1ly 132. sz\u00e1zad\u00e1val r\u00e9szt vett a marosorb\u00f3i s\u00falyos harcokban, ahol elesett, 24 t\u00e1rs\u00e1val egy\u00fctt temett\u00e9k el Mikefalv\u00e1n. <br \/><strong>Irod.:<\/strong> MMK; Suciu<\/br><\/p>\n","protected":false},"excerpt":{"rendered":"<p>Segesv\u00e1r, 1921. okt. 6., \u2020 Somostelke, 1944. szept. 20.: \u00f6rsvezet\u0151. \u2013 Katonai szolg\u00e1lata teljes\u00edt\u00e9se k\u00f6zben halt h\u0151si hal\u00e1lt. A II. vh.-ban szakaszvezet\u0151 a Rom\u00e1nia \u00e9-ny.-i fel\u00e9ben foly\u00f3 harcokban. A 9. hadoszt\u00e1ly 132. sz\u00e1zad\u00e1val r\u00e9szt vett a marosorb\u00f3i s\u00falyos harcokban, ahol elesett, 24 t\u00e1rs\u00e1val egy\u00fctt temett\u00e9k el Mikefalv\u00e1n. Irod.: MMK; Suciu<\/p>\n","protected":false},"featured_media":0,"comment_status":"open","ping_status":"closed","template":"","meta":[],"product_brand":[],"product_cat":[137],"product_tag":[],"class_list":{"0":"post-1776","1":"product","2":"type-product","3":"status-publish","5":"product_cat-maros-megyei-eletrajzi-lexikon","7":"first","8":"instock","9":"shipping-taxable","10":"product-type-simple"},"_links":{"self":[{"href":"https:\/\/uj.adatbank.ro\/lexikon\/wp-json\/wp\/v2\/product\/1776","targetHints":{"allow":["GET"]}}],"collection":[{"href":"https:\/\/uj.adatbank.ro\/lexikon\/wp-json\/wp\/v2\/product"}],"about":[{"href":"https:\/\/uj.adatbank.ro\/lexikon\/wp-json\/wp\/v2\/types\/product"}],"replies":[{"embeddable":true,"href":"https:\/\/uj.adatbank.ro\/lexikon\/wp-json\/wp\/v2\/comments?post=1776"}],"wp:attachment":[{"href":"https:\/\/uj.adatbank.ro\/lexikon\/wp-json\/wp\/v2\/media?parent=1776"}],"wp:term":[{"taxonomy":"product_brand","embeddable":true,"href":"https:\/\/uj.adatbank.ro\/lexikon\/wp-json\/wp\/v2\/product_brand?post=1776"},{"taxonomy":"product_cat","embeddable":true,"href":"https:\/\/uj.adatbank.ro\/lexikon\/wp-json\/wp\/v2\/product_cat?post=1776"},{"taxonomy":"product_tag","embeddable":true,"href":"https:\/\/uj.adatbank.ro\/lexikon\/wp-json\/wp\/v2\/product_tag?post=1776"}],"curies":[{"name":"wp","href":"https:\/\/api.w.org\/{rel}","templated":true}]}}

ALMĂŞAN Traian

<p>Segesvár, 1921. okt. 6., † Somostelke, 1944. szept. 20.: örsvezető. – Katonai szolgálata teljesítése közben halt hősi halált. A II. vh.-ban szakaszvezető a Románia é-ny.-i felében folyó harcokban. A 9. hadosztály 132. századával részt vett a marosorbói súlyos harcokban, ahol elesett, 24 társával együtt temették el Mikefalván. <br /><strong>Irod.:</strong> MMK; Suciu</br></p>

<p>Segesvár, 1921. okt. 6., † Somostelke, 1944. szept. 20.: örsvezető. – Katonai szolgálata teljesítése közben halt hősi halált. A II. vh.-ban szakaszvezető a Románia é-ny.-i felében folyó harcokban. A 9. hadosztály 132. századával részt vett a marosorbói súlyos harcokban, ahol elesett, 24 társával együtt temették el Mikefalván. Irod.: MMK; Suciu</p>
