{"id":17761,"date":"2025-07-16T10:26:59","date_gmt":"2025-07-16T08:26:59","guid":{"rendered":"https:\/\/uj.adatbank.ro\/lexikon\/termek\/pater-zoltan\/"},"modified":"2025-07-16T10:26:59","modified_gmt":"2025-07-16T08:26:59","slug":"pater-zoltan","status":"publish","type":"product","link":"https:\/\/uj.adatbank.ro\/lexikon\/termek\/pater-zoltan\/","title":{"rendered":"P\u00c1TER Zolt\u00e1n"},"content":{"rendered":"<p>Mv., 1929. dec. 17., \u2020\u00a02013. dec. 19\u00a0: tan\u00e1r. \u2013 Apja, P\u00e1ter Ern\u0151 (1892\u20131970), erd\u0151m\u00e9rn\u00f6k.Elemi iskol\u00e1it Palotailv\u00e1n v\u00e9gezte, a gimn\u00e1zium als\u00f3bb oszt\u00e1lyait a sz\u00e1szr\u00e9geni Evang\u00e9likus Gimn.-ban, majd a h\u00e1bor\u00fa alatt Nagyk\u0151r\u00f6s\u00f6n, Bp.-en \u00e9s Szentgoth\u00e1rdon folytatta \u00e9s a 3. gimn. oszt\u00e1lyt\u00f3l a mv.-i Ref. Koll.-ban fejezte be, 1948-ban \u00e9retts\u00e9gizett. A kv.-i BTE.-en szerzett mat-fizika szakos tan\u00e1ri oklevelet (1948\u20131951). Tan\u00e1rseg\u00e9dk\u00e9nt kezdte p\u00e1ly\u00e1j\u00e1t a kv.-i BTE-en (1951\u201352). Apj\u00e1t politikai okokb\u00f3l el\u00edt\u00e9lt\u00e9k \u00e9s \u0151t elt\u00e1vol\u00edtott\u00e1k az egyetemr\u0151l. Kv.-on vaseszterg\u00e1lyos (1953. jan. 1.\u20131955. szept. 15.).A bar\u00f3ti magyar tannyelv\u0171 k\u00f6z\u00e9piskol\u00e1ban tan\u00edtott (1955. szept. 15\u20131961. szept. 1.). Sepsiszentgy\u00f6rgy\u00f6n a 2.sz. L\u00edc.-ban (1961. szept. 1\u20131966. szept. 1.) A buk.-i TE-en doktor\u00e1ndus (1961\u20131969).F\u00fcgv\u00e9nyalgebr\u00e1k c. doktori \u00e9rtekez\u00e9s\u00e9vel v\u00e9gzett, t\u00e9mavezet\u0151je Grigore Moisil prof. A mv.-i Pedag\u00f3giai F\u00f6iskola adjunktusa, annak f\u00f6lsz\u00e1mol\u00e1s\u00e1ig (1970\u201378). K\u00e9t k\u00e9nyszer\u0171 megszak\u00edt\u00e1ssal k\u00f6z\u00e9piskolai tan\u00e1r (1978\u20131990. jan. 1.) nyugd\u00edjaz\u00e1s\u00e1ig.\u00a0A Bolyai Farkas Lic.-ban (7\u00e9vet); a Papiu Ilarian L\u00edc. (2 \u00e9vet) tan\u00edtott, a mv.-i \u00d6kom\u00e9nikus K\u00e1ntor- \u00e9s Tan\u00edt\u00f3k\u00e9pz\u0151 F\u00f6iskola tan\u00e1ra (1990\u201394). Munk\u00e1ss\u00e1ga a f\u00fcggv\u00e9nyalgebr\u00e1k t\u00e9mak\u00f6r\u00e9t \u00f6leli fel. Cikkei \u00e9s tanulm\u00e1nyai hazai \u00e9s n\u00e9meto.-i szakfoly\u00f3iratokban: Buletine Math\u00e9matique de la Soci\u00e9t\u00e9 des Sciences Math\u00e1matique, Gazeta Matematic\u0103 \u015fi Fizic\u0103, Matematikai Lapok, Revue Roumain de Math\u00e9matique; Studii \u015fi Cercet\u0103ri de Matematic\u0103, Mitteleilungen der Mathematische Gesellschaft der D.D.R, a Simposionul de Matematici \u015fi Aplica\u0163ii c k\u00f6tetben jelentek meg. Didaktikai jelleg\u0171 munk\u00e1it a Matematikai Lapok, Mathematica (Cluj, nr. 2., 1988), tudom\u00e1nyn\u00e9pszer\u0171s\u00edt\u0151 cikkeit A H\u00e9t \u00e9s a M\u0171vel\u0151d\u00e9s, N\u00e9p\u00fajs\u00e1g: M\u00fazsa, k\u00f6z\u00f6lte. Ol\u00e1h-G\u00e1l R\u00f3berttel k\u00f6z\u00f6s dolgozatuk: Eg\u00e9sz egy\u00fctthat\u00f3 polinomok irreduktibilis t\u00e9nyez\u0151kre val\u00f3 bont\u00e1sa (M\u0171szaki Szemle); Sz\u00e9kely J\u00e1nos \u00e9s a matematika; A csal\u00e1dom \u00e9s Riesz Frigyes \u2013 <strong>F. m.:<\/strong> A matematikai logika alapjai (Kv., 1978). <br \/><strong>Irod.:<\/strong> KKACs; K\u00fclf\u00f6ldi; Madaras; Magy.kutat\u00f3k; Ol\u00e1h-G\u00e1l R\u00f3bert: P\u00e1ter Zolt\u00e1n matematikus eml\u00e9k\u00e9re (Miercurea-Ciuc Cs\u00edkszereda, 2021); MIL; RMKK; Todea\u2013F\u00fcl\u00f6p\u2013Avram; Viharban<\/br><\/p>\n","protected":false},"excerpt":{"rendered":"<p>Mv., 1929. dec. 17., \u2020\u00a02013. dec. 19\u00a0: tan\u00e1r. \u2013 Apja, P\u00e1ter Ern\u0151 (1892\u20131970), erd\u0151m\u00e9rn\u00f6k.Elemi iskol\u00e1it Palotailv\u00e1n v\u00e9gezte, a gimn\u00e1zium als\u00f3bb oszt\u00e1lyait a sz\u00e1szr\u00e9geni Evang\u00e9likus Gimn.-ban, majd a h\u00e1bor\u00fa alatt Nagyk\u0151r\u00f6s\u00f6n, Bp.-en \u00e9s Szentgoth\u00e1rdon folytatta \u00e9s a 3. gimn. oszt\u00e1lyt\u00f3l a mv.-i Ref. Koll.-ban fejezte be, 1948-ban \u00e9retts\u00e9gizett. A kv.-i BTE.-en szerzett mat-fizika szakos tan\u00e1ri oklevelet [&hellip;]<\/p>\n","protected":false},"featured_media":0,"comment_status":"open","ping_status":"closed","template":"","meta":[],"product_brand":[],"product_cat":[137],"product_tag":[],"class_list":{"0":"post-17761","1":"product","2":"type-product","3":"status-publish","5":"product_cat-maros-megyei-eletrajzi-lexikon","7":"first","8":"instock","9":"shipping-taxable","10":"product-type-simple"},"_links":{"self":[{"href":"https:\/\/uj.adatbank.ro\/lexikon\/wp-json\/wp\/v2\/product\/17761","targetHints":{"allow":["GET"]}}],"collection":[{"href":"https:\/\/uj.adatbank.ro\/lexikon\/wp-json\/wp\/v2\/product"}],"about":[{"href":"https:\/\/uj.adatbank.ro\/lexikon\/wp-json\/wp\/v2\/types\/product"}],"replies":[{"embeddable":true,"href":"https:\/\/uj.adatbank.ro\/lexikon\/wp-json\/wp\/v2\/comments?post=17761"}],"wp:attachment":[{"href":"https:\/\/uj.adatbank.ro\/lexikon\/wp-json\/wp\/v2\/media?parent=17761"}],"wp:term":[{"taxonomy":"product_brand","embeddable":true,"href":"https:\/\/uj.adatbank.ro\/lexikon\/wp-json\/wp\/v2\/product_brand?post=17761"},{"taxonomy":"product_cat","embeddable":true,"href":"https:\/\/uj.adatbank.ro\/lexikon\/wp-json\/wp\/v2\/product_cat?post=17761"},{"taxonomy":"product_tag","embeddable":true,"href":"https:\/\/uj.adatbank.ro\/lexikon\/wp-json\/wp\/v2\/product_tag?post=17761"}],"curies":[{"name":"wp","href":"https:\/\/api.w.org\/{rel}","templated":true}]}}

PÁTER Zoltán

<p>Mv., 1929. dec. 17., † 2013. dec. 19 : tanár. – Apja, Páter Ernő (1892–1970), erdőmérnök.Elemi iskoláit Palotailván végezte, a gimnázium alsóbb osztályait a szászrégeni Evangélikus Gimn.-ban, majd a háború alatt Nagykőrösön, Bp.-en és Szentgothárdon folytatta és a 3. gimn. osztálytól a mv.-i Ref. Koll.-ban fejezte be, 1948-ban érettségizett. A kv.-i BTE.-en szerzett mat-fizika szakos tanári oklevelet (1948–1951). Tanársegédként kezdte pályáját a kv.-i BTE-en (1951–52). Apját politikai okokból elítélték és őt eltávolították az egyetemről. Kv.-on vasesztergályos (1953. jan. 1.–1955. szept. 15.).A baróti magyar tannyelvű középiskolában tanított (1955. szept. 15–1961. szept. 1.). Sepsiszentgyörgyön a 2.sz. Líc.-ban (1961. szept. 1–1966. szept. 1.) A buk.-i TE-en doktorándus (1961–1969).Fügvényalgebrák c. doktori értekezésével végzett, témavezetője Grigore Moisil prof. A mv.-i Pedagógiai Föiskola adjunktusa, annak fölszámolásáig (1970–78). Két kényszerű megszakítással középiskolai tanár (1978–1990. jan. 1.) nyugdíjazásáig. A Bolyai Farkas Lic.-ban (7évet); a Papiu Ilarian Líc. (2 évet) tanított, a mv.-i Ökoménikus Kántor- és Tanítóképző Föiskola tanára (1990–94). Munkássága a függvényalgebrák témakörét öleli fel. Cikkei és tanulmányai hazai és németo.-i szakfolyóiratokban: Buletine Mathématique de la Société des Sciences Mathámatique, Gazeta Matematică şi Fizică, Matematikai Lapok, Revue Roumain de Mathématique; Studii şi Cercetări de Matematică, Mitteleilungen der Mathematische Gesellschaft der D.D.R, a Simposionul de Matematici şi Aplicaţii c kötetben jelentek meg. Didaktikai jellegű munkáit a Matematikai Lapok, Mathematica (Cluj, nr. 2., 1988), tudománynépszerűsítő cikkeit A Hét és a Művelődés, Népújság: Múzsa, közölte. Oláh-Gál Róberttel közös dolgozatuk: Egész együttható polinomok irreduktibilis tényezőkre való bontása (Műszaki Szemle); Székely János és a matematika; A családom és Riesz Frigyes – <strong>F. m.:</strong> A matematikai logika alapjai (Kv., 1978). <br /><strong>Irod.:</strong> KKACs; Külföldi; Madaras; Magy.kutatók; Oláh-Gál Róbert: Páter Zoltán matematikus emlékére (Miercurea-Ciuc Csíkszereda, 2021); MIL; RMKK; Todea–Fülöp–Avram; Viharban</br></p>

<p>Mv., 1929. dec. 17., † 2013. dec. 19 : tanár. – Apja, Páter Ernő (1892–1970), erdőmérnök.Elemi iskoláit Palotailván végezte, a gimnázium alsóbb osztályait a szászrégeni Evangélikus Gimn.-ban, majd a háború alatt Nagykőrösön, Bp.-en és Szentgothárdon folytatta és a 3. gimn. osztálytól a mv.-i Ref. Koll.-ban fejezte be, 1948-ban érettségizett. A kv.-i BTE.-en szerzett mat-fizika szakos tanári oklevelet [&hellip;]</p>
