{"id":17762,"date":"2025-07-16T10:27:02","date_gmt":"2025-07-16T08:27:02","guid":{"rendered":"https:\/\/uj.adatbank.ro\/lexikon\/termek\/pathai-janos\/"},"modified":"2025-07-16T10:27:02","modified_gmt":"2025-07-16T08:27:02","slug":"pathai-janos","status":"publish","type":"product","link":"https:\/\/uj.adatbank.ro\/lexikon\/termek\/pathai-janos\/","title":{"rendered":"PATHAI J\u00e1nos"},"content":{"rendered":"<p>1674., \u2020\u00a0?: ref. lelk\u00e9sz. \u2013 Kv.-on tanult. Leidenben (1699) \u00e9s Utrechtben (1700) peregrin\u00e1lt. Lelk\u00e9sz volt Marosbog\u00e1ton (1715\u201317), Bethlenszentmikl\u00f3son (1720\u201325), majd Sz\u00e1szv\u00e1rosban szolg\u00e1lt. <br \/><strong>Irod.:<\/strong> K\u00fck\u00fcll\u0151i Ref. Egyh\u00e1zm.1.<\/br><\/p>\n","protected":false},"excerpt":{"rendered":"<p>1674., \u2020\u00a0?: ref. lelk\u00e9sz. \u2013 Kv.-on tanult. Leidenben (1699) \u00e9s Utrechtben (1700) peregrin\u00e1lt. Lelk\u00e9sz volt Marosbog\u00e1ton (1715\u201317), Bethlenszentmikl\u00f3son (1720\u201325), majd Sz\u00e1szv\u00e1rosban szolg\u00e1lt. Irod.: K\u00fck\u00fcll\u0151i Ref. Egyh\u00e1zm.1.<\/p>\n","protected":false},"featured_media":0,"comment_status":"open","ping_status":"closed","template":"","meta":[],"product_brand":[],"product_cat":[137],"product_tag":[],"class_list":{"0":"post-17762","1":"product","2":"type-product","3":"status-publish","5":"product_cat-maros-megyei-eletrajzi-lexikon","7":"first","8":"instock","9":"shipping-taxable","10":"product-type-simple"},"_links":{"self":[{"href":"https:\/\/uj.adatbank.ro\/lexikon\/wp-json\/wp\/v2\/product\/17762","targetHints":{"allow":["GET"]}}],"collection":[{"href":"https:\/\/uj.adatbank.ro\/lexikon\/wp-json\/wp\/v2\/product"}],"about":[{"href":"https:\/\/uj.adatbank.ro\/lexikon\/wp-json\/wp\/v2\/types\/product"}],"replies":[{"embeddable":true,"href":"https:\/\/uj.adatbank.ro\/lexikon\/wp-json\/wp\/v2\/comments?post=17762"}],"wp:attachment":[{"href":"https:\/\/uj.adatbank.ro\/lexikon\/wp-json\/wp\/v2\/media?parent=17762"}],"wp:term":[{"taxonomy":"product_brand","embeddable":true,"href":"https:\/\/uj.adatbank.ro\/lexikon\/wp-json\/wp\/v2\/product_brand?post=17762"},{"taxonomy":"product_cat","embeddable":true,"href":"https:\/\/uj.adatbank.ro\/lexikon\/wp-json\/wp\/v2\/product_cat?post=17762"},{"taxonomy":"product_tag","embeddable":true,"href":"https:\/\/uj.adatbank.ro\/lexikon\/wp-json\/wp\/v2\/product_tag?post=17762"}],"curies":[{"name":"wp","href":"https:\/\/api.w.org\/{rel}","templated":true}]}}