{"id":17771,"date":"2025-07-16T10:27:21","date_gmt":"2025-07-16T08:27:21","guid":{"rendered":"https:\/\/uj.adatbank.ro\/lexikon\/termek\/patocsy-gaspar-kecskemeti\/"},"modified":"2025-07-16T10:27:21","modified_gmt":"2025-07-16T08:27:21","slug":"patocsy-gaspar-kecskemeti","status":"publish","type":"product","link":"https:\/\/uj.adatbank.ro\/lexikon\/termek\/patocsy-gaspar-kecskemeti\/","title":{"rendered":"PAT\u00d3CSY G\u00e1sp\u00e1r, kecskem\u00e9ti"},"content":{"rendered":"<p>a csal\u00e1d, tulajdon\u00e1ba jutott a disznaj\u00f3i udvarh\u00e1z \u00e9s a k\u00f6rnyez\u0151 falvak, valamint Maros menti, Kolozs, Doboka, Torda, K\u00fck\u00fcll\u0151 \u00e9s Szolnok v\u00e1rmegyei birtokok (16. sz. elej\u00e9n). Kendi Ferenc erd\u00e9lyi vajda megakarta szerezni a Pat\u00f3csy birtokokat, de Izabella kir\u00e1lyn\u00e9 visszaadta azokat \u00e9s tov\u00e1bb birtokolt\u00e1k (1576-ig). R\u00e9szt vettek a B\u00e1thory Istv\u00e1n elleni harcban, minek k\u00f6vetkezt\u00e9ben a disznaj\u00f3i birtokokat B\u00e1thory h\u00edv\u00e9nek, Bornemissza Boldizs\u00e1rnak adom\u00e1nyozt\u00e1k (1576). H\u00e1zass\u00e1g r\u00e9v\u00e9n a k\u00faria az erd\u00e9lyi Rh\u00e9deyek\u00e9 lett. <br \/><strong>Irod.:<\/strong> MMMM; Rh\u00e9deyek \u00e9s Fr\u00e1terek<\/br><\/p>\n","protected":false},"excerpt":{"rendered":"<p>a csal\u00e1d, tulajdon\u00e1ba jutott a disznaj\u00f3i udvarh\u00e1z \u00e9s a k\u00f6rnyez\u0151 falvak, valamint Maros menti, Kolozs, Doboka, Torda, K\u00fck\u00fcll\u0151 \u00e9s Szolnok v\u00e1rmegyei birtokok (16. sz. elej\u00e9n). Kendi Ferenc erd\u00e9lyi vajda megakarta szerezni a Pat\u00f3csy birtokokat, de Izabella kir\u00e1lyn\u00e9 visszaadta azokat \u00e9s tov\u00e1bb birtokolt\u00e1k (1576-ig). R\u00e9szt vettek a B\u00e1thory Istv\u00e1n elleni harcban, minek k\u00f6vetkezt\u00e9ben a disznaj\u00f3i birtokokat [&hellip;]<\/p>\n","protected":false},"featured_media":0,"comment_status":"open","ping_status":"closed","template":"","meta":[],"product_brand":[],"product_cat":[137],"product_tag":[],"class_list":{"0":"post-17771","1":"product","2":"type-product","3":"status-publish","5":"product_cat-maros-megyei-eletrajzi-lexikon","7":"first","8":"instock","9":"shipping-taxable","10":"product-type-simple"},"_links":{"self":[{"href":"https:\/\/uj.adatbank.ro\/lexikon\/wp-json\/wp\/v2\/product\/17771","targetHints":{"allow":["GET"]}}],"collection":[{"href":"https:\/\/uj.adatbank.ro\/lexikon\/wp-json\/wp\/v2\/product"}],"about":[{"href":"https:\/\/uj.adatbank.ro\/lexikon\/wp-json\/wp\/v2\/types\/product"}],"replies":[{"embeddable":true,"href":"https:\/\/uj.adatbank.ro\/lexikon\/wp-json\/wp\/v2\/comments?post=17771"}],"wp:attachment":[{"href":"https:\/\/uj.adatbank.ro\/lexikon\/wp-json\/wp\/v2\/media?parent=17771"}],"wp:term":[{"taxonomy":"product_brand","embeddable":true,"href":"https:\/\/uj.adatbank.ro\/lexikon\/wp-json\/wp\/v2\/product_brand?post=17771"},{"taxonomy":"product_cat","embeddable":true,"href":"https:\/\/uj.adatbank.ro\/lexikon\/wp-json\/wp\/v2\/product_cat?post=17771"},{"taxonomy":"product_tag","embeddable":true,"href":"https:\/\/uj.adatbank.ro\/lexikon\/wp-json\/wp\/v2\/product_tag?post=17771"}],"curies":[{"name":"wp","href":"https:\/\/api.w.org\/{rel}","templated":true}]}}