{"id":17774,"date":"2025-07-16T10:27:31","date_gmt":"2025-07-16T08:27:31","guid":{"rendered":"https:\/\/uj.adatbank.ro\/lexikon\/termek\/patru-dumitru\/"},"modified":"2025-07-16T10:27:31","modified_gmt":"2025-07-16T08:27:31","slug":"patru-dumitru","status":"publish","type":"product","link":"https:\/\/uj.adatbank.ro\/lexikon\/termek\/patru-dumitru\/","title":{"rendered":"P\u0102TRU, Dumitru"},"content":{"rendered":"<p>? \u2020\u00a0?: tan\u00e1r Buk.-ben.- A l\u00f6v\u00e9ri t\u00e1nccsoport r\u00e9szt vett Buk.-ben a Vil\u00e1gifj\u00fas\u00e1gi Tal\u00e1lkoz\u00f3n, ahol l\u00e1tta a l\u00f6v\u00e9riek csod\u00e1san sz\u00e9p n\u00e9pviselet\u00e9t, elhat\u00e1rozta, h. jobban megismeri a falu \u00e9let\u00e9t (1953). R\u00e9szt vett egy l\u00f6v\u00e9ri lakodalmon. Ennek hat\u00e1s\u00e1ra meg\u00edrta a Nunta ca la Lueriu c.t\u00e1ncszvift librettoj\u00e1t, \u00e9s megszervezett egy 120 tag\u00fa n\u00e9pi egy\u00fcttest a falu tehets\u00e9ges fiataljaib\u00f3l, akikkel azt el\u0151 akarta adatni.T\u00f6bb h\u00f3napon \u00e1t hetente n\u00e9gyszer \u2013 \u00f6tsz\u00f6r pr\u00f3b\u00e1lt vel\u00fck, majd a Rom.Tv.-ben benevezte \u0151ket a Dialog la distan\u0163\u0103(T\u00e1vols\u00e1gi vet\u00e9lked\u0151) c. ad\u00e1sba. \u00d3ri\u00e1si sikert arattak (1966). Ett\u0151l kezdve a l\u00f6v\u00e9ri t\u00e1ncosok orsz\u00e1gos, s\u0151t vil\u00e1gh\u00edrn\u00e9vre tettek szert, \u00e9s napjainkig k\u00f6zismertek, mert a csoport hagyom\u00e1nyszer\u0171en napjainkban is m\u0171k\u00f6dik. Mihail Moldovan, tan\u00edt\u00f3, meg\u00edrta a feln\u0151tt \u00e9s a gyermek t\u00e1nccsoport monogr\u00e1fi\u00e1j\u00e1t is. <br \/><strong>Irod.:<\/strong> Lueriu<\/br><\/p>\n","protected":false},"excerpt":{"rendered":"<p>? \u2020\u00a0?: tan\u00e1r Buk.-ben.- A l\u00f6v\u00e9ri t\u00e1nccsoport r\u00e9szt vett Buk.-ben a Vil\u00e1gifj\u00fas\u00e1gi Tal\u00e1lkoz\u00f3n, ahol l\u00e1tta a l\u00f6v\u00e9riek csod\u00e1san sz\u00e9p n\u00e9pviselet\u00e9t, elhat\u00e1rozta, h. jobban megismeri a falu \u00e9let\u00e9t (1953). R\u00e9szt vett egy l\u00f6v\u00e9ri lakodalmon. Ennek hat\u00e1s\u00e1ra meg\u00edrta a Nunta ca la Lueriu c.t\u00e1ncszvift librettoj\u00e1t, \u00e9s megszervezett egy 120 tag\u00fa n\u00e9pi egy\u00fcttest a falu tehets\u00e9ges fiataljaib\u00f3l, akikkel [&hellip;]<\/p>\n","protected":false},"featured_media":0,"comment_status":"open","ping_status":"closed","template":"","meta":[],"product_brand":[],"product_cat":[137],"product_tag":[],"class_list":{"0":"post-17774","1":"product","2":"type-product","3":"status-publish","5":"product_cat-maros-megyei-eletrajzi-lexikon","7":"first","8":"instock","9":"shipping-taxable","10":"product-type-simple"},"_links":{"self":[{"href":"https:\/\/uj.adatbank.ro\/lexikon\/wp-json\/wp\/v2\/product\/17774","targetHints":{"allow":["GET"]}}],"collection":[{"href":"https:\/\/uj.adatbank.ro\/lexikon\/wp-json\/wp\/v2\/product"}],"about":[{"href":"https:\/\/uj.adatbank.ro\/lexikon\/wp-json\/wp\/v2\/types\/product"}],"replies":[{"embeddable":true,"href":"https:\/\/uj.adatbank.ro\/lexikon\/wp-json\/wp\/v2\/comments?post=17774"}],"wp:attachment":[{"href":"https:\/\/uj.adatbank.ro\/lexikon\/wp-json\/wp\/v2\/media?parent=17774"}],"wp:term":[{"taxonomy":"product_brand","embeddable":true,"href":"https:\/\/uj.adatbank.ro\/lexikon\/wp-json\/wp\/v2\/product_brand?post=17774"},{"taxonomy":"product_cat","embeddable":true,"href":"https:\/\/uj.adatbank.ro\/lexikon\/wp-json\/wp\/v2\/product_cat?post=17774"},{"taxonomy":"product_tag","embeddable":true,"href":"https:\/\/uj.adatbank.ro\/lexikon\/wp-json\/wp\/v2\/product_tag?post=17774"}],"curies":[{"name":"wp","href":"https:\/\/api.w.org\/{rel}","templated":true}]}}

PĂTRU, Dumitru

<p>? † ?: tanár Buk.-ben.- A lövéri tánccsoport részt vett Buk.-ben a Világifjúsági Találkozón, ahol látta a lövériek csodásan szép népviseletét, elhatározta, h. jobban megismeri a falu életét (1953). Részt vett egy lövéri lakodalmon. Ennek hatására megírta a Nunta ca la Lueriu c.táncszvift librettoját, és megszervezett egy 120 tagú népi együttest a falu tehetséges fiataljaiból, akikkel azt elő akarta adatni.Több hónapon át hetente négyszer – ötször próbált velük, majd a Rom.Tv.-ben benevezte őket a Dialog la distanţă(Távolsági vetélkedő) c. adásba. Óriási sikert arattak (1966). Ettől kezdve a lövéri táncosok országos, sőt világhírnévre tettek szert, és napjainkig közismertek, mert a csoport hagyományszerűen napjainkban is működik. Mihail Moldovan, tanító, megírta a felnőtt és a gyermek tánccsoport monográfiáját is. <br /><strong>Irod.:</strong> Lueriu</br></p>

<p>? † ?: tanár Buk.-ben.- A lövéri tánccsoport részt vett Buk.-ben a Világifjúsági Találkozón, ahol látta a lövériek csodásan szép népviseletét, elhatározta, h. jobban megismeri a falu életét (1953). Részt vett egy lövéri lakodalmon. Ennek hatására megírta a Nunta ca la Lueriu c.táncszvift librettoját, és megszervezett egy 120 tagú népi együttest a falu tehetséges fiataljaiból, akikkel [&hellip;]</p>
