{"id":1778,"date":"2025-06-28T11:52:52","date_gmt":"2025-06-28T09:52:52","guid":{"rendered":"https:\/\/uj.adatbank.ro\/lexikon\/termek\/almasi-domokos-almasy-dominik-almasy-domokos\/"},"modified":"2025-06-28T11:52:52","modified_gmt":"2025-06-28T09:52:52","slug":"almasi-domokos-almasy-dominik-almasy-domokos","status":"publish","type":"product","link":"https:\/\/uj.adatbank.ro\/lexikon\/termek\/almasi-domokos-almasy-dominik-almasy-domokos\/","title":{"rendered":"ALM\u00c1SI Domokos, Alm\u00e1sy Dominik, Alm\u00e1sy Domokos"},"content":{"rendered":"<p>1830.? \u2020 Mv., 1893.: patik\u00e1rius,. \u2013 Az 1848\u201349-es szabads\u00e1gharc r\u00e9sztvev\u0151je, mint gy\u00f3gyszert\u00e1ri seg\u00e9d. A b\u00e9csi Egy. Gy\u00f3gyszer\u00e9szeti Kar\u00e1nak hallgat\u00f3ja (1855\u201357). Jeney Alberttel (1834\u20131878) Mv.-en a M. Korona Gy\u00f3gyszert\u00e1r tulajdonosa (1865\u201372). Volt m\u00e9g takar\u00e9kp\u00e9nzt\u00e1ri p\u00e9nzt\u00e1ros, t\u00f6rv\u00e9nyhat\u00f3s\u00e1gi bizotts\u00e1gi tag, ref. egyh\u00e1zi tan\u00e1csos, t\u0171zolt\u00f3 f\u0151parancsnok. <br \/><strong>Irod.:<\/strong> P\u00e9ter H. M. 2013<\/br><\/p>\n","protected":false},"excerpt":{"rendered":"<p>1830.? \u2020 Mv., 1893.: patik\u00e1rius,. \u2013 Az 1848\u201349-es szabads\u00e1gharc r\u00e9sztvev\u0151je, mint gy\u00f3gyszert\u00e1ri seg\u00e9d. A b\u00e9csi Egy. Gy\u00f3gyszer\u00e9szeti Kar\u00e1nak hallgat\u00f3ja (1855\u201357). Jeney Alberttel (1834\u20131878) Mv.-en a M. Korona Gy\u00f3gyszert\u00e1r tulajdonosa (1865\u201372). Volt m\u00e9g takar\u00e9kp\u00e9nzt\u00e1ri p\u00e9nzt\u00e1ros, t\u00f6rv\u00e9nyhat\u00f3s\u00e1gi bizotts\u00e1gi tag, ref. egyh\u00e1zi tan\u00e1csos, t\u0171zolt\u00f3 f\u0151parancsnok. Irod.: P\u00e9ter H. M. 2013<\/p>\n","protected":false},"featured_media":0,"comment_status":"open","ping_status":"closed","template":"","meta":[],"product_brand":[],"product_cat":[137],"product_tag":[],"class_list":{"0":"post-1778","1":"product","2":"type-product","3":"status-publish","5":"product_cat-maros-megyei-eletrajzi-lexikon","7":"first","8":"instock","9":"shipping-taxable","10":"product-type-simple"},"_links":{"self":[{"href":"https:\/\/uj.adatbank.ro\/lexikon\/wp-json\/wp\/v2\/product\/1778","targetHints":{"allow":["GET"]}}],"collection":[{"href":"https:\/\/uj.adatbank.ro\/lexikon\/wp-json\/wp\/v2\/product"}],"about":[{"href":"https:\/\/uj.adatbank.ro\/lexikon\/wp-json\/wp\/v2\/types\/product"}],"replies":[{"embeddable":true,"href":"https:\/\/uj.adatbank.ro\/lexikon\/wp-json\/wp\/v2\/comments?post=1778"}],"wp:attachment":[{"href":"https:\/\/uj.adatbank.ro\/lexikon\/wp-json\/wp\/v2\/media?parent=1778"}],"wp:term":[{"taxonomy":"product_brand","embeddable":true,"href":"https:\/\/uj.adatbank.ro\/lexikon\/wp-json\/wp\/v2\/product_brand?post=1778"},{"taxonomy":"product_cat","embeddable":true,"href":"https:\/\/uj.adatbank.ro\/lexikon\/wp-json\/wp\/v2\/product_cat?post=1778"},{"taxonomy":"product_tag","embeddable":true,"href":"https:\/\/uj.adatbank.ro\/lexikon\/wp-json\/wp\/v2\/product_tag?post=1778"}],"curies":[{"name":"wp","href":"https:\/\/api.w.org\/{rel}","templated":true}]}}

ALMÁSI Domokos, Almásy Dominik, Almásy Domokos

<p>1830.? † Mv., 1893.: patikárius,. – Az 1848–49-es szabadságharc résztvevője, mint gyógyszertári segéd. A bécsi Egy. Gyógyszerészeti Karának hallgatója (1855–57). Jeney Alberttel (1834–1878) Mv.-en a M. Korona Gyógyszertár tulajdonosa (1865–72). Volt még takarékpénztári pénztáros, törvényhatósági bizottsági tag, ref. egyházi tanácsos, tűzoltó főparancsnok. <br /><strong>Irod.:</strong> Péter H. M. 2013</br></p>

<p>1830.? † Mv., 1893.: patikárius,. – Az 1848–49-es szabadságharc résztvevője, mint gyógyszertári segéd. A bécsi Egy. Gyógyszerészeti Karának hallgatója (1855–57). Jeney Alberttel (1834–1878) Mv.-en a M. Korona Gyógyszertár tulajdonosa (1865–72). Volt még takarékpénztári pénztáros, törvényhatósági bizottsági tag, ref. egyházi tanácsos, tűzoltó főparancsnok. Irod.: Péter H. M. 2013</p>
