{"id":17781,"date":"2025-07-16T10:27:45","date_gmt":"2025-07-16T08:27:45","guid":{"rendered":"https:\/\/uj.adatbank.ro\/lexikon\/termek\/patrubany-gergely-2\/"},"modified":"2025-07-16T10:27:45","modified_gmt":"2025-07-16T08:27:45","slug":"patrubany-gergely-2","status":"publish","type":"product","link":"https:\/\/uj.adatbank.ro\/lexikon\/termek\/patrubany-gergely-2\/","title":{"rendered":"PATRUB\u00c1NY Gergely"},"content":{"rendered":"<p>? \u2020\u00a0Mv.1908, : f\u00f6ldbirtokos, h\u00e1ztuajdonos. \u2013 Feles\u00e9ge: Nov\u00e1k Lujza (\u2020\u00a0Mv.1907). Fi\u00fak:Mikl\u00f3s. \u2013 Erzs\u00e9betv\u00e1rosi \u00f6rm\u00e9ny csal\u00e1db\u00f3l sz\u00e1rmazott. \u2013 Torda-Aranyos vm. t\u00f6rv\u00e9nyhat\u00f3s\u00e1gi bizotts\u00e1g\u00e1nak tagja. Tulajdon\u00e1ban volt egy emeletes h\u00e1z a volt Kossuth u., 67.sz., ami le\u00e9gett (1892. aug.11). A v\u00e1ros \u00e9p\u00edtkez\u00e9si bizotts\u00e1ga enged\u00e9lyezte a le\u00e9gett r\u00e9szek \u00fajra\u00e9p\u00edt\u00e9s\u00e9t \u00e9s a k\u00e9rt b\u0151v\u00edt\u00e9seket. P. Mikl\u00f3s lett a t\u00e9nyleges tulajdonos. <br \/><strong>Irod.:<\/strong> Orb\u00e1n-Oniga<\/br><\/p>\n","protected":false},"excerpt":{"rendered":"<p>? \u2020\u00a0Mv.1908, : f\u00f6ldbirtokos, h\u00e1ztuajdonos. \u2013 Feles\u00e9ge: Nov\u00e1k Lujza (\u2020\u00a0Mv.1907). Fi\u00fak:Mikl\u00f3s. \u2013 Erzs\u00e9betv\u00e1rosi \u00f6rm\u00e9ny csal\u00e1db\u00f3l sz\u00e1rmazott. \u2013 Torda-Aranyos vm. t\u00f6rv\u00e9nyhat\u00f3s\u00e1gi bizotts\u00e1g\u00e1nak tagja. Tulajdon\u00e1ban volt egy emeletes h\u00e1z a volt Kossuth u., 67.sz., ami le\u00e9gett (1892. aug.11). A v\u00e1ros \u00e9p\u00edtkez\u00e9si bizotts\u00e1ga enged\u00e9lyezte a le\u00e9gett r\u00e9szek \u00fajra\u00e9p\u00edt\u00e9s\u00e9t \u00e9s a k\u00e9rt b\u0151v\u00edt\u00e9seket. P. Mikl\u00f3s lett a t\u00e9nyleges tulajdonos. [&hellip;]<\/p>\n","protected":false},"featured_media":0,"comment_status":"open","ping_status":"closed","template":"","meta":[],"product_brand":[],"product_cat":[137],"product_tag":[],"class_list":{"0":"post-17781","1":"product","2":"type-product","3":"status-publish","5":"product_cat-maros-megyei-eletrajzi-lexikon","7":"first","8":"instock","9":"shipping-taxable","10":"product-type-simple"},"_links":{"self":[{"href":"https:\/\/uj.adatbank.ro\/lexikon\/wp-json\/wp\/v2\/product\/17781","targetHints":{"allow":["GET"]}}],"collection":[{"href":"https:\/\/uj.adatbank.ro\/lexikon\/wp-json\/wp\/v2\/product"}],"about":[{"href":"https:\/\/uj.adatbank.ro\/lexikon\/wp-json\/wp\/v2\/types\/product"}],"replies":[{"embeddable":true,"href":"https:\/\/uj.adatbank.ro\/lexikon\/wp-json\/wp\/v2\/comments?post=17781"}],"wp:attachment":[{"href":"https:\/\/uj.adatbank.ro\/lexikon\/wp-json\/wp\/v2\/media?parent=17781"}],"wp:term":[{"taxonomy":"product_brand","embeddable":true,"href":"https:\/\/uj.adatbank.ro\/lexikon\/wp-json\/wp\/v2\/product_brand?post=17781"},{"taxonomy":"product_cat","embeddable":true,"href":"https:\/\/uj.adatbank.ro\/lexikon\/wp-json\/wp\/v2\/product_cat?post=17781"},{"taxonomy":"product_tag","embeddable":true,"href":"https:\/\/uj.adatbank.ro\/lexikon\/wp-json\/wp\/v2\/product_tag?post=17781"}],"curies":[{"name":"wp","href":"https:\/\/api.w.org\/{rel}","templated":true}]}}

PATRUBÁNY Gergely

<p>? † Mv.1908, : földbirtokos, háztuajdonos. – Felesége: Novák Lujza († Mv.1907). Fiúk:Miklós. – Erzsébetvárosi örmény családból származott. – Torda-Aranyos vm. törvényhatósági bizottságának tagja. Tulajdonában volt egy emeletes ház a volt Kossuth u., 67.sz., ami leégett (1892. aug.11). A város építkezési bizottsága engedélyezte a leégett részek újraépítését és a kért bővítéseket. P. Miklós lett a tényleges tulajdonos. <br /><strong>Irod.:</strong> Orbán-Oniga</br></p>

<p>? † Mv.1908, : földbirtokos, háztuajdonos. – Felesége: Novák Lujza († Mv.1907). Fiúk:Miklós. – Erzsébetvárosi örmény családból származott. – Torda-Aranyos vm. törvényhatósági bizottságának tagja. Tulajdonában volt egy emeletes ház a volt Kossuth u., 67.sz., ami leégett (1892. aug.11). A város építkezési bizottsága engedélyezte a leégett részek újraépítését és a kért bővítéseket. P. Miklós lett a tényleges tulajdonos. [&hellip;]</p>
