{"id":17787,"date":"2025-07-16T10:27:56","date_gmt":"2025-07-16T08:27:56","guid":{"rendered":"https:\/\/uj.adatbank.ro\/lexikon\/termek\/patrubany-marton-patruban\/"},"modified":"2025-07-16T10:27:56","modified_gmt":"2025-07-16T08:27:56","slug":"patrubany-marton-patruban","status":"publish","type":"product","link":"https:\/\/uj.adatbank.ro\/lexikon\/termek\/patrubany-marton-patruban\/","title":{"rendered":"PATRUB\u00c1NY M\u00e1rton; P\u00e1trub\u00e1n"},"content":{"rendered":"<p>? \u2020\u00a0?: keresked\u0151.- Erzs\u00e9betv\u00e1rosi G\u00f6r\u00f6g Kompaniabeli keresked\u0151, Mv.-en kereskedelmi m\u0171k\u00f6d\u00e9si enged\u00e9lyt kapott (1767). Szerz\u0151d\u00e9st k\u00f6t\u00f6tt a v\u00e1roassal (1778). II. J\u00f3zsef idej\u00e9n a v\u00e1rosba val\u00f3 letelep\u00edt\u00e9s megk\u00f6nnyit\u00e9se k\u00f6vetkezt\u00e9ben v\u00e1rosi polg\u00e1rs\u00e1got nyert (1786). <br \/><strong>Irod.:<\/strong> Bozac-Pavel; P\u00e1l-Antal 2009; P\u00e1l-Antal S\u00e1ndor: \u00d6rm\u00e9nyek Mv.-en 1848 el\u0151tt = Pusk\u00e1s-Sz\u00e1sz \u00c1v\u00e9d; Sz\u00e1sz- Barab\u00e1s-Pusk\u00e1s<\/br><\/p>\n","protected":false},"excerpt":{"rendered":"<p>? \u2020\u00a0?: keresked\u0151.- Erzs\u00e9betv\u00e1rosi G\u00f6r\u00f6g Kompaniabeli keresked\u0151, Mv.-en kereskedelmi m\u0171k\u00f6d\u00e9si enged\u00e9lyt kapott (1767). Szerz\u0151d\u00e9st k\u00f6t\u00f6tt a v\u00e1roassal (1778). II. J\u00f3zsef idej\u00e9n a v\u00e1rosba val\u00f3 letelep\u00edt\u00e9s megk\u00f6nnyit\u00e9se k\u00f6vetkezt\u00e9ben v\u00e1rosi polg\u00e1rs\u00e1got nyert (1786). Irod.: Bozac-Pavel; P\u00e1l-Antal 2009; P\u00e1l-Antal S\u00e1ndor: \u00d6rm\u00e9nyek Mv.-en 1848 el\u0151tt = Pusk\u00e1s-Sz\u00e1sz \u00c1v\u00e9d; Sz\u00e1sz- Barab\u00e1s-Pusk\u00e1s<\/p>\n","protected":false},"featured_media":0,"comment_status":"open","ping_status":"closed","template":"","meta":[],"product_brand":[],"product_cat":[137],"product_tag":[],"class_list":{"0":"post-17787","1":"product","2":"type-product","3":"status-publish","5":"product_cat-maros-megyei-eletrajzi-lexikon","7":"first","8":"instock","9":"shipping-taxable","10":"product-type-simple"},"_links":{"self":[{"href":"https:\/\/uj.adatbank.ro\/lexikon\/wp-json\/wp\/v2\/product\/17787","targetHints":{"allow":["GET"]}}],"collection":[{"href":"https:\/\/uj.adatbank.ro\/lexikon\/wp-json\/wp\/v2\/product"}],"about":[{"href":"https:\/\/uj.adatbank.ro\/lexikon\/wp-json\/wp\/v2\/types\/product"}],"replies":[{"embeddable":true,"href":"https:\/\/uj.adatbank.ro\/lexikon\/wp-json\/wp\/v2\/comments?post=17787"}],"wp:attachment":[{"href":"https:\/\/uj.adatbank.ro\/lexikon\/wp-json\/wp\/v2\/media?parent=17787"}],"wp:term":[{"taxonomy":"product_brand","embeddable":true,"href":"https:\/\/uj.adatbank.ro\/lexikon\/wp-json\/wp\/v2\/product_brand?post=17787"},{"taxonomy":"product_cat","embeddable":true,"href":"https:\/\/uj.adatbank.ro\/lexikon\/wp-json\/wp\/v2\/product_cat?post=17787"},{"taxonomy":"product_tag","embeddable":true,"href":"https:\/\/uj.adatbank.ro\/lexikon\/wp-json\/wp\/v2\/product_tag?post=17787"}],"curies":[{"name":"wp","href":"https:\/\/api.w.org\/{rel}","templated":true}]}}

PATRUBÁNY Márton; Pátrubán

<p>? † ?: kereskedő.- Erzsébetvárosi Görög Kompaniabeli kereskedő, Mv.-en kereskedelmi működési engedélyt kapott (1767). Szerződést kötött a vároassal (1778). II. József idején a városba való letelepítés megkönnyitése következtében városi polgárságot nyert (1786). <br /><strong>Irod.:</strong> Bozac-Pavel; Pál-Antal 2009; Pál-Antal Sándor: Örmények Mv.-en 1848 előtt = Puskás-Szász Ávéd; Szász- Barabás-Puskás</br></p>

<p>? † ?: kereskedő.- Erzsébetvárosi Görög Kompaniabeli kereskedő, Mv.-en kereskedelmi működési engedélyt kapott (1767). Szerződést kötött a vároassal (1778). II. József idején a városba való letelepítés megkönnyitése következtében városi polgárságot nyert (1786). Irod.: Bozac-Pavel; Pál-Antal 2009; Pál-Antal Sándor: Örmények Mv.-en 1848 előtt = Puskás-Szász Ávéd; Szász- Barabás-Puskás</p>
