{"id":17820,"date":"2025-07-16T10:29:11","date_gmt":"2025-07-16T08:29:11","guid":{"rendered":"https:\/\/uj.adatbank.ro\/lexikon\/termek\/pech-dezso\/"},"modified":"2025-07-16T10:29:11","modified_gmt":"2025-07-16T08:29:11","slug":"pech-dezso","status":"publish","type":"product","link":"https:\/\/uj.adatbank.ro\/lexikon\/termek\/pech-dezso\/","title":{"rendered":"P\u00c9CH Dezs\u0151"},"content":{"rendered":"<p>Osztrau, 1853, \u2020\u00a0?: erd\u0151m\u00e9rn\u00f6k. \u2013 K\u00f6z\u00e9piskol\u00e1it a gy\u00f6ngy\u00f6si, egri \u00e9s budai gimnaziumban v\u00e9gezte, a selmecb\u00e1nyai B\u00e1ny\u00e1szati \u00e9s Erd\u00e9szeti Akad. hallgat\u00f3ja erd\u0151m\u00e9rn\u00f6ki karon (1872\u201376). Kinevezt\u00e9k mv.-i erd\u0151gondnoks\u00e1g vezet\u0151j\u00e9v\u00e9 A selmeczb\u00e1nyai m. kir. erd\u0151igazgat\u00f3s\u00e1gn\u00e1l, a doroszl\u00f3i m. kir. erd\u0151hivataln\u00e1l dolgozott erd\u0151mesteri beoszt\u00e1sban \u00e9s az akkor alakult mv.-i m. kir. erd\u0151gondnoks\u00e1g vezet\u0151j\u00e9v\u00e9 nevezt\u00e9k ki (1885\u20131900). A g\u00f6rg\u00e9nyszentimrei erd\u0151\u00f6ri szakiskola, amely az egykori Bornemissza-kast\u00e9lyban l\u00e9tes\u00fclt, els\u0151 igazgat\u00f3ja (1893\u20131900). A parkja (1840 k. l\u00e9tes\u00edtett\u00e9k), lett az iskola dendrol\u00f3giai bemutat\u00f3 parkja. Sokoldal\u00fa munk\u00e1ss\u00e1ga a k\u00fclf\u00f6ldi facsemete teny\u00e9szt\u00e9s\u00e9re is kiterjedt. A g\u00f6rg\u00e9nyszentimrei szakiskola megalakul\u00e1s\u00e1val egyid\u0151ben l\u00e9trehozt\u00e1k a szab\u00e9di kis\u00e9rleti teleppet is, amelynek els\u0151 vezet\u0151je volt (1893\u20131900). A pozsonyi erd\u0151fel\u00fcgyel\u0151s\u00e9ghez (1900\u2013), a tur\u00f3cszentm\u00e1rtoni erd\u0151fel\u00fcgyel\u0151s\u00e9ghez helyezt\u00e9k \u00e1t (1904\u2013). A Marostorda V\u00e1rmegyei Gazdas\u00e1gi Egylet kis\u00e9rleti telep\u00e9n l\u00e9tes\u00edtett eredei csemete kertet gondozta, valamint a Mez\u0151s\u00e9g bef\u00e1s\u00edt\u00e1s\u00e1ra ir\u00e1nyul\u00f3 munk\u00e1latokban szerzett \u00e9rdemeket. Sz\u00e1mos cikk\u00e9vel, dolgozat\u00e1val hozz\u00e1j\u00e1rult Maros-Torda v\u00e1rmegye erd\u0151gazd\u00e1lkod\u00e1s\u00e1nak fejleszt\u00e9s\u00e9hez. \u00cdr\u00e1sai az Erd\u00e9szeti Lapok, Erd\u00e9lyi Gazda, Erd\u00e9szeti Kis\u00e9rletek; Marosvid\u00e9k-ben jelentek meg. Ismertette a mv.-i erd\u0151gondnoks\u00e1g m\u0171k\u00f6d\u00e9s\u00e9t A test\u00fcleti erd\u0151k c. (Erd\u00e9szeti Lapok, 1886). \u2013 <strong>F. m.:<\/strong> \u0150si Marossz\u00e9k nemes sz\u00e9kely k\u00f6zbirtokoss\u00e1g\u00e1nak erdej\u00e9r\u0151l (1890); A k\u00fclf\u00f6ldi fanemek haz\u00e1nkban val\u00f3 telep\u00fcl\u00e9sr\u0151l (Bp., 1903). <br \/><strong>Irod.:<\/strong> Bed\u0151 Albert\u00a0: A m. \u00e1llam erd\u0151s\u00e9geinek gazdas\u00e1gi \u00e9s kereskedelmi le\u00edr\u00e1sa (Bp., 1896); D\u00f3sa S\u00e1ndor; Eml\u00e9kk\u00f6nyv a K. M. Term\u00e9szettudom\u00e1nyi T\u00e1rsulat f\u00e9lsz\u00e1zados jubileum\u00e1n (Bp., 1892); Id\u0151t\u00e1r 2; K\u00e1d\u00e1r \u2013 P\u00e1l-Antal; K\u00e1d\u00e1r Zsombor: A g\u00f6rg\u00e9nyszentimrei erd\u00e9szeti szakiskola els\u0151 igazgat\u00f3ja = K\u00e1d\u00e1r Zsombor: Sz\u00e9kelyf\u00f6ldi erd\u00e9szeti arck\u00e9pcsarnok (Bp., 1999); K\u00e1d\u00e1r Zsombor: A g\u00f6rg\u00e9nyszentimrei erd\u00e9szeti oktat\u00e1s els\u0151 \u00e9vtizedei (N\u00fa., 1990. okt. 26.; 1990. nov. 9.); Szinnyei<\/br><\/p>\n","protected":false},"excerpt":{"rendered":"<p>Osztrau, 1853, \u2020\u00a0?: erd\u0151m\u00e9rn\u00f6k. \u2013 K\u00f6z\u00e9piskol\u00e1it a gy\u00f6ngy\u00f6si, egri \u00e9s budai gimnaziumban v\u00e9gezte, a selmecb\u00e1nyai B\u00e1ny\u00e1szati \u00e9s Erd\u00e9szeti Akad. hallgat\u00f3ja erd\u0151m\u00e9rn\u00f6ki karon (1872\u201376). Kinevezt\u00e9k mv.-i erd\u0151gondnoks\u00e1g vezet\u0151j\u00e9v\u00e9 A selmeczb\u00e1nyai m. kir. erd\u0151igazgat\u00f3s\u00e1gn\u00e1l, a doroszl\u00f3i m. kir. erd\u0151hivataln\u00e1l dolgozott erd\u0151mesteri beoszt\u00e1sban \u00e9s az akkor alakult mv.-i m. kir. erd\u0151gondnoks\u00e1g vezet\u0151j\u00e9v\u00e9 nevezt\u00e9k ki (1885\u20131900). A g\u00f6rg\u00e9nyszentimrei erd\u0151\u00f6ri [&hellip;]<\/p>\n","protected":false},"featured_media":0,"comment_status":"open","ping_status":"closed","template":"","meta":[],"product_brand":[],"product_cat":[137],"product_tag":[],"class_list":{"0":"post-17820","1":"product","2":"type-product","3":"status-publish","5":"product_cat-maros-megyei-eletrajzi-lexikon","7":"first","8":"instock","9":"shipping-taxable","10":"product-type-simple"},"_links":{"self":[{"href":"https:\/\/uj.adatbank.ro\/lexikon\/wp-json\/wp\/v2\/product\/17820","targetHints":{"allow":["GET"]}}],"collection":[{"href":"https:\/\/uj.adatbank.ro\/lexikon\/wp-json\/wp\/v2\/product"}],"about":[{"href":"https:\/\/uj.adatbank.ro\/lexikon\/wp-json\/wp\/v2\/types\/product"}],"replies":[{"embeddable":true,"href":"https:\/\/uj.adatbank.ro\/lexikon\/wp-json\/wp\/v2\/comments?post=17820"}],"wp:attachment":[{"href":"https:\/\/uj.adatbank.ro\/lexikon\/wp-json\/wp\/v2\/media?parent=17820"}],"wp:term":[{"taxonomy":"product_brand","embeddable":true,"href":"https:\/\/uj.adatbank.ro\/lexikon\/wp-json\/wp\/v2\/product_brand?post=17820"},{"taxonomy":"product_cat","embeddable":true,"href":"https:\/\/uj.adatbank.ro\/lexikon\/wp-json\/wp\/v2\/product_cat?post=17820"},{"taxonomy":"product_tag","embeddable":true,"href":"https:\/\/uj.adatbank.ro\/lexikon\/wp-json\/wp\/v2\/product_tag?post=17820"}],"curies":[{"name":"wp","href":"https:\/\/api.w.org\/{rel}","templated":true}]}}