{"id":17845,"date":"2025-07-16T10:30:08","date_gmt":"2025-07-16T08:30:08","guid":{"rendered":"https:\/\/uj.adatbank.ro\/lexikon\/termek\/pekri-geza-gr\/"},"modified":"2025-07-16T10:30:08","modified_gmt":"2025-07-16T08:30:08","slug":"pekri-geza-gr","status":"publish","type":"product","link":"https:\/\/uj.adatbank.ro\/lexikon\/termek\/pekri-geza-gr\/","title":{"rendered":"PEKRI G\u00e9za, gr."},"content":{"rendered":"<p>Dics\u0151szentm\u00e1rton, 1885. m\u00e1j. 13 v. 18., \u2020\u00a0Mv., 1965.: f\u00f6ldbirtokos, gazdas\u00e1gi szakember, eml\u00e9k\u00edr\u00f3. \u2013 Apja S\u00e1ndor (1855\u20131928) f\u00f6ldbirtokos. Feles\u00e9ge: F\u00e1y Blanka. \u2013 K\u00f6z\u00e9piskol\u00e1t Bp.-en, jogot Kv.-on, Bp.-en, Berlinben (1905\u201306), a p\u00e1rizsi Sorbonne- Jogtud. Kar\u00e1n (1906) v\u00e9gezte. Dics\u0151szentm\u00e1rtoni birtokos. Kisk\u00fck\u00fcll\u0151 v\u00e1rmegye f\u0151isp\u00e1ni titk\u00e1ra k\u00e9nt kezdte p\u00e1ly\u00e1j\u00e1t; feles\u00e9g\u00e9vel egy\u00fctt \u00e9l\u00e9nk k\u00f6z\u00e9leti tev\u00e9kenys\u00e9get fejtett ki. Az \u00e1llamfordulat ut\u00e1n birtok\u00e1ra vonult vissza, majd az OMP helyi, majd apja hal\u00e1la ut\u00e1n, a p\u00e1rt v\u00e1rmegyei eln\u0151ke (1928), r. k. egyh\u00e1zi f\u0151gondnok, k\u00e9t \u00edzben Dics\u0151szentm\u00e1rton alpolg\u00e1rmestere; a V\u00e1rmegyei Gazdas\u00e1gi Egyes\u00fclet aleln\u0151ke. Gazdas\u00e1gszervez\u0151 \u00edr\u00e1sait a helyi sajt\u00f3 k\u00f6z\u00f6lte. A 60-as \u00e9vekben mint volt f\u00f6ldbirtokos k\u00e9nyszerlakhelyen Mv.-en \u00e9lt, kubikus f\u00f6ldmunk\u00e1sk\u00e9nt dolgozott \u00e9s halt meg. \u2013 <strong>F. m.:<\/strong> Vissaeml\u00e9kez\u00e9sek Dics\u0151szentm\u00e1rton m\u00faltj\u00e1ra (Kv., 1936). <br \/><strong>Irod.:<\/strong> Bicsok-Orb\u00e1n; De\u00e9 Nagy Anik\u00f3 2001; Dics\u0151szentm\u00e1rton; Dics\u0151szentm\u00e1rton r\u00e9gi arca; EM; Marosi-KZST; P\u00e1l-Antal 2016; RMIL, Szab\u00f3\u2013Simon\u2013Sz\u00f6gi; Valentiny 1937<\/br><\/p>\n","protected":false},"excerpt":{"rendered":"<p>Dics\u0151szentm\u00e1rton, 1885. m\u00e1j. 13 v. 18., \u2020\u00a0Mv., 1965.: f\u00f6ldbirtokos, gazdas\u00e1gi szakember, eml\u00e9k\u00edr\u00f3. \u2013 Apja S\u00e1ndor (1855\u20131928) f\u00f6ldbirtokos. Feles\u00e9ge: F\u00e1y Blanka. \u2013 K\u00f6z\u00e9piskol\u00e1t Bp.-en, jogot Kv.-on, Bp.-en, Berlinben (1905\u201306), a p\u00e1rizsi Sorbonne- Jogtud. Kar\u00e1n (1906) v\u00e9gezte. Dics\u0151szentm\u00e1rtoni birtokos. Kisk\u00fck\u00fcll\u0151 v\u00e1rmegye f\u0151isp\u00e1ni titk\u00e1ra k\u00e9nt kezdte p\u00e1ly\u00e1j\u00e1t; feles\u00e9g\u00e9vel egy\u00fctt \u00e9l\u00e9nk k\u00f6z\u00e9leti tev\u00e9kenys\u00e9get fejtett ki. Az \u00e1llamfordulat ut\u00e1n birtok\u00e1ra [&hellip;]<\/p>\n","protected":false},"featured_media":0,"comment_status":"open","ping_status":"closed","template":"","meta":[],"product_brand":[],"product_cat":[137],"product_tag":[],"class_list":{"0":"post-17845","1":"product","2":"type-product","3":"status-publish","5":"product_cat-maros-megyei-eletrajzi-lexikon","7":"first","8":"instock","9":"shipping-taxable","10":"product-type-simple"},"_links":{"self":[{"href":"https:\/\/uj.adatbank.ro\/lexikon\/wp-json\/wp\/v2\/product\/17845","targetHints":{"allow":["GET"]}}],"collection":[{"href":"https:\/\/uj.adatbank.ro\/lexikon\/wp-json\/wp\/v2\/product"}],"about":[{"href":"https:\/\/uj.adatbank.ro\/lexikon\/wp-json\/wp\/v2\/types\/product"}],"replies":[{"embeddable":true,"href":"https:\/\/uj.adatbank.ro\/lexikon\/wp-json\/wp\/v2\/comments?post=17845"}],"wp:attachment":[{"href":"https:\/\/uj.adatbank.ro\/lexikon\/wp-json\/wp\/v2\/media?parent=17845"}],"wp:term":[{"taxonomy":"product_brand","embeddable":true,"href":"https:\/\/uj.adatbank.ro\/lexikon\/wp-json\/wp\/v2\/product_brand?post=17845"},{"taxonomy":"product_cat","embeddable":true,"href":"https:\/\/uj.adatbank.ro\/lexikon\/wp-json\/wp\/v2\/product_cat?post=17845"},{"taxonomy":"product_tag","embeddable":true,"href":"https:\/\/uj.adatbank.ro\/lexikon\/wp-json\/wp\/v2\/product_tag?post=17845"}],"curies":[{"name":"wp","href":"https:\/\/api.w.org\/{rel}","templated":true}]}}