{"id":17851,"date":"2025-07-16T10:30:22","date_gmt":"2025-07-16T08:30:22","guid":{"rendered":"https:\/\/uj.adatbank.ro\/lexikon\/termek\/pekry-karolina-petrovinai-nemes-gaal-janosne\/"},"modified":"2025-07-16T10:30:22","modified_gmt":"2025-07-16T08:30:22","slug":"pekry-karolina-petrovinai-nemes-gaal-janosne","status":"publish","type":"product","link":"https:\/\/uj.adatbank.ro\/lexikon\/termek\/pekry-karolina-petrovinai-nemes-gaal-janosne\/","title":{"rendered":"PEKRY Karolina, petrovinai nemes, Ga\u00e1l J\u00e1nosn\u00e9"},"content":{"rendered":"<p>1819 \u2020\u00a0Mikefalva, 1883. j\u00fal. 15.: f\u00f6ldbirtokos. \u2013 Imre \u00e9s Szentkereszti Anna \u00e1nya. F\u00e9rje hilibi nemes G\u00e1l J\u00e1nos (1799\u20131891) kir. t\u00e1blai \u00fcln\u00f6k. Gyermekeik: Kl\u00e1ra, nagysolymosi \u00e9s mv.-i Koncz Elekn\u00e9 (1840 \u2013 Mv., 1885. m\u00e1rc. 16.); Gizella E\u00f6ry Albertn\u00e9; Anna, Henter G\u00e9z\u00e1n\u00e9; R\u00f3za, K\u00f6bl\u00f6s Dezs\u0151n\u00e9; Domokos (\u2020 1900) -k\u00fck\u00fcll\u0151i alisp\u00e1n. A Mikefalvi kast\u00e9ly tulajdonosa. <br \/><strong>Irod.:<\/strong> Bicsok-Orb\u00e1n; P\u00e1lmay 1.<\/br><\/p>\n","protected":false},"excerpt":{"rendered":"<p>1819 \u2020\u00a0Mikefalva, 1883. j\u00fal. 15.: f\u00f6ldbirtokos. \u2013 Imre \u00e9s Szentkereszti Anna \u00e1nya. F\u00e9rje hilibi nemes G\u00e1l J\u00e1nos (1799\u20131891) kir. t\u00e1blai \u00fcln\u00f6k. Gyermekeik: Kl\u00e1ra, nagysolymosi \u00e9s mv.-i Koncz Elekn\u00e9 (1840 \u2013 Mv., 1885. m\u00e1rc. 16.); Gizella E\u00f6ry Albertn\u00e9; Anna, Henter G\u00e9z\u00e1n\u00e9; R\u00f3za, K\u00f6bl\u00f6s Dezs\u0151n\u00e9; Domokos (\u2020 1900) -k\u00fck\u00fcll\u0151i alisp\u00e1n. A Mikefalvi kast\u00e9ly tulajdonosa. Irod.: Bicsok-Orb\u00e1n; P\u00e1lmay [&hellip;]<\/p>\n","protected":false},"featured_media":0,"comment_status":"open","ping_status":"closed","template":"","meta":[],"product_brand":[],"product_cat":[137],"product_tag":[],"class_list":{"0":"post-17851","1":"product","2":"type-product","3":"status-publish","5":"product_cat-maros-megyei-eletrajzi-lexikon","7":"first","8":"instock","9":"shipping-taxable","10":"product-type-simple"},"_links":{"self":[{"href":"https:\/\/uj.adatbank.ro\/lexikon\/wp-json\/wp\/v2\/product\/17851","targetHints":{"allow":["GET"]}}],"collection":[{"href":"https:\/\/uj.adatbank.ro\/lexikon\/wp-json\/wp\/v2\/product"}],"about":[{"href":"https:\/\/uj.adatbank.ro\/lexikon\/wp-json\/wp\/v2\/types\/product"}],"replies":[{"embeddable":true,"href":"https:\/\/uj.adatbank.ro\/lexikon\/wp-json\/wp\/v2\/comments?post=17851"}],"wp:attachment":[{"href":"https:\/\/uj.adatbank.ro\/lexikon\/wp-json\/wp\/v2\/media?parent=17851"}],"wp:term":[{"taxonomy":"product_brand","embeddable":true,"href":"https:\/\/uj.adatbank.ro\/lexikon\/wp-json\/wp\/v2\/product_brand?post=17851"},{"taxonomy":"product_cat","embeddable":true,"href":"https:\/\/uj.adatbank.ro\/lexikon\/wp-json\/wp\/v2\/product_cat?post=17851"},{"taxonomy":"product_tag","embeddable":true,"href":"https:\/\/uj.adatbank.ro\/lexikon\/wp-json\/wp\/v2\/product_tag?post=17851"}],"curies":[{"name":"wp","href":"https:\/\/api.w.org\/{rel}","templated":true}]}}