{"id":17866,"date":"2025-07-16T10:30:58","date_gmt":"2025-07-16T08:30:58","guid":{"rendered":"https:\/\/uj.adatbank.ro\/lexikon\/termek\/pentek-gyorgy\/"},"modified":"2025-07-16T10:30:58","modified_gmt":"2025-07-16T08:30:58","slug":"pentek-gyorgy","status":"publish","type":"product","link":"https:\/\/uj.adatbank.ro\/lexikon\/termek\/pentek-gyorgy\/","title":{"rendered":"P\u00c9NTEK Gy\u00f6rgy"},"content":{"rendered":"<p>Marosj\u00e1ra, 1893., \u2020\u00a0? : gazd\u00e1lkod\u00f3. \u2013 \u00d6n\u00e1ll\u00f3 gazda (1920\u2013). Az els\u0151 vh.-ban a 62. gy. e-el az orosz fronton harcolt, 3 \u00e9vig volt fogs\u00e1gban, az I., II. ez\u00fcst v. \u00e9. \u00e9s a K\u00e1roly Csapatkereszt kit\u00fcntet\u00e9st kapta. A Gazdak\u00f6r eln\u00f6ke, a ref egyh\u00e1z presbitere volt Marosj\u00e1r\u00e1ban.. <br \/><strong>Irod.:<\/strong> Sz\u00e9kelyf\u00f6ld \u00ed.k.<\/br><\/p>\n","protected":false},"excerpt":{"rendered":"<p>Marosj\u00e1ra, 1893., \u2020\u00a0? : gazd\u00e1lkod\u00f3. \u2013 \u00d6n\u00e1ll\u00f3 gazda (1920\u2013). Az els\u0151 vh.-ban a 62. gy. e-el az orosz fronton harcolt, 3 \u00e9vig volt fogs\u00e1gban, az I., II. ez\u00fcst v. \u00e9. \u00e9s a K\u00e1roly Csapatkereszt kit\u00fcntet\u00e9st kapta. A Gazdak\u00f6r eln\u00f6ke, a ref egyh\u00e1z presbitere volt Marosj\u00e1r\u00e1ban.. Irod.: Sz\u00e9kelyf\u00f6ld \u00ed.k.<\/p>\n","protected":false},"featured_media":0,"comment_status":"open","ping_status":"closed","template":"","meta":[],"product_brand":[],"product_cat":[137],"product_tag":[],"class_list":{"0":"post-17866","1":"product","2":"type-product","3":"status-publish","5":"product_cat-maros-megyei-eletrajzi-lexikon","7":"first","8":"instock","9":"shipping-taxable","10":"product-type-simple"},"_links":{"self":[{"href":"https:\/\/uj.adatbank.ro\/lexikon\/wp-json\/wp\/v2\/product\/17866","targetHints":{"allow":["GET"]}}],"collection":[{"href":"https:\/\/uj.adatbank.ro\/lexikon\/wp-json\/wp\/v2\/product"}],"about":[{"href":"https:\/\/uj.adatbank.ro\/lexikon\/wp-json\/wp\/v2\/types\/product"}],"replies":[{"embeddable":true,"href":"https:\/\/uj.adatbank.ro\/lexikon\/wp-json\/wp\/v2\/comments?post=17866"}],"wp:attachment":[{"href":"https:\/\/uj.adatbank.ro\/lexikon\/wp-json\/wp\/v2\/media?parent=17866"}],"wp:term":[{"taxonomy":"product_brand","embeddable":true,"href":"https:\/\/uj.adatbank.ro\/lexikon\/wp-json\/wp\/v2\/product_brand?post=17866"},{"taxonomy":"product_cat","embeddable":true,"href":"https:\/\/uj.adatbank.ro\/lexikon\/wp-json\/wp\/v2\/product_cat?post=17866"},{"taxonomy":"product_tag","embeddable":true,"href":"https:\/\/uj.adatbank.ro\/lexikon\/wp-json\/wp\/v2\/product_tag?post=17866"}],"curies":[{"name":"wp","href":"https:\/\/api.w.org\/{rel}","templated":true}]}}