{"id":1787,"date":"2025-06-28T11:53:10","date_gmt":"2025-06-28T09:53:10","guid":{"rendered":"https:\/\/uj.adatbank.ro\/lexikon\/termek\/almasi-zsuzsa-%c2%a7-feszt-tiborne\/"},"modified":"2025-06-28T11:53:10","modified_gmt":"2025-06-28T09:53:10","slug":"almasi-zsuzsa-%c2%a7-feszt-tiborne","status":"publish","type":"product","link":"https:\/\/uj.adatbank.ro\/lexikon\/termek\/almasi-zsuzsa-%c2%a7-feszt-tiborne\/","title":{"rendered":"ALM\u00c1SI Zsuzsa, \u00a7 Feszt Tiborn\u00e9"},"content":{"rendered":"<p>Arad, 1921. dec. 14., \u2020 Mv., 1994. dec. 26.: orvos, k\u00f3rboncnok. \u2013 Kv.-on az \u00c1llami Le\u00e1nyiskol\u00e1ban \u00e9retts\u00e9gizett (1940); oklevelet szerzett Mv.-en az OGYI \u00c1lt. Orvosi Kar\u00e1n (1953); az orvostudom\u00e1nyok doktora (1972). Mv.-en az OGYI Sz\u00f6vettani Tansz\u00e9k\u00e9n gyakornok, tan\u00e1rseg\u00e9d, adjunktus (1953\u201370); a m. nyelv\u0171 sejt- \u00e9s sz\u00f6vettani \u00f3r\u00e1k el\u0151ad\u00f3tan\u00e1ra (1970\u201377). Az OTT tagja (1953\u201357). <strong>Cikkei:<\/strong> OGYI Tudom\u00e1nyos \u00dcl\u00e9sszak (Mv., 1955), Studii \u015fi Cercet\u0103ri de Med. Intern\u0103 (1960), Orvosi Szemle, Revista Rom. de Med. Intern\u0103, Acta Morph. Acad. Sci. Hung.-ban. <br \/><strong>Irod.:<\/strong> Genersich; KKACs; [Nekrol\u00f3g] (N\u00fa., 1994. dec. 28.)<\/br><\/p>\n","protected":false},"excerpt":{"rendered":"<p>Arad, 1921. dec. 14., \u2020 Mv., 1994. dec. 26.: orvos, k\u00f3rboncnok. \u2013 Kv.-on az \u00c1llami Le\u00e1nyiskol\u00e1ban \u00e9retts\u00e9gizett (1940); oklevelet szerzett Mv.-en az OGYI \u00c1lt. Orvosi Kar\u00e1n (1953); az orvostudom\u00e1nyok doktora (1972). Mv.-en az OGYI Sz\u00f6vettani Tansz\u00e9k\u00e9n gyakornok, tan\u00e1rseg\u00e9d, adjunktus (1953\u201370); a m. nyelv\u0171 sejt- \u00e9s sz\u00f6vettani \u00f3r\u00e1k el\u0151ad\u00f3tan\u00e1ra (1970\u201377). Az OTT tagja (1953\u201357). Cikkei: OGYI [&hellip;]<\/p>\n","protected":false},"featured_media":0,"comment_status":"open","ping_status":"closed","template":"","meta":[],"product_brand":[],"product_cat":[137],"product_tag":[],"class_list":{"0":"post-1787","1":"product","2":"type-product","3":"status-publish","5":"product_cat-maros-megyei-eletrajzi-lexikon","7":"first","8":"instock","9":"shipping-taxable","10":"product-type-simple"},"_links":{"self":[{"href":"https:\/\/uj.adatbank.ro\/lexikon\/wp-json\/wp\/v2\/product\/1787","targetHints":{"allow":["GET"]}}],"collection":[{"href":"https:\/\/uj.adatbank.ro\/lexikon\/wp-json\/wp\/v2\/product"}],"about":[{"href":"https:\/\/uj.adatbank.ro\/lexikon\/wp-json\/wp\/v2\/types\/product"}],"replies":[{"embeddable":true,"href":"https:\/\/uj.adatbank.ro\/lexikon\/wp-json\/wp\/v2\/comments?post=1787"}],"wp:attachment":[{"href":"https:\/\/uj.adatbank.ro\/lexikon\/wp-json\/wp\/v2\/media?parent=1787"}],"wp:term":[{"taxonomy":"product_brand","embeddable":true,"href":"https:\/\/uj.adatbank.ro\/lexikon\/wp-json\/wp\/v2\/product_brand?post=1787"},{"taxonomy":"product_cat","embeddable":true,"href":"https:\/\/uj.adatbank.ro\/lexikon\/wp-json\/wp\/v2\/product_cat?post=1787"},{"taxonomy":"product_tag","embeddable":true,"href":"https:\/\/uj.adatbank.ro\/lexikon\/wp-json\/wp\/v2\/product_tag?post=1787"}],"curies":[{"name":"wp","href":"https:\/\/api.w.org\/{rel}","templated":true}]}}

ALMÁSI Zsuzsa, § Feszt Tiborné

<p>Arad, 1921. dec. 14., † Mv., 1994. dec. 26.: orvos, kórboncnok. – Kv.-on az Állami Leányiskolában érettségizett (1940); oklevelet szerzett Mv.-en az OGYI Ált. Orvosi Karán (1953); az orvostudományok doktora (1972). Mv.-en az OGYI Szövettani Tanszékén gyakornok, tanársegéd, adjunktus (1953–70); a m. nyelvű sejt- és szövettani órák előadótanára (1970–77). Az OTT tagja (1953–57). <strong>Cikkei:</strong> OGYI Tudományos Ülésszak (Mv., 1955), Studii şi Cercetări de Med. Internă (1960), Orvosi Szemle, Revista Rom. de Med. Internă, Acta Morph. Acad. Sci. Hung.-ban. <br /><strong>Irod.:</strong> Genersich; KKACs; [Nekrológ] (Nú., 1994. dec. 28.)</br></p>

<p>Arad, 1921. dec. 14., † Mv., 1994. dec. 26.: orvos, kórboncnok. – Kv.-on az Állami Leányiskolában érettségizett (1940); oklevelet szerzett Mv.-en az OGYI Ált. Orvosi Karán (1953); az orvostudományok doktora (1972). Mv.-en az OGYI Szövettani Tanszékén gyakornok, tanársegéd, adjunktus (1953–70); a m. nyelvű sejt- és szövettani órák előadótanára (1970–77). Az OTT tagja (1953–57). Cikkei: OGYI [&hellip;]</p>
