{"id":17873,"date":"2025-07-16T10:31:13","date_gmt":"2025-07-16T08:31:13","guid":{"rendered":"https:\/\/uj.adatbank.ro\/lexikon\/termek\/perenyi-lukacs-gyorgy-lukacs-gyorgy\/"},"modified":"2025-07-16T10:31:13","modified_gmt":"2025-07-16T08:31:13","slug":"perenyi-lukacs-gyorgy-lukacs-gyorgy","status":"publish","type":"product","link":"https:\/\/uj.adatbank.ro\/lexikon\/termek\/perenyi-lukacs-gyorgy-lukacs-gyorgy\/","title":{"rendered":"PER\u00c9NYI LUK\u00c1CS Gy\u00f6rgy, Luk\u00e1cs Gy\u00f6rgy"},"content":{"rendered":"<p>1903.\u2020 AE\u00c1, 1988.: diplomata, tan\u00e1r. \u2013 Feles\u00e9g\u00fcl vette Per\u00e9nyi Marjorie b\u00e1r\u00f3n\u0151t (1900). Gyermekeik: Gy\u00f6rgy (1903), Mikl\u00f3s, S\u00e1ndor, akiknek a kir\u00e1ly b\u00e1r\u00f3i rangot adom\u00e1nyozott (1912) \u00e9s a Per\u00e9nyi csal\u00e1d el\u0151nevet \u00e1truh\u00e1zta a Luk\u00e1cs csal\u00e1dra, ez\u00e1ltal lett a csal\u00e1d neve Per\u00e9nyi Luk\u00e1cs.Soha nem viselte a b\u00e1r\u00f3i c\u00edmet, sem az el\u0151nevet. Emigr\u00e1lt T\u00f6r\u00f6k\u00f6rsz\u00e1gba, majd az AE\u00c1 \u2013ba, ott \u00e9lnek a lesz\u00e1rmazottjai is. Az albanyi College of St.Rose T\u00f6rt\u00e9nelem \u00e9s Politikai tudom\u00e1nyok Tansz\u00e9k\u00e9nek professzora volt. <br \/><strong>Irod.:<\/strong> Nagy- Bod\u00f3 Tibor. Per\u00e9nyi Luk\u00e1csok a t\u00f6rt\u00e9nelem sodr\u00e1s\u00e1ban (N\u00fa., 2022. j\u00fan. 24., p.15.)<\/br><\/p>\n","protected":false},"excerpt":{"rendered":"<p>1903.\u2020 AE\u00c1, 1988.: diplomata, tan\u00e1r. \u2013 Feles\u00e9g\u00fcl vette Per\u00e9nyi Marjorie b\u00e1r\u00f3n\u0151t (1900). Gyermekeik: Gy\u00f6rgy (1903), Mikl\u00f3s, S\u00e1ndor, akiknek a kir\u00e1ly b\u00e1r\u00f3i rangot adom\u00e1nyozott (1912) \u00e9s a Per\u00e9nyi csal\u00e1d el\u0151nevet \u00e1truh\u00e1zta a Luk\u00e1cs csal\u00e1dra, ez\u00e1ltal lett a csal\u00e1d neve Per\u00e9nyi Luk\u00e1cs.Soha nem viselte a b\u00e1r\u00f3i c\u00edmet, sem az el\u0151nevet. Emigr\u00e1lt T\u00f6r\u00f6k\u00f6rsz\u00e1gba, majd az AE\u00c1 \u2013ba, ott [&hellip;]<\/p>\n","protected":false},"featured_media":0,"comment_status":"open","ping_status":"closed","template":"","meta":[],"product_brand":[],"product_cat":[137],"product_tag":[],"class_list":{"0":"post-17873","1":"product","2":"type-product","3":"status-publish","5":"product_cat-maros-megyei-eletrajzi-lexikon","7":"first","8":"instock","9":"shipping-taxable","10":"product-type-simple"},"_links":{"self":[{"href":"https:\/\/uj.adatbank.ro\/lexikon\/wp-json\/wp\/v2\/product\/17873","targetHints":{"allow":["GET"]}}],"collection":[{"href":"https:\/\/uj.adatbank.ro\/lexikon\/wp-json\/wp\/v2\/product"}],"about":[{"href":"https:\/\/uj.adatbank.ro\/lexikon\/wp-json\/wp\/v2\/types\/product"}],"replies":[{"embeddable":true,"href":"https:\/\/uj.adatbank.ro\/lexikon\/wp-json\/wp\/v2\/comments?post=17873"}],"wp:attachment":[{"href":"https:\/\/uj.adatbank.ro\/lexikon\/wp-json\/wp\/v2\/media?parent=17873"}],"wp:term":[{"taxonomy":"product_brand","embeddable":true,"href":"https:\/\/uj.adatbank.ro\/lexikon\/wp-json\/wp\/v2\/product_brand?post=17873"},{"taxonomy":"product_cat","embeddable":true,"href":"https:\/\/uj.adatbank.ro\/lexikon\/wp-json\/wp\/v2\/product_cat?post=17873"},{"taxonomy":"product_tag","embeddable":true,"href":"https:\/\/uj.adatbank.ro\/lexikon\/wp-json\/wp\/v2\/product_tag?post=17873"}],"curies":[{"name":"wp","href":"https:\/\/api.w.org\/{rel}","templated":true}]}}