{"id":1788,"date":"2025-06-28T11:53:11","date_gmt":"2025-06-28T09:53:11","guid":{"rendered":"https:\/\/uj.adatbank.ro\/lexikon\/termek\/almassy-endre-%c2%a7-almasy-endre\/"},"modified":"2025-06-28T11:53:11","modified_gmt":"2025-06-28T09:53:11","slug":"almassy-endre-%c2%a7-almasy-endre","status":"publish","type":"product","link":"https:\/\/uj.adatbank.ro\/lexikon\/termek\/almassy-endre-%c2%a7-almasy-endre\/","title":{"rendered":"ALM\u00c1SSY Endre, \u00a7 Alm\u00e1sy Endre"},"content":{"rendered":"<p>Mv., 1875. nov. 24., \u2020 Bp., 1929. szept. 3.: sz\u00edn\u00e9sz, sz\u00ednigazgat\u00f3. \u2013 Az orsz\u00e1gos sz\u00edniakad\u00e9mia elv\u00e9gz\u00e9se ut\u00e1n Nagykikind\u00e1n l\u00e9pett fel (1897), \u00d3bud\u00e1n \u00e9s Kecskem\u00e9ten (1899\u20131902), t\u00f6bb \u00e9ven \u00e1t a p\u00e9csi sz\u00ednh\u00e1z tagja volt; a szegedi sz\u00ednh\u00e1z igazgat\u00f3ja (1909\u201320); a bp.-i Nemzeti Sz\u00ednh\u00e1z tagja (1920\u2013). Az Orsz. Sz\u00edn\u00e9szegyes\u00fclet Sz\u00edn\u00e9szk\u00e9pz\u0151 isk.-j\u00e1ban a dr\u00e1\u00admai gyakorlat tan\u00e1ra (1921\u201323), az egyes\u00fclet tan\u00e1csosa volt. H\u0151s- \u00e9s jellemszerepeket j\u00e1tszott. Versei \u00e9s cikkekkei a Borsodmegyei Lapok, P\u00e9csi Napl\u00f3, Szegedi Napl\u00f3.-ban. \u2013 <strong>F. sz.:<\/strong> B\u00e1nk b\u00e1n (Katona J.); Kent (Schiller: Stuart M\u00e1ria); Sz\u00f6r\u00e9nyi (Herczeg F.: Ocskay brigad\u00e9ros); Le Bret (Rostand: Cyra-no de Bergerac); Thurz\u00f3 Elek (Voinovich G.: Moh\u00e1cs); B\u00e9la (Csath\u00f3 K.: Az \u00faj rokon); Kutyfalvy (Hevesi S.\u2013J\u00f3kai M.: Egy magyar n\u00e1bob). <br \/><strong>Irod.:<\/strong> Guly\u00e1s; M\u00c9L; MSZL, Rugonfalvi Kiss; Sch\u00f6pflin; \u00daM\u00c9L<\/br><\/p>\n","protected":false},"excerpt":{"rendered":"<p>Mv., 1875. nov. 24., \u2020 Bp., 1929. szept. 3.: sz\u00edn\u00e9sz, sz\u00ednigazgat\u00f3. \u2013 Az orsz\u00e1gos sz\u00edniakad\u00e9mia elv\u00e9gz\u00e9se ut\u00e1n Nagykikind\u00e1n l\u00e9pett fel (1897), \u00d3bud\u00e1n \u00e9s Kecskem\u00e9ten (1899\u20131902), t\u00f6bb \u00e9ven \u00e1t a p\u00e9csi sz\u00ednh\u00e1z tagja volt; a szegedi sz\u00ednh\u00e1z igazgat\u00f3ja (1909\u201320); a bp.-i Nemzeti Sz\u00ednh\u00e1z tagja (1920\u2013). Az Orsz. Sz\u00edn\u00e9szegyes\u00fclet Sz\u00edn\u00e9szk\u00e9pz\u0151 isk.-j\u00e1ban a dr\u00e1\u00admai gyakorlat tan\u00e1ra (1921\u201323), az [&hellip;]<\/p>\n","protected":false},"featured_media":0,"comment_status":"open","ping_status":"closed","template":"","meta":[],"product_brand":[],"product_cat":[137],"product_tag":[],"class_list":{"0":"post-1788","1":"product","2":"type-product","3":"status-publish","5":"product_cat-maros-megyei-eletrajzi-lexikon","7":"first","8":"instock","9":"shipping-taxable","10":"product-type-simple"},"_links":{"self":[{"href":"https:\/\/uj.adatbank.ro\/lexikon\/wp-json\/wp\/v2\/product\/1788","targetHints":{"allow":["GET"]}}],"collection":[{"href":"https:\/\/uj.adatbank.ro\/lexikon\/wp-json\/wp\/v2\/product"}],"about":[{"href":"https:\/\/uj.adatbank.ro\/lexikon\/wp-json\/wp\/v2\/types\/product"}],"replies":[{"embeddable":true,"href":"https:\/\/uj.adatbank.ro\/lexikon\/wp-json\/wp\/v2\/comments?post=1788"}],"wp:attachment":[{"href":"https:\/\/uj.adatbank.ro\/lexikon\/wp-json\/wp\/v2\/media?parent=1788"}],"wp:term":[{"taxonomy":"product_brand","embeddable":true,"href":"https:\/\/uj.adatbank.ro\/lexikon\/wp-json\/wp\/v2\/product_brand?post=1788"},{"taxonomy":"product_cat","embeddable":true,"href":"https:\/\/uj.adatbank.ro\/lexikon\/wp-json\/wp\/v2\/product_cat?post=1788"},{"taxonomy":"product_tag","embeddable":true,"href":"https:\/\/uj.adatbank.ro\/lexikon\/wp-json\/wp\/v2\/product_tag?post=1788"}],"curies":[{"name":"wp","href":"https:\/\/api.w.org\/{rel}","templated":true}]}}

ALMÁSSY Endre, § Almásy Endre

<p>Mv., 1875. nov. 24., † Bp., 1929. szept. 3.: színész, színigazgató. – Az országos színiakadémia elvégzése után Nagykikindán lépett fel (1897), Óbudán és Kecskeméten (1899–1902), több éven át a pécsi színház tagja volt; a szegedi színház igazgatója (1909–20); a bp.-i Nemzeti Színház tagja (1920–). Az Orsz. Színészegyesület Színészképző isk.-jában a drá­mai gyakorlat tanára (1921–23), az egyesület tanácsosa volt. Hős- és jellemszerepeket játszott. Versei és cikkekkei a Borsodmegyei Lapok, Pécsi Napló, Szegedi Napló.-ban. – <strong>F. sz.:</strong> Bánk bán (Katona J.); Kent (Schiller: Stuart Mária); Szörényi (Herczeg F.: Ocskay brigadéros); Le Bret (Rostand: Cyra-no de Bergerac); Thurzó Elek (Voinovich G.: Mohács); Béla (Csathó K.: Az új rokon); Kutyfalvy (Hevesi S.–Jókai M.: Egy magyar nábob). <br /><strong>Irod.:</strong> Gulyás; MÉL; MSZL, Rugonfalvi Kiss; Schöpflin; ÚMÉL</br></p>

<p>Mv., 1875. nov. 24., † Bp., 1929. szept. 3.: színész, színigazgató. – Az országos színiakadémia elvégzése után Nagykikindán lépett fel (1897), Óbudán és Kecskeméten (1899–1902), több éven át a pécsi színház tagja volt; a szegedi színház igazgatója (1909–20); a bp.-i Nemzeti Színház tagja (1920–). Az Orsz. Színészegyesület Színészképző isk.-jában a drá­mai gyakorlat tanára (1921–23), az [&hellip;]</p>
