{"id":17906,"date":"2025-07-16T10:32:27","date_gmt":"2025-07-16T08:32:27","guid":{"rendered":"https:\/\/uj.adatbank.ro\/lexikon\/termek\/petelean-emil-adrian\/"},"modified":"2025-07-16T10:32:27","modified_gmt":"2025-07-16T08:32:27","slug":"petelean-emil-adrian","status":"publish","type":"product","link":"https:\/\/uj.adatbank.ro\/lexikon\/termek\/petelean-emil-adrian\/","title":{"rendered":"PETELEAN Emil Adrian"},"content":{"rendered":"<p>? 1974. j\u00fal. 19., \u2020\u00a0? 2006. j\u00fal. 23.: k\u00f6zgazd\u00e1sz, egyetemi tan\u00e1r. \u2013 Tanult Mv.-en a K\u00e9miai Liceumban, majd a Petru Maior Egyetemen (1993\u201397) szerzett oklevelet; doktor\u00e1lt (1998); Dolgozott mint gazdas\u00e1gi tan\u00e1csos (1998\u201399); oszt\u00e1lyd\u0151n\u00f6k a SC ISECO v\u00e1llalatn\u00e1l; a Dimitrie Cantemir Egyetemen K\u00f6zgazdas\u00e1gi Kar\u00e1n gyakornok (1999\u20132002), A Petru Maior Egyetem K\u00f6zgazdas\u00e1g- \u00e9s K\u00f6zigazgat\u00e1studom\u00e1nyi Kar\u00e1n tan\u00e1rseg\u00e9d, lektor, egyetemi el\u0151ad\u00f3tan\u00e1r (2002\u2013). 20 cikket k\u00f6z\u00f6lt az Analele UDC; Analele Univ. din Oradea; Annales Universitates Apulensis. Serie Oeconomica; Buletin \u015etiin\u0163ific. Univ. de Nord. Baia Mare. Tagja a Rom\u00e1niai K\u00f6zgazd\u00e1szok Egyes\u00fclet\u00e9nek. \u2013 <strong>F. m.:<\/strong> Elemente de management financiar (TgM, 2001); Management financiar (TgM., 2001); Management. Aplica\u0163ii, studii de caz, teste (TgM., 2000); Managementul resurselor umane : curs (TgM., 2002); <strong>t\u00e1rssz.:<\/strong> Management comparat (Mirela Popa-val, TgM., 2001); Management general : curs (Ioan Mihu\u0163-cal, TgM., 2001); Managementul performant al resurselor (Liviu Ilie\u015f, Codru\u0163a Osoian-al, 2001); Managementul resurselor umane (Liviu Ilie\u015f, Codru\u0163a Osoian-al, Cluj, 2002); Viitorul ne preocup\u0103. ( 2002). <br \/><strong>Irod.:<\/strong> C.L. (2006. j\u00fal. 25.); Todea\u2013F\u00fcl\u00f6p\u2013Avram<\/br><\/p>\n","protected":false},"excerpt":{"rendered":"<p>? 1974. j\u00fal. 19., \u2020\u00a0? 2006. j\u00fal. 23.: k\u00f6zgazd\u00e1sz, egyetemi tan\u00e1r. \u2013 Tanult Mv.-en a K\u00e9miai Liceumban, majd a Petru Maior Egyetemen (1993\u201397) szerzett oklevelet; doktor\u00e1lt (1998); Dolgozott mint gazdas\u00e1gi tan\u00e1csos (1998\u201399); oszt\u00e1lyd\u0151n\u00f6k a SC ISECO v\u00e1llalatn\u00e1l; a Dimitrie Cantemir Egyetemen K\u00f6zgazdas\u00e1gi Kar\u00e1n gyakornok (1999\u20132002), A Petru Maior Egyetem K\u00f6zgazdas\u00e1g- \u00e9s K\u00f6zigazgat\u00e1studom\u00e1nyi Kar\u00e1n tan\u00e1rseg\u00e9d, lektor, [&hellip;]<\/p>\n","protected":false},"featured_media":0,"comment_status":"open","ping_status":"closed","template":"","meta":[],"product_brand":[],"product_cat":[137],"product_tag":[],"class_list":{"0":"post-17906","1":"product","2":"type-product","3":"status-publish","5":"product_cat-maros-megyei-eletrajzi-lexikon","7":"first","8":"instock","9":"shipping-taxable","10":"product-type-simple"},"_links":{"self":[{"href":"https:\/\/uj.adatbank.ro\/lexikon\/wp-json\/wp\/v2\/product\/17906","targetHints":{"allow":["GET"]}}],"collection":[{"href":"https:\/\/uj.adatbank.ro\/lexikon\/wp-json\/wp\/v2\/product"}],"about":[{"href":"https:\/\/uj.adatbank.ro\/lexikon\/wp-json\/wp\/v2\/types\/product"}],"replies":[{"embeddable":true,"href":"https:\/\/uj.adatbank.ro\/lexikon\/wp-json\/wp\/v2\/comments?post=17906"}],"wp:attachment":[{"href":"https:\/\/uj.adatbank.ro\/lexikon\/wp-json\/wp\/v2\/media?parent=17906"}],"wp:term":[{"taxonomy":"product_brand","embeddable":true,"href":"https:\/\/uj.adatbank.ro\/lexikon\/wp-json\/wp\/v2\/product_brand?post=17906"},{"taxonomy":"product_cat","embeddable":true,"href":"https:\/\/uj.adatbank.ro\/lexikon\/wp-json\/wp\/v2\/product_cat?post=17906"},{"taxonomy":"product_tag","embeddable":true,"href":"https:\/\/uj.adatbank.ro\/lexikon\/wp-json\/wp\/v2\/product_tag?post=17906"}],"curies":[{"name":"wp","href":"https:\/\/api.w.org\/{rel}","templated":true}]}}