{"id":17909,"date":"2025-07-16T10:32:32","date_gmt":"2025-07-16T08:32:32","guid":{"rendered":"https:\/\/uj.adatbank.ro\/lexikon\/termek\/petelei-istvan-petelacz-istvan\/"},"modified":"2025-07-16T10:32:32","modified_gmt":"2025-07-16T08:32:32","slug":"petelei-istvan-petelacz-istvan","status":"publish","type":"product","link":"https:\/\/uj.adatbank.ro\/lexikon\/termek\/petelei-istvan-petelacz-istvan\/","title":{"rendered":"PETELEI Istv\u00e1n, Petel\u00e1cz Istv\u00e1n"},"content":{"rendered":"<p>Mv., 1819. szept. 18.., \u2020\u00a0Mv, 1900.: keresked\u0151. \u2013 Petel\u00e1cz M\u00e1rton \u00e9s Biluska Roz\u00e1lia fia. Feles\u00e9ge Istv\u00e1nfi M\u00e1ria.(1824\u20131875). Gyermekei: Roz\u00e1lia (1843\u20131847); Anna (1845\u20131907) Sombori J\u00e1nosn\u00e9 (Zetelaka, 1833-Mv., 1891); Irma, f\u00e9rje G\u00e1l J\u00e1nos (Sz\u00e9kelyudvarhely, 1894-?), fest\u0151m\u0171v\u00e9sz; Katalin (1846\u2013), M\u00e1rton (1847. dec. 25\u2013), Istv\u00e1n az \u00edr\u00f3 (1853\u20131910), J\u00e1nos, Margit, Erzs\u00e9bet V\u00e9gh B\u00e9l\u00e1n\u00e9. \u2013 Mv.-en volt keresked\u0151. <br \/><strong>Irod.:<\/strong> Mv.-i \u00f6rm\u00e9nyek; Marosi-KZST; P\u00e1l-Antal S\u00e1ndor: \u00d6rm\u00e9nyek Mv.-en 1848 el\u0151tt=Pusk\u00e1s-Sz\u00e1sz \u00c1v\u00e9d, Sz\u00e1va 2012<\/br><\/p>\n","protected":false},"excerpt":{"rendered":"<p>Mv., 1819. szept. 18.., \u2020\u00a0Mv, 1900.: keresked\u0151. \u2013 Petel\u00e1cz M\u00e1rton \u00e9s Biluska Roz\u00e1lia fia. Feles\u00e9ge Istv\u00e1nfi M\u00e1ria.(1824\u20131875). Gyermekei: Roz\u00e1lia (1843\u20131847); Anna (1845\u20131907) Sombori J\u00e1nosn\u00e9 (Zetelaka, 1833-Mv., 1891); Irma, f\u00e9rje G\u00e1l J\u00e1nos (Sz\u00e9kelyudvarhely, 1894-?), fest\u0151m\u0171v\u00e9sz; Katalin (1846\u2013), M\u00e1rton (1847. dec. 25\u2013), Istv\u00e1n az \u00edr\u00f3 (1853\u20131910), J\u00e1nos, Margit, Erzs\u00e9bet V\u00e9gh B\u00e9l\u00e1n\u00e9. \u2013 Mv.-en volt keresked\u0151. Irod.: Mv.-i [&hellip;]<\/p>\n","protected":false},"featured_media":0,"comment_status":"open","ping_status":"closed","template":"","meta":[],"product_brand":[],"product_cat":[137],"product_tag":[],"class_list":{"0":"post-17909","1":"product","2":"type-product","3":"status-publish","5":"product_cat-maros-megyei-eletrajzi-lexikon","7":"first","8":"instock","9":"shipping-taxable","10":"product-type-simple"},"_links":{"self":[{"href":"https:\/\/uj.adatbank.ro\/lexikon\/wp-json\/wp\/v2\/product\/17909","targetHints":{"allow":["GET"]}}],"collection":[{"href":"https:\/\/uj.adatbank.ro\/lexikon\/wp-json\/wp\/v2\/product"}],"about":[{"href":"https:\/\/uj.adatbank.ro\/lexikon\/wp-json\/wp\/v2\/types\/product"}],"replies":[{"embeddable":true,"href":"https:\/\/uj.adatbank.ro\/lexikon\/wp-json\/wp\/v2\/comments?post=17909"}],"wp:attachment":[{"href":"https:\/\/uj.adatbank.ro\/lexikon\/wp-json\/wp\/v2\/media?parent=17909"}],"wp:term":[{"taxonomy":"product_brand","embeddable":true,"href":"https:\/\/uj.adatbank.ro\/lexikon\/wp-json\/wp\/v2\/product_brand?post=17909"},{"taxonomy":"product_cat","embeddable":true,"href":"https:\/\/uj.adatbank.ro\/lexikon\/wp-json\/wp\/v2\/product_cat?post=17909"},{"taxonomy":"product_tag","embeddable":true,"href":"https:\/\/uj.adatbank.ro\/lexikon\/wp-json\/wp\/v2\/product_tag?post=17909"}],"curies":[{"name":"wp","href":"https:\/\/api.w.org\/{rel}","templated":true}]}}