{"id":17910,"date":"2025-07-16T10:32:34","date_gmt":"2025-07-16T08:32:34","guid":{"rendered":"https:\/\/uj.adatbank.ro\/lexikon\/termek\/petelei-istvanne-kozma-livia\/"},"modified":"2025-07-16T10:32:34","modified_gmt":"2025-07-16T08:32:34","slug":"petelei-istvanne-kozma-livia","status":"publish","type":"product","link":"https:\/\/uj.adatbank.ro\/lexikon\/termek\/petelei-istvanne-kozma-livia\/","title":{"rendered":"PETELEI Istv\u00e1nn\u00e9; Kozma L\u00edvia"},"content":{"rendered":"<p>1915 \u20201988: tan\u00e1r. \u2013 p\u00e9nz\u00fcgyi \u00e9s k\u00f6nyvviteli ismereteket oktatott. Az EMKE alap\u00edt\u00f3 \u00e9s \u00f6r\u00f6k\u00f6s tagja volt. <br \/><strong>Irod.:<\/strong> Mv.-i \u00f6rm\u00e9nyek; S\u00e1ndor<\/br><\/p>\n","protected":false},"excerpt":{"rendered":"<p>1915 \u20201988: tan\u00e1r. \u2013 p\u00e9nz\u00fcgyi \u00e9s k\u00f6nyvviteli ismereteket oktatott. Az EMKE alap\u00edt\u00f3 \u00e9s \u00f6r\u00f6k\u00f6s tagja volt. Irod.: Mv.-i \u00f6rm\u00e9nyek; S\u00e1ndor<\/p>\n","protected":false},"featured_media":0,"comment_status":"open","ping_status":"closed","template":"","meta":[],"product_brand":[],"product_cat":[137],"product_tag":[],"class_list":{"0":"post-17910","1":"product","2":"type-product","3":"status-publish","5":"product_cat-maros-megyei-eletrajzi-lexikon","7":"first","8":"instock","9":"shipping-taxable","10":"product-type-simple"},"_links":{"self":[{"href":"https:\/\/uj.adatbank.ro\/lexikon\/wp-json\/wp\/v2\/product\/17910","targetHints":{"allow":["GET"]}}],"collection":[{"href":"https:\/\/uj.adatbank.ro\/lexikon\/wp-json\/wp\/v2\/product"}],"about":[{"href":"https:\/\/uj.adatbank.ro\/lexikon\/wp-json\/wp\/v2\/types\/product"}],"replies":[{"embeddable":true,"href":"https:\/\/uj.adatbank.ro\/lexikon\/wp-json\/wp\/v2\/comments?post=17910"}],"wp:attachment":[{"href":"https:\/\/uj.adatbank.ro\/lexikon\/wp-json\/wp\/v2\/media?parent=17910"}],"wp:term":[{"taxonomy":"product_brand","embeddable":true,"href":"https:\/\/uj.adatbank.ro\/lexikon\/wp-json\/wp\/v2\/product_brand?post=17910"},{"taxonomy":"product_cat","embeddable":true,"href":"https:\/\/uj.adatbank.ro\/lexikon\/wp-json\/wp\/v2\/product_cat?post=17910"},{"taxonomy":"product_tag","embeddable":true,"href":"https:\/\/uj.adatbank.ro\/lexikon\/wp-json\/wp\/v2\/product_tag?post=17910"}],"curies":[{"name":"wp","href":"https:\/\/api.w.org\/{rel}","templated":true}]}}