{"id":17913,"date":"2025-07-16T10:32:41","date_gmt":"2025-07-16T08:32:41","guid":{"rendered":"https:\/\/uj.adatbank.ro\/lexikon\/termek\/petelei-livia-petelei-istvanne-kozma-livia\/"},"modified":"2025-07-16T10:32:41","modified_gmt":"2025-07-16T08:32:41","slug":"petelei-livia-petelei-istvanne-kozma-livia","status":"publish","type":"product","link":"https:\/\/uj.adatbank.ro\/lexikon\/termek\/petelei-livia-petelei-istvanne-kozma-livia\/","title":{"rendered":"PETELEI Livia; Petelei Istv\u00e1nn\u00e9, Kozma Livia"},"content":{"rendered":"<p>1915 k. \u2020\u00a0Mv., 1988. j\u00fal. 2.: tan\u00e1r. \u2013 Fels\u0151kereskedelmi Akad\u00e9mi\u00e1t v\u00e9gzett (1940), majd 2 \u00e9ves pedag\u00f3giai szemin\u00e1riumba j\u00e1rt \u00e9s gyors\u00edr\u00f3 tanfolyamot is v\u00e9gzett rom\u00e1n \u00e9s idegen nyelvekb\u0151l. Mv.-en tan\u00edtott a Kereskedelmi iskol\u00e1ban, p\u00e9nz\u00fcgyi \u00e9s k\u00f6nyvviteli ismereteket oktatott. a K\u00f6z\u00e9pfok\u00fa P\u00e9nz\u00fcgyi Iskol\u00e1ban. Aligazgat\u00f3 \u00e9s igazgat\u00f3 is volt. Ford\u00edt\u00f3k\u00e9nt r\u00e9szt vett a buk.-i Vil\u00e1gifj\u00fas\u00e1gi Tal\u00e1lkoz\u00f3n. <br \/><strong>Irod.:<\/strong> [Nekrol\u00f3g] (V. Z., 1988. j\u00fal. 5.); Omagiu; \u00d6rm\u00e9nnyek<\/br><\/p>\n","protected":false},"excerpt":{"rendered":"<p>1915 k. \u2020\u00a0Mv., 1988. j\u00fal. 2.: tan\u00e1r. \u2013 Fels\u0151kereskedelmi Akad\u00e9mi\u00e1t v\u00e9gzett (1940), majd 2 \u00e9ves pedag\u00f3giai szemin\u00e1riumba j\u00e1rt \u00e9s gyors\u00edr\u00f3 tanfolyamot is v\u00e9gzett rom\u00e1n \u00e9s idegen nyelvekb\u0151l. Mv.-en tan\u00edtott a Kereskedelmi iskol\u00e1ban, p\u00e9nz\u00fcgyi \u00e9s k\u00f6nyvviteli ismereteket oktatott. a K\u00f6z\u00e9pfok\u00fa P\u00e9nz\u00fcgyi Iskol\u00e1ban. Aligazgat\u00f3 \u00e9s igazgat\u00f3 is volt. Ford\u00edt\u00f3k\u00e9nt r\u00e9szt vett a buk.-i Vil\u00e1gifj\u00fas\u00e1gi Tal\u00e1lkoz\u00f3n. Irod.: [Nekrol\u00f3g] [&hellip;]<\/p>\n","protected":false},"featured_media":0,"comment_status":"open","ping_status":"closed","template":"","meta":[],"product_brand":[],"product_cat":[137],"product_tag":[],"class_list":{"0":"post-17913","1":"product","2":"type-product","3":"status-publish","5":"product_cat-maros-megyei-eletrajzi-lexikon","7":"first","8":"instock","9":"shipping-taxable","10":"product-type-simple"},"_links":{"self":[{"href":"https:\/\/uj.adatbank.ro\/lexikon\/wp-json\/wp\/v2\/product\/17913","targetHints":{"allow":["GET"]}}],"collection":[{"href":"https:\/\/uj.adatbank.ro\/lexikon\/wp-json\/wp\/v2\/product"}],"about":[{"href":"https:\/\/uj.adatbank.ro\/lexikon\/wp-json\/wp\/v2\/types\/product"}],"replies":[{"embeddable":true,"href":"https:\/\/uj.adatbank.ro\/lexikon\/wp-json\/wp\/v2\/comments?post=17913"}],"wp:attachment":[{"href":"https:\/\/uj.adatbank.ro\/lexikon\/wp-json\/wp\/v2\/media?parent=17913"}],"wp:term":[{"taxonomy":"product_brand","embeddable":true,"href":"https:\/\/uj.adatbank.ro\/lexikon\/wp-json\/wp\/v2\/product_brand?post=17913"},{"taxonomy":"product_cat","embeddable":true,"href":"https:\/\/uj.adatbank.ro\/lexikon\/wp-json\/wp\/v2\/product_cat?post=17913"},{"taxonomy":"product_tag","embeddable":true,"href":"https:\/\/uj.adatbank.ro\/lexikon\/wp-json\/wp\/v2\/product_tag?post=17913"}],"curies":[{"name":"wp","href":"https:\/\/api.w.org\/{rel}","templated":true}]}}