{"id":17959,"date":"2025-07-16T10:34:20","date_gmt":"2025-07-16T08:34:20","guid":{"rendered":"https:\/\/uj.adatbank.ro\/lexikon\/termek\/peter-janos\/"},"modified":"2025-07-16T10:34:20","modified_gmt":"2025-07-16T08:34:20","slug":"peter-janos","status":"publish","type":"product","link":"https:\/\/uj.adatbank.ro\/lexikon\/termek\/peter-janos\/","title":{"rendered":"P\u00c9TER J\u00e1nos"},"content":{"rendered":"<p>? \u2020\u00a0?:\u00a0sz\u00edn\u00e9sz. \u2013 A Mv. Sz\u00e9kely Sz\u00ednh\u00e1zban j\u00e1tszott (1946\u20131948 ). \u2013 F.sz..: Farkasb\u0151r (***Marci, mint Robinson); Ujs\u00e1g\u00edr\u00f3 (Vaszary G\u00e1bor: Mondj igazat); M\u00e1sodik di\u00e1k (L. Rachmanov: Viharos alkonyat); Pinc\u00e9r (Schubert- Bert\u00e9: H\u00e1rom a kisl\u00e1ny); 2. pinc\u00e9r (Carlo de Fries: Ilyenek a f\u00e9rfiak); Viktor, pinc\u00e9r (A. Bisson: A n\u00e9vtelen asszony); J\u00f3ska (K\u00e1lm\u00e1n Imre: Az obsitos); La Merluche, Harpagon inasa (Moliere: A f\u00f6sv\u00e9ny); Pali, udvari szolga (Eisemann M.: Vadvir\u00e1g); Tepsi, cig\u00e1ny (G\u00e1rdonyi G\u00e9za: A bor); Novosz\u00e1d (Gy\u00f6ngy P\u00e1l: H\u00e1rom ember a h\u00f3ban); G\u00fcgye (M\u00f3ricz Zsigmond: S\u00e1ri b\u00edr\u00f3). <br \/><strong>Irod.:<\/strong> Horv\u00e1th Bea<\/br><\/p>\n","protected":false},"excerpt":{"rendered":"<p>? \u2020\u00a0?:\u00a0sz\u00edn\u00e9sz. \u2013 A Mv. Sz\u00e9kely Sz\u00ednh\u00e1zban j\u00e1tszott (1946\u20131948 ). \u2013 F.sz..: Farkasb\u0151r (***Marci, mint Robinson); Ujs\u00e1g\u00edr\u00f3 (Vaszary G\u00e1bor: Mondj igazat); M\u00e1sodik di\u00e1k (L. Rachmanov: Viharos alkonyat); Pinc\u00e9r (Schubert- Bert\u00e9: H\u00e1rom a kisl\u00e1ny); 2. pinc\u00e9r (Carlo de Fries: Ilyenek a f\u00e9rfiak); Viktor, pinc\u00e9r (A. Bisson: A n\u00e9vtelen asszony); J\u00f3ska (K\u00e1lm\u00e1n Imre: Az obsitos); La Merluche, [&hellip;]<\/p>\n","protected":false},"featured_media":0,"comment_status":"open","ping_status":"closed","template":"","meta":[],"product_brand":[],"product_cat":[137],"product_tag":[],"class_list":{"0":"post-17959","1":"product","2":"type-product","3":"status-publish","5":"product_cat-maros-megyei-eletrajzi-lexikon","7":"first","8":"instock","9":"shipping-taxable","10":"product-type-simple"},"_links":{"self":[{"href":"https:\/\/uj.adatbank.ro\/lexikon\/wp-json\/wp\/v2\/product\/17959","targetHints":{"allow":["GET"]}}],"collection":[{"href":"https:\/\/uj.adatbank.ro\/lexikon\/wp-json\/wp\/v2\/product"}],"about":[{"href":"https:\/\/uj.adatbank.ro\/lexikon\/wp-json\/wp\/v2\/types\/product"}],"replies":[{"embeddable":true,"href":"https:\/\/uj.adatbank.ro\/lexikon\/wp-json\/wp\/v2\/comments?post=17959"}],"wp:attachment":[{"href":"https:\/\/uj.adatbank.ro\/lexikon\/wp-json\/wp\/v2\/media?parent=17959"}],"wp:term":[{"taxonomy":"product_brand","embeddable":true,"href":"https:\/\/uj.adatbank.ro\/lexikon\/wp-json\/wp\/v2\/product_brand?post=17959"},{"taxonomy":"product_cat","embeddable":true,"href":"https:\/\/uj.adatbank.ro\/lexikon\/wp-json\/wp\/v2\/product_cat?post=17959"},{"taxonomy":"product_tag","embeddable":true,"href":"https:\/\/uj.adatbank.ro\/lexikon\/wp-json\/wp\/v2\/product_tag?post=17959"}],"curies":[{"name":"wp","href":"https:\/\/api.w.org\/{rel}","templated":true}]}}