{"id":1796,"date":"2025-06-28T11:53:25","date_gmt":"2025-06-28T09:53:25","guid":{"rendered":"https:\/\/uj.adatbank.ro\/lexikon\/termek\/babonits-magda-wiener-ferencne\/"},"modified":"2025-06-28T11:53:25","modified_gmt":"2025-06-28T09:53:25","slug":"babonits-magda-wiener-ferencne","status":"publish","type":"product","link":"https:\/\/uj.adatbank.ro\/lexikon\/termek\/babonits-magda-wiener-ferencne\/","title":{"rendered":"BABONITS Magda, Wiener Ferencn\u00e9"},"content":{"rendered":"<p>? \u2020\u00a0?: egyetemi tan\u00e1r \u2013 A MOGYI parazitol\u00f3giai int\u00e9zet\u00e9ben lett tan\u00e1rseg\u00e9d (1969\u2013), majd a biol\u00f3gia tansz\u00e9kre ker\u00fclt el\u0151bb helyettesk\u00e9nt, majd kinevezett tan\u00e1rk\u00e9nt (1973 \u201376), f\u00e9rje ut\u00e1n \u00e1ttelepedett Sv\u00e9do.-ba. <br \/><strong>Irod.:<\/strong> Dezs\u0151 Istv\u00e1n<\/br><\/p>\n","protected":false},"excerpt":{"rendered":"<p>? \u2020\u00a0?: egyetemi tan\u00e1r \u2013 A MOGYI parazitol\u00f3giai int\u00e9zet\u00e9ben lett tan\u00e1rseg\u00e9d (1969\u2013), majd a biol\u00f3gia tansz\u00e9kre ker\u00fclt el\u0151bb helyettesk\u00e9nt, majd kinevezett tan\u00e1rk\u00e9nt (1973 \u201376), f\u00e9rje ut\u00e1n \u00e1ttelepedett Sv\u00e9do.-ba. Irod.: Dezs\u0151 Istv\u00e1n<\/p>\n","protected":false},"featured_media":0,"comment_status":"open","ping_status":"closed","template":"","meta":[],"product_brand":[],"product_cat":[137],"product_tag":[],"class_list":{"0":"post-1796","1":"product","2":"type-product","3":"status-publish","5":"product_cat-maros-megyei-eletrajzi-lexikon","7":"first","8":"instock","9":"shipping-taxable","10":"product-type-simple"},"_links":{"self":[{"href":"https:\/\/uj.adatbank.ro\/lexikon\/wp-json\/wp\/v2\/product\/1796","targetHints":{"allow":["GET"]}}],"collection":[{"href":"https:\/\/uj.adatbank.ro\/lexikon\/wp-json\/wp\/v2\/product"}],"about":[{"href":"https:\/\/uj.adatbank.ro\/lexikon\/wp-json\/wp\/v2\/types\/product"}],"replies":[{"embeddable":true,"href":"https:\/\/uj.adatbank.ro\/lexikon\/wp-json\/wp\/v2\/comments?post=1796"}],"wp:attachment":[{"href":"https:\/\/uj.adatbank.ro\/lexikon\/wp-json\/wp\/v2\/media?parent=1796"}],"wp:term":[{"taxonomy":"product_brand","embeddable":true,"href":"https:\/\/uj.adatbank.ro\/lexikon\/wp-json\/wp\/v2\/product_brand?post=1796"},{"taxonomy":"product_cat","embeddable":true,"href":"https:\/\/uj.adatbank.ro\/lexikon\/wp-json\/wp\/v2\/product_cat?post=1796"},{"taxonomy":"product_tag","embeddable":true,"href":"https:\/\/uj.adatbank.ro\/lexikon\/wp-json\/wp\/v2\/product_tag?post=1796"}],"curies":[{"name":"wp","href":"https:\/\/api.w.org\/{rel}","templated":true}]}}