{"id":17961,"date":"2025-07-16T10:34:22","date_gmt":"2025-07-16T08:34:22","guid":{"rendered":"https:\/\/uj.adatbank.ro\/lexikon\/termek\/peter-jozsef-2\/"},"modified":"2025-07-16T10:34:22","modified_gmt":"2025-07-16T08:34:22","slug":"peter-jozsef-2","status":"publish","type":"product","link":"https:\/\/uj.adatbank.ro\/lexikon\/termek\/peter-jozsef-2\/","title":{"rendered":"P\u00c9TER J\u00f3zsef"},"content":{"rendered":"<p>? \u2020\u00a0?: tan\u00edt\u00f3. -. Sz\u00e9kelycs\u00f3k\u00e1n tan\u00edtott (1864\u201365). Felekezeti k\u00e1ntortan\u00edt\u00f3 Rav\u00e1ban (1915\u201328. \u00e9s 1946\u201348). <br \/><strong>Irod.:<\/strong> Rava; Sz\u00e9kelycs\u00f3ka<\/br><\/p>\n","protected":false},"excerpt":{"rendered":"<p>? \u2020\u00a0?: tan\u00edt\u00f3. -. Sz\u00e9kelycs\u00f3k\u00e1n tan\u00edtott (1864\u201365). Felekezeti k\u00e1ntortan\u00edt\u00f3 Rav\u00e1ban (1915\u201328. \u00e9s 1946\u201348). Irod.: Rava; Sz\u00e9kelycs\u00f3ka<\/p>\n","protected":false},"featured_media":0,"comment_status":"open","ping_status":"closed","template":"","meta":[],"product_brand":[],"product_cat":[137],"product_tag":[],"class_list":{"0":"post-17961","1":"product","2":"type-product","3":"status-publish","5":"product_cat-maros-megyei-eletrajzi-lexikon","7":"first","8":"instock","9":"shipping-taxable","10":"product-type-simple"},"_links":{"self":[{"href":"https:\/\/uj.adatbank.ro\/lexikon\/wp-json\/wp\/v2\/product\/17961","targetHints":{"allow":["GET"]}}],"collection":[{"href":"https:\/\/uj.adatbank.ro\/lexikon\/wp-json\/wp\/v2\/product"}],"about":[{"href":"https:\/\/uj.adatbank.ro\/lexikon\/wp-json\/wp\/v2\/types\/product"}],"replies":[{"embeddable":true,"href":"https:\/\/uj.adatbank.ro\/lexikon\/wp-json\/wp\/v2\/comments?post=17961"}],"wp:attachment":[{"href":"https:\/\/uj.adatbank.ro\/lexikon\/wp-json\/wp\/v2\/media?parent=17961"}],"wp:term":[{"taxonomy":"product_brand","embeddable":true,"href":"https:\/\/uj.adatbank.ro\/lexikon\/wp-json\/wp\/v2\/product_brand?post=17961"},{"taxonomy":"product_cat","embeddable":true,"href":"https:\/\/uj.adatbank.ro\/lexikon\/wp-json\/wp\/v2\/product_cat?post=17961"},{"taxonomy":"product_tag","embeddable":true,"href":"https:\/\/uj.adatbank.ro\/lexikon\/wp-json\/wp\/v2\/product_tag?post=17961"}],"curies":[{"name":"wp","href":"https:\/\/api.w.org\/{rel}","templated":true}]}}