{"id":1797,"date":"2025-06-28T11:53:26","date_gmt":"2025-06-28T09:53:26","guid":{"rendered":"https:\/\/uj.adatbank.ro\/lexikon\/termek\/babos-bertalan\/"},"modified":"2025-06-28T11:53:26","modified_gmt":"2025-06-28T09:53:26","slug":"babos-bertalan","status":"publish","type":"product","link":"https:\/\/uj.adatbank.ro\/lexikon\/termek\/babos-bertalan\/","title":{"rendered":"BABOS Bertalan"},"content":{"rendered":"<p>? \u2020\u00a0? tan\u00edt\u00f3. \u2013 Feles\u00e9ge: Ilona. \u2013 Mind a ketten Sz\u00e9kelykakasdon tan\u00edtottak. Bertalan (1948\u201383), Ilona (1948\u201374). A tan\u00edt\u00e1s mellett sz\u00edndarrabokat, \u00fcnnep\u00e9lyeket, el\u0151ad\u00e1sokat szerveztek. Bertalan futballcsapatot l\u00e9tes\u00edtett, pap. <br \/><strong>Irod.:<\/strong> Sz\u00e9kelykakasd<\/br><\/p>\n","protected":false},"excerpt":{"rendered":"<p>? \u2020\u00a0? tan\u00edt\u00f3. \u2013 Feles\u00e9ge: Ilona. \u2013 Mind a ketten Sz\u00e9kelykakasdon tan\u00edtottak. Bertalan (1948\u201383), Ilona (1948\u201374). A tan\u00edt\u00e1s mellett sz\u00edndarrabokat, \u00fcnnep\u00e9lyeket, el\u0151ad\u00e1sokat szerveztek. Bertalan futballcsapatot l\u00e9tes\u00edtett, pap. Irod.: Sz\u00e9kelykakasd<\/p>\n","protected":false},"featured_media":0,"comment_status":"open","ping_status":"closed","template":"","meta":[],"product_brand":[],"product_cat":[137],"product_tag":[],"class_list":{"0":"post-1797","1":"product","2":"type-product","3":"status-publish","5":"product_cat-maros-megyei-eletrajzi-lexikon","7":"first","8":"instock","9":"shipping-taxable","10":"product-type-simple"},"_links":{"self":[{"href":"https:\/\/uj.adatbank.ro\/lexikon\/wp-json\/wp\/v2\/product\/1797","targetHints":{"allow":["GET"]}}],"collection":[{"href":"https:\/\/uj.adatbank.ro\/lexikon\/wp-json\/wp\/v2\/product"}],"about":[{"href":"https:\/\/uj.adatbank.ro\/lexikon\/wp-json\/wp\/v2\/types\/product"}],"replies":[{"embeddable":true,"href":"https:\/\/uj.adatbank.ro\/lexikon\/wp-json\/wp\/v2\/comments?post=1797"}],"wp:attachment":[{"href":"https:\/\/uj.adatbank.ro\/lexikon\/wp-json\/wp\/v2\/media?parent=1797"}],"wp:term":[{"taxonomy":"product_brand","embeddable":true,"href":"https:\/\/uj.adatbank.ro\/lexikon\/wp-json\/wp\/v2\/product_brand?post=1797"},{"taxonomy":"product_cat","embeddable":true,"href":"https:\/\/uj.adatbank.ro\/lexikon\/wp-json\/wp\/v2\/product_cat?post=1797"},{"taxonomy":"product_tag","embeddable":true,"href":"https:\/\/uj.adatbank.ro\/lexikon\/wp-json\/wp\/v2\/product_tag?post=1797"}],"curies":[{"name":"wp","href":"https:\/\/api.w.org\/{rel}","templated":true}]}}