{"id":17974,"date":"2025-07-16T10:34:52","date_gmt":"2025-07-16T08:34:52","guid":{"rendered":"https:\/\/uj.adatbank.ro\/lexikon\/termek\/peter-viktor-homorodszentpali\/"},"modified":"2025-07-16T10:34:52","modified_gmt":"2025-07-16T08:34:52","slug":"peter-viktor-homorodszentpali","status":"publish","type":"product","link":"https:\/\/uj.adatbank.ro\/lexikon\/termek\/peter-viktor-homorodszentpali\/","title":{"rendered":"P\u00c9TER Viktor, homor\u00f3dszentp\u00e1li"},"content":{"rendered":"<p>Sz\u00e9kelyszentistv\u00e1n, 1873., \u2020\u00a0?: ig.-tan\u00edt\u00f3. \u2013 Nagyenyeden v\u00e9gezte tanulm\u00e1nyait Sz\u00e9kelyszentistv\u00e1non (1892\u2013) tan\u00edtott \u00e9s ig. is volt. Hossz\u00fa \u00e9rdemd\u00fas szolg\u00e1lat ut\u00e1n vonult nyugalomba (1930). Az els\u0151 vh.-ban a 22. gy. e.-ben a szerb harct\u00e9ren k\u00fczd\u00f6tt, mint sz\u00e1zados szerelt le.. <br \/><strong>Irod.:<\/strong> Sz\u00e9kelyf\u00f6ld \u00ed.k.<\/br><\/p>\n","protected":false},"excerpt":{"rendered":"<p>Sz\u00e9kelyszentistv\u00e1n, 1873., \u2020\u00a0?: ig.-tan\u00edt\u00f3. \u2013 Nagyenyeden v\u00e9gezte tanulm\u00e1nyait Sz\u00e9kelyszentistv\u00e1non (1892\u2013) tan\u00edtott \u00e9s ig. is volt. Hossz\u00fa \u00e9rdemd\u00fas szolg\u00e1lat ut\u00e1n vonult nyugalomba (1930). Az els\u0151 vh.-ban a 22. gy. e.-ben a szerb harct\u00e9ren k\u00fczd\u00f6tt, mint sz\u00e1zados szerelt le.. Irod.: Sz\u00e9kelyf\u00f6ld \u00ed.k.<\/p>\n","protected":false},"featured_media":0,"comment_status":"open","ping_status":"closed","template":"","meta":[],"product_brand":[],"product_cat":[137],"product_tag":[],"class_list":{"0":"post-17974","1":"product","2":"type-product","3":"status-publish","5":"product_cat-maros-megyei-eletrajzi-lexikon","7":"first","8":"instock","9":"shipping-taxable","10":"product-type-simple"},"_links":{"self":[{"href":"https:\/\/uj.adatbank.ro\/lexikon\/wp-json\/wp\/v2\/product\/17974","targetHints":{"allow":["GET"]}}],"collection":[{"href":"https:\/\/uj.adatbank.ro\/lexikon\/wp-json\/wp\/v2\/product"}],"about":[{"href":"https:\/\/uj.adatbank.ro\/lexikon\/wp-json\/wp\/v2\/types\/product"}],"replies":[{"embeddable":true,"href":"https:\/\/uj.adatbank.ro\/lexikon\/wp-json\/wp\/v2\/comments?post=17974"}],"wp:attachment":[{"href":"https:\/\/uj.adatbank.ro\/lexikon\/wp-json\/wp\/v2\/media?parent=17974"}],"wp:term":[{"taxonomy":"product_brand","embeddable":true,"href":"https:\/\/uj.adatbank.ro\/lexikon\/wp-json\/wp\/v2\/product_brand?post=17974"},{"taxonomy":"product_cat","embeddable":true,"href":"https:\/\/uj.adatbank.ro\/lexikon\/wp-json\/wp\/v2\/product_cat?post=17974"},{"taxonomy":"product_tag","embeddable":true,"href":"https:\/\/uj.adatbank.ro\/lexikon\/wp-json\/wp\/v2\/product_tag?post=17974"}],"curies":[{"name":"wp","href":"https:\/\/api.w.org\/{rel}","templated":true}]}}