{"id":17975,"date":"2025-07-16T10:34:53","date_gmt":"2025-07-16T08:34:53","guid":{"rendered":"https:\/\/uj.adatbank.ro\/lexikon\/termek\/peter-viktor-ifj\/"},"modified":"2025-07-16T10:34:53","modified_gmt":"2025-07-16T08:34:53","slug":"peter-viktor-ifj","status":"publish","type":"product","link":"https:\/\/uj.adatbank.ro\/lexikon\/termek\/peter-viktor-ifj\/","title":{"rendered":"P\u00c9TER Viktor, ifj."},"content":{"rendered":"<p>Sz\u00e9kelyvaja, 1907., \u2020\u00a0?: ref. k\u00e1ntortan\u00edt\u00f3. \u2013 Tanulm\u00e1nyait Nagyenyeden v\u00e9gezte. A Sz\u00e9kelyf\u00f6ld t\u00f6bb k\u00f6zs\u00e9ge ut\u00e1n Sz\u00e9kelyvaj\u00e1ban tan\u00edtott. A ref. egyh\u00e1z jegyz\u0151je, a Gazdak\u00f6r \u00fcgyvezet\u0151je, a Tejsz\u00f6vetkezet ellen\u0151re, az ifj\u00fas\u00e1gi egyes\u00fclet eln\u00f6ke volt. Minden kultur\u00e1lis \u00e9s szoci\u00e1lis egyes\u00fclet m\u0171k\u00f6d\u00e9s\u00e9ben r\u00e9szt vett.. <br \/><strong>Irod.:<\/strong> Sz\u00e9kelyf\u00f6ld \u00ed.k.<\/br><\/p>\n","protected":false},"excerpt":{"rendered":"<p>Sz\u00e9kelyvaja, 1907., \u2020\u00a0?: ref. k\u00e1ntortan\u00edt\u00f3. \u2013 Tanulm\u00e1nyait Nagyenyeden v\u00e9gezte. A Sz\u00e9kelyf\u00f6ld t\u00f6bb k\u00f6zs\u00e9ge ut\u00e1n Sz\u00e9kelyvaj\u00e1ban tan\u00edtott. A ref. egyh\u00e1z jegyz\u0151je, a Gazdak\u00f6r \u00fcgyvezet\u0151je, a Tejsz\u00f6vetkezet ellen\u0151re, az ifj\u00fas\u00e1gi egyes\u00fclet eln\u00f6ke volt. Minden kultur\u00e1lis \u00e9s szoci\u00e1lis egyes\u00fclet m\u0171k\u00f6d\u00e9s\u00e9ben r\u00e9szt vett.. Irod.: Sz\u00e9kelyf\u00f6ld \u00ed.k.<\/p>\n","protected":false},"featured_media":0,"comment_status":"open","ping_status":"closed","template":"","meta":[],"product_brand":[],"product_cat":[137],"product_tag":[],"class_list":{"0":"post-17975","1":"product","2":"type-product","3":"status-publish","5":"product_cat-maros-megyei-eletrajzi-lexikon","7":"first","8":"instock","9":"shipping-taxable","10":"product-type-simple"},"_links":{"self":[{"href":"https:\/\/uj.adatbank.ro\/lexikon\/wp-json\/wp\/v2\/product\/17975","targetHints":{"allow":["GET"]}}],"collection":[{"href":"https:\/\/uj.adatbank.ro\/lexikon\/wp-json\/wp\/v2\/product"}],"about":[{"href":"https:\/\/uj.adatbank.ro\/lexikon\/wp-json\/wp\/v2\/types\/product"}],"replies":[{"embeddable":true,"href":"https:\/\/uj.adatbank.ro\/lexikon\/wp-json\/wp\/v2\/comments?post=17975"}],"wp:attachment":[{"href":"https:\/\/uj.adatbank.ro\/lexikon\/wp-json\/wp\/v2\/media?parent=17975"}],"wp:term":[{"taxonomy":"product_brand","embeddable":true,"href":"https:\/\/uj.adatbank.ro\/lexikon\/wp-json\/wp\/v2\/product_brand?post=17975"},{"taxonomy":"product_cat","embeddable":true,"href":"https:\/\/uj.adatbank.ro\/lexikon\/wp-json\/wp\/v2\/product_cat?post=17975"},{"taxonomy":"product_tag","embeddable":true,"href":"https:\/\/uj.adatbank.ro\/lexikon\/wp-json\/wp\/v2\/product_tag?post=17975"}],"curies":[{"name":"wp","href":"https:\/\/api.w.org\/{rel}","templated":true}]}}