{"id":17976,"date":"2025-07-16T10:34:57","date_gmt":"2025-07-16T08:34:57","guid":{"rendered":"https:\/\/uj.adatbank.ro\/lexikon\/termek\/peterfalvi-janos\/"},"modified":"2025-07-16T10:34:57","modified_gmt":"2025-07-16T08:34:57","slug":"peterfalvi-janos","status":"publish","type":"product","link":"https:\/\/uj.adatbank.ro\/lexikon\/termek\/peterfalvi-janos\/","title":{"rendered":"P\u00c9TERFALVI J\u00e1nos"},"content":{"rendered":"<p>? \u2020 ?: tan\u00edt\u00f3. \u2013 Tan\u00edtott Kerel\u0151szentp\u00e1lon (1721\u201323), Nagykenden (1724\u201325, 1749\u201351), V\u00e1mosg\u00e1lfalv\u00e1n (1726\u201328), Cs\u00e1v\u00e1son (1739\u201348, 1756\u201366) \u00e9s Magyarherep\u00e9n (1752\u201355).Lehet, hogy \u0151 tan\u00edtott m\u00e9g S\u00f6v\u00e9nyfalv\u00e1n is (1779\u201380). \u2013 Irod: Kend \u00e9s egyh\u00e1za; K\u00fck\u00fcll\u0151i Ref. Egyh\u00e1zm. 1., 2., 3., 4.<\/br><\/p>\n","protected":false},"excerpt":{"rendered":"<p>? \u2020 ?: tan\u00edt\u00f3. \u2013 Tan\u00edtott Kerel\u0151szentp\u00e1lon (1721\u201323), Nagykenden (1724\u201325, 1749\u201351), V\u00e1mosg\u00e1lfalv\u00e1n (1726\u201328), Cs\u00e1v\u00e1son (1739\u201348, 1756\u201366) \u00e9s Magyarherep\u00e9n (1752\u201355).Lehet, hogy \u0151 tan\u00edtott m\u00e9g S\u00f6v\u00e9nyfalv\u00e1n is (1779\u201380). \u2013 Irod: Kend \u00e9s egyh\u00e1za; K\u00fck\u00fcll\u0151i Ref. Egyh\u00e1zm. 1., 2., 3., 4.<\/p>\n","protected":false},"featured_media":0,"comment_status":"open","ping_status":"closed","template":"","meta":[],"product_brand":[],"product_cat":[137],"product_tag":[],"class_list":{"0":"post-17976","1":"product","2":"type-product","3":"status-publish","5":"product_cat-maros-megyei-eletrajzi-lexikon","7":"first","8":"instock","9":"shipping-taxable","10":"product-type-simple"},"_links":{"self":[{"href":"https:\/\/uj.adatbank.ro\/lexikon\/wp-json\/wp\/v2\/product\/17976","targetHints":{"allow":["GET"]}}],"collection":[{"href":"https:\/\/uj.adatbank.ro\/lexikon\/wp-json\/wp\/v2\/product"}],"about":[{"href":"https:\/\/uj.adatbank.ro\/lexikon\/wp-json\/wp\/v2\/types\/product"}],"replies":[{"embeddable":true,"href":"https:\/\/uj.adatbank.ro\/lexikon\/wp-json\/wp\/v2\/comments?post=17976"}],"wp:attachment":[{"href":"https:\/\/uj.adatbank.ro\/lexikon\/wp-json\/wp\/v2\/media?parent=17976"}],"wp:term":[{"taxonomy":"product_brand","embeddable":true,"href":"https:\/\/uj.adatbank.ro\/lexikon\/wp-json\/wp\/v2\/product_brand?post=17976"},{"taxonomy":"product_cat","embeddable":true,"href":"https:\/\/uj.adatbank.ro\/lexikon\/wp-json\/wp\/v2\/product_cat?post=17976"},{"taxonomy":"product_tag","embeddable":true,"href":"https:\/\/uj.adatbank.ro\/lexikon\/wp-json\/wp\/v2\/product_tag?post=17976"}],"curies":[{"name":"wp","href":"https:\/\/api.w.org\/{rel}","templated":true}]}}