{"id":1798,"date":"2025-06-28T11:53:28","date_gmt":"2025-06-28T09:53:28","guid":{"rendered":"https:\/\/uj.adatbank.ro\/lexikon\/termek\/babos-gabor\/"},"modified":"2025-06-28T11:53:28","modified_gmt":"2025-06-28T09:53:28","slug":"babos-gabor","status":"publish","type":"product","link":"https:\/\/uj.adatbank.ro\/lexikon\/termek\/babos-gabor\/","title":{"rendered":"BABOS G\u00e1bor"},"content":{"rendered":"<p>Sz\u00e1szh\u00e1z, 1950. dec. 18., \u2020 2008. okt. 6.: r. k. pap. Papp\u00e1 szentelt\u00e9k (1975. j\u00fan. 22.). \u2013 K\u00e1pl\u00e1n volt Kv.-on. Lelk\u00e9sz Maros\u00fajv\u00e1ron (1979\u2013) \u00e9s pl\u00e9b\u00e1nos \u00c1kosfalv\u00e1n (1984\u201385). K\u00e1pl\u00e1n Gyergy\u00f3\u00fajfaluban (1985\u2013), majd felf\u00fcggesztett\u00e9k (1987). <br \/><strong>Irod.:<\/strong> Ferenczi S\u00e1ndor 2009; Maros-k\u00fck\u00fcll\u0151i f\u0151esp.<\/br><\/p>\n","protected":false},"excerpt":{"rendered":"<p>Sz\u00e1szh\u00e1z, 1950. dec. 18., \u2020 2008. okt. 6.: r. k. pap. Papp\u00e1 szentelt\u00e9k (1975. j\u00fan. 22.). \u2013 K\u00e1pl\u00e1n volt Kv.-on. Lelk\u00e9sz Maros\u00fajv\u00e1ron (1979\u2013) \u00e9s pl\u00e9b\u00e1nos \u00c1kosfalv\u00e1n (1984\u201385). K\u00e1pl\u00e1n Gyergy\u00f3\u00fajfaluban (1985\u2013), majd felf\u00fcggesztett\u00e9k (1987). Irod.: Ferenczi S\u00e1ndor 2009; Maros-k\u00fck\u00fcll\u0151i f\u0151esp.<\/p>\n","protected":false},"featured_media":0,"comment_status":"open","ping_status":"closed","template":"","meta":[],"product_brand":[],"product_cat":[137],"product_tag":[],"class_list":{"0":"post-1798","1":"product","2":"type-product","3":"status-publish","5":"product_cat-maros-megyei-eletrajzi-lexikon","7":"first","8":"instock","9":"shipping-taxable","10":"product-type-simple"},"_links":{"self":[{"href":"https:\/\/uj.adatbank.ro\/lexikon\/wp-json\/wp\/v2\/product\/1798","targetHints":{"allow":["GET"]}}],"collection":[{"href":"https:\/\/uj.adatbank.ro\/lexikon\/wp-json\/wp\/v2\/product"}],"about":[{"href":"https:\/\/uj.adatbank.ro\/lexikon\/wp-json\/wp\/v2\/types\/product"}],"replies":[{"embeddable":true,"href":"https:\/\/uj.adatbank.ro\/lexikon\/wp-json\/wp\/v2\/comments?post=1798"}],"wp:attachment":[{"href":"https:\/\/uj.adatbank.ro\/lexikon\/wp-json\/wp\/v2\/media?parent=1798"}],"wp:term":[{"taxonomy":"product_brand","embeddable":true,"href":"https:\/\/uj.adatbank.ro\/lexikon\/wp-json\/wp\/v2\/product_brand?post=1798"},{"taxonomy":"product_cat","embeddable":true,"href":"https:\/\/uj.adatbank.ro\/lexikon\/wp-json\/wp\/v2\/product_cat?post=1798"},{"taxonomy":"product_tag","embeddable":true,"href":"https:\/\/uj.adatbank.ro\/lexikon\/wp-json\/wp\/v2\/product_tag?post=1798"}],"curies":[{"name":"wp","href":"https:\/\/api.w.org\/{rel}","templated":true}]}}