{"id":17988,"date":"2025-07-16T10:35:22","date_gmt":"2025-07-16T08:35:22","guid":{"rendered":"https:\/\/uj.adatbank.ro\/lexikon\/termek\/peterffy-istvan-kibedi\/"},"modified":"2025-07-16T10:35:22","modified_gmt":"2025-07-16T08:35:22","slug":"peterffy-istvan-kibedi","status":"publish","type":"product","link":"https:\/\/uj.adatbank.ro\/lexikon\/termek\/peterffy-istvan-kibedi\/","title":{"rendered":"P\u00c9TERFFY Istv\u00e1n, kib\u00e9di"},"content":{"rendered":"<p>? \u2020\u00a0?: gazdatiszt. \u2013 Feles\u00e9ge: L\u00e9czfalvi Mih\u00e1ly Kl\u00e1ra.h Gr. Mikes udvarban \u00c1d\u00e1moson gazdatiszt. Birtokos a feles\u00e9ge hozta birtokon. Majd \u00e1d\u00e1mosi birtokos. \u2013 Feles\u00e9ge: L\u00e9czfalvi Mih\u00e1ly Kl\u00e1ra. \u2013<\/br><\/p>\n","protected":false},"excerpt":{"rendered":"<p>? \u2020\u00a0?: gazdatiszt. \u2013 Feles\u00e9ge: L\u00e9czfalvi Mih\u00e1ly Kl\u00e1ra.h Gr. Mikes udvarban \u00c1d\u00e1moson gazdatiszt. Birtokos a feles\u00e9ge hozta birtokon. Majd \u00e1d\u00e1mosi birtokos. \u2013 Feles\u00e9ge: L\u00e9czfalvi Mih\u00e1ly Kl\u00e1ra. \u2013<\/p>\n","protected":false},"featured_media":0,"comment_status":"open","ping_status":"closed","template":"","meta":[],"product_brand":[],"product_cat":[137],"product_tag":[],"class_list":{"0":"post-17988","1":"product","2":"type-product","3":"status-publish","5":"product_cat-maros-megyei-eletrajzi-lexikon","7":"first","8":"instock","9":"shipping-taxable","10":"product-type-simple"},"_links":{"self":[{"href":"https:\/\/uj.adatbank.ro\/lexikon\/wp-json\/wp\/v2\/product\/17988","targetHints":{"allow":["GET"]}}],"collection":[{"href":"https:\/\/uj.adatbank.ro\/lexikon\/wp-json\/wp\/v2\/product"}],"about":[{"href":"https:\/\/uj.adatbank.ro\/lexikon\/wp-json\/wp\/v2\/types\/product"}],"replies":[{"embeddable":true,"href":"https:\/\/uj.adatbank.ro\/lexikon\/wp-json\/wp\/v2\/comments?post=17988"}],"wp:attachment":[{"href":"https:\/\/uj.adatbank.ro\/lexikon\/wp-json\/wp\/v2\/media?parent=17988"}],"wp:term":[{"taxonomy":"product_brand","embeddable":true,"href":"https:\/\/uj.adatbank.ro\/lexikon\/wp-json\/wp\/v2\/product_brand?post=17988"},{"taxonomy":"product_cat","embeddable":true,"href":"https:\/\/uj.adatbank.ro\/lexikon\/wp-json\/wp\/v2\/product_cat?post=17988"},{"taxonomy":"product_tag","embeddable":true,"href":"https:\/\/uj.adatbank.ro\/lexikon\/wp-json\/wp\/v2\/product_tag?post=17988"}],"curies":[{"name":"wp","href":"https:\/\/api.w.org\/{rel}","templated":true}]}}