{"id":1800,"date":"2025-06-28T11:53:32","date_gmt":"2025-06-28T09:53:32","guid":{"rendered":"https:\/\/uj.adatbank.ro\/lexikon\/termek\/babos-julia\/"},"modified":"2025-06-28T11:53:32","modified_gmt":"2025-06-28T09:53:32","slug":"babos-julia","status":"publish","type":"product","link":"https:\/\/uj.adatbank.ro\/lexikon\/termek\/babos-julia\/","title":{"rendered":"BABOS J\u00falia"},"content":{"rendered":"<p>Torda, 1931., \u2020\u00a0Torda, 2019: orvos. \u2013 Elemi \u00e9s k\u00f6z\u00e9piskolai tanulm\u00e1nyait rom\u00e1n nyelv\u0171 tanint\u00e9zekben v\u00e9gezte, Tord\u00e1n \u00e9retts\u00e9gizett (1949). A MOGYI gyermekgy\u00f3gy\u00e1sz kar\u00e1n v\u00e9gzett (1956). Gyakornok a Biok\u00e9mia tansz\u00e9ken. A fert\u0151z\u0151 Betegs\u00e9gek Klinik\u00e1j\u00e1ra h\u00edvta meg dr. Kelemen L\u00e1szl\u00f3, ahol szakorvos, majd f\u0151orvos. A MOGYI \u2013ban tan\u00e1rseg\u00e9d, magyar nyelv\u0171 el\u0151ad\u00f3. Id\u0151s kor\u00e1ig dolgozott. (T\u00e9ka, 1983); Szenci Moln\u00e1r Albert: Napl\u00f3 \u00e9s m\u00e1s \u00edr\u00e1sok (T\u00e9ka, 1984); \u00dajfalvi S\u00e1ndor: Az erd\u00e9lyi r\u00e9gibb \u00e9s k\u00f6zelebbi vad\u00e1szatok \u00e9s vadak (T\u00e9ka, 1990). Az Erd\u00e9ly t\u00f6rt\u00e9nete c. k\u00f6t. egyik ford\u00edt\u00f3ja. (1964). <br \/><strong>Irod.:<\/strong> Acad. Trans. RMIL1; ; P\u00e1ll \u00c1rp\u00e1d besz\u00e9lget\u00e9se Benk\u0151 Samuval.<\/br><\/p>\n","protected":false},"excerpt":{"rendered":"<p>Torda, 1931., \u2020\u00a0Torda, 2019: orvos. \u2013 Elemi \u00e9s k\u00f6z\u00e9piskolai tanulm\u00e1nyait rom\u00e1n nyelv\u0171 tanint\u00e9zekben v\u00e9gezte, Tord\u00e1n \u00e9retts\u00e9gizett (1949). A MOGYI gyermekgy\u00f3gy\u00e1sz kar\u00e1n v\u00e9gzett (1956). Gyakornok a Biok\u00e9mia tansz\u00e9ken. A fert\u0151z\u0151 Betegs\u00e9gek Klinik\u00e1j\u00e1ra h\u00edvta meg dr. Kelemen L\u00e1szl\u00f3, ahol szakorvos, majd f\u0151orvos. A MOGYI \u2013ban tan\u00e1rseg\u00e9d, magyar nyelv\u0171 el\u0151ad\u00f3. Id\u0151s kor\u00e1ig dolgozott. (T\u00e9ka, 1983); Szenci Moln\u00e1r Albert: [&hellip;]<\/p>\n","protected":false},"featured_media":0,"comment_status":"open","ping_status":"closed","template":"","meta":[],"product_brand":[],"product_cat":[137],"product_tag":[],"class_list":{"0":"post-1800","1":"product","2":"type-product","3":"status-publish","5":"product_cat-maros-megyei-eletrajzi-lexikon","7":"first","8":"instock","9":"shipping-taxable","10":"product-type-simple"},"_links":{"self":[{"href":"https:\/\/uj.adatbank.ro\/lexikon\/wp-json\/wp\/v2\/product\/1800","targetHints":{"allow":["GET"]}}],"collection":[{"href":"https:\/\/uj.adatbank.ro\/lexikon\/wp-json\/wp\/v2\/product"}],"about":[{"href":"https:\/\/uj.adatbank.ro\/lexikon\/wp-json\/wp\/v2\/types\/product"}],"replies":[{"embeddable":true,"href":"https:\/\/uj.adatbank.ro\/lexikon\/wp-json\/wp\/v2\/comments?post=1800"}],"wp:attachment":[{"href":"https:\/\/uj.adatbank.ro\/lexikon\/wp-json\/wp\/v2\/media?parent=1800"}],"wp:term":[{"taxonomy":"product_brand","embeddable":true,"href":"https:\/\/uj.adatbank.ro\/lexikon\/wp-json\/wp\/v2\/product_brand?post=1800"},{"taxonomy":"product_cat","embeddable":true,"href":"https:\/\/uj.adatbank.ro\/lexikon\/wp-json\/wp\/v2\/product_cat?post=1800"},{"taxonomy":"product_tag","embeddable":true,"href":"https:\/\/uj.adatbank.ro\/lexikon\/wp-json\/wp\/v2\/product_tag?post=1800"}],"curies":[{"name":"wp","href":"https:\/\/api.w.org\/{rel}","templated":true}]}}

BABOS Júlia

<p>Torda, 1931., † Torda, 2019: orvos. – Elemi és középiskolai tanulmányait román nyelvű tanintézekben végezte, Tordán érettségizett (1949). A MOGYI gyermekgyógyász karán végzett (1956). Gyakornok a Biokémia tanszéken. A fertőző Betegségek Klinikájára hívta meg dr. Kelemen László, ahol szakorvos, majd főorvos. A MOGYI –ban tanársegéd, magyar nyelvű előadó. Idős koráig dolgozott. (Téka, 1983); Szenci Molnár Albert: Napló és más írások (Téka, 1984); Újfalvi Sándor: Az erdélyi régibb és közelebbi vadászatok és vadak (Téka, 1990). Az Erdély története c. köt. egyik fordítója. (1964). <br /><strong>Irod.:</strong> Acad. Trans. RMIL1; ; Páll Árpád beszélgetése Benkő Samuval.</br></p>

<p>Torda, 1931., † Torda, 2019: orvos. – Elemi és középiskolai tanulmányait román nyelvű tanintézekben végezte, Tordán érettségizett (1949). A MOGYI gyermekgyógyász karán végzett (1956). Gyakornok a Biokémia tanszéken. A fertőző Betegségek Klinikájára hívta meg dr. Kelemen László, ahol szakorvos, majd főorvos. A MOGYI –ban tanársegéd, magyar nyelvű előadó. Idős koráig dolgozott. (Téka, 1983); Szenci Molnár Albert: [&hellip;]</p>
