{"id":18007,"date":"2025-07-16T10:36:12","date_gmt":"2025-07-16T08:36:12","guid":{"rendered":"https:\/\/uj.adatbank.ro\/lexikon\/termek\/peterfi-denes-kibedi\/"},"modified":"2025-07-16T10:36:12","modified_gmt":"2025-07-16T08:36:12","slug":"peterfi-denes-kibedi","status":"publish","type":"product","link":"https:\/\/uj.adatbank.ro\/lexikon\/termek\/peterfi-denes-kibedi\/","title":{"rendered":"P\u00c9TERFI D\u00e9nes, kib\u00e9di"},"content":{"rendered":"<p>1836. jan. 20., \u2020 1903. febr. 11.: kir. it\u00e9l\u0151 t\u00e1blab\u00edr\u00f3. Feles\u00e9ge Simay Veronika (\u2020 1924.);. <br \/><strong>Irod.:<\/strong> Filep; Kempelen; P\u00e1lmay<\/br><\/p>\n","protected":false},"excerpt":{"rendered":"<p>1836. jan. 20., \u2020 1903. febr. 11.: kir. it\u00e9l\u0151 t\u00e1blab\u00edr\u00f3. Feles\u00e9ge Simay Veronika (\u2020 1924.);. Irod.: Filep; Kempelen; P\u00e1lmay<\/p>\n","protected":false},"featured_media":0,"comment_status":"open","ping_status":"closed","template":"","meta":[],"product_brand":[],"product_cat":[137],"product_tag":[],"class_list":{"0":"post-18007","1":"product","2":"type-product","3":"status-publish","5":"product_cat-maros-megyei-eletrajzi-lexikon","7":"first","8":"instock","9":"shipping-taxable","10":"product-type-simple"},"_links":{"self":[{"href":"https:\/\/uj.adatbank.ro\/lexikon\/wp-json\/wp\/v2\/product\/18007","targetHints":{"allow":["GET"]}}],"collection":[{"href":"https:\/\/uj.adatbank.ro\/lexikon\/wp-json\/wp\/v2\/product"}],"about":[{"href":"https:\/\/uj.adatbank.ro\/lexikon\/wp-json\/wp\/v2\/types\/product"}],"replies":[{"embeddable":true,"href":"https:\/\/uj.adatbank.ro\/lexikon\/wp-json\/wp\/v2\/comments?post=18007"}],"wp:attachment":[{"href":"https:\/\/uj.adatbank.ro\/lexikon\/wp-json\/wp\/v2\/media?parent=18007"}],"wp:term":[{"taxonomy":"product_brand","embeddable":true,"href":"https:\/\/uj.adatbank.ro\/lexikon\/wp-json\/wp\/v2\/product_brand?post=18007"},{"taxonomy":"product_cat","embeddable":true,"href":"https:\/\/uj.adatbank.ro\/lexikon\/wp-json\/wp\/v2\/product_cat?post=18007"},{"taxonomy":"product_tag","embeddable":true,"href":"https:\/\/uj.adatbank.ro\/lexikon\/wp-json\/wp\/v2\/product_tag?post=18007"}],"curies":[{"name":"wp","href":"https:\/\/api.w.org\/{rel}","templated":true}]}}