{"id":1801,"date":"2025-06-28T11:53:34","date_gmt":"2025-06-28T09:53:34","guid":{"rendered":"https:\/\/uj.adatbank.ro\/lexikon\/termek\/babrik-jozsef\/"},"modified":"2025-06-28T11:53:34","modified_gmt":"2025-06-28T09:53:34","slug":"babrik-jozsef","status":"publish","type":"product","link":"https:\/\/uj.adatbank.ro\/lexikon\/termek\/babrik-jozsef\/","title":{"rendered":"BABRIK J\u00f3zsef"},"content":{"rendered":"<p>Nagyv\u00e1rad, 1949. j\u00fal. 20., \u2020 Mv., 1974. aug. 26.: zen\u00e9sz, tan\u00e1r, lantm\u0171v\u00e9sz. \u2013 Gyermekk\u00e9nt zongor\u00e1zni, furuly\u00e1zni, lanton \u00e9s git\u00e1ron j\u00e1tszani \u00f6ner\u0151b\u0151l tanult. Nagyv\u00e1radon a 4. sz. k\u00f6z\u00e9piskol\u00e1ban \u00e9retts\u00e9gizett (1967); tanulm\u00e1nyait a mv-i Tan\u00e1rk\u00e9pz\u0151 F\u0151iskola zenetagozat\u00e1n folytatta, itt szerzett oklevelet (1971\u201374). Kutat\u00e1si ter\u00fclete a 11. \u2013 17. sz. zen\u00e9je, k\u00f3dexek kott\u00e1it fejtette meg. R\u00e9gizene \u00e9s lantm\u0171v\u00e9sz, a Camerata Transsylvanica r\u00e9gizene-egy\u00fcttes tagja (1972\u201374). Fell\u00e9ptek Mv.-en, Sz\u00e9kelyudvarhelyen, Kv.-on (1973). Mv.-en a lant sz\u00f3l\u00f3 j\u00e1t\u00e9kosa Kerekes T\u00f3th Erzs\u00e9bettel, a N\u00e9pi Egy\u00fcttessel, a Zenei Napokon Cs\u00edky Boldizs\u00e1r R\u00e9gi erd\u00e9lyi \u00e9nekek \u00e9s t\u00e1ncok c. m\u0171v\u00e9nek \u0151sbem\u00fatat\u00f3j\u00e1n (1974) turn\u00e9zott H\u00e1romsz\u00e9ken, Erd\u0151vid\u00e9ken, Kov\u00e1szn\u00e1n, K\u00e9zdiv\u00e1s\u00e1rhelyen, Sepsiszentgy\u00f6rgy\u00f6n (1974). \u2013 <strong>F. m.:<\/strong> <strong>szerzem\u00e9nyei:<\/strong> Vir\u00e1gom, vir\u00e1gom; Amerre az \u00e9n v\u00e1gyam sz\u00e1ll; Mez\u00edtl\u00e1bas le\u00e1nyk\u00e9r\u0151; Vir\u00e1gok le\u00e1nya; Hej, ladikom; lemezei: Kett\u0151spont, Ej, haj, gy\u00f6ngyvir\u00e1g\u2026 (Radio Tg. M.; Red. Borb\u00e9ly Zolt\u00e1n, Adriana Velincov-Dan; Electrecord, ECE 01695). <br \/><strong>Irod.:<\/strong> Bajor Andor : Bet\u0171vet\u0151k becs\u00fclete (Buk., 1996); Kusz\u00e1lik; MMK; M\u0171vel\u0151d\u00e9s (2. sz; 9. sz, 1974.; 1. sz., 1995.); RMIL 4. k\u00f6t: R\u00e9gizene.<\/br><\/p>\n","protected":false},"excerpt":{"rendered":"<p>Nagyv\u00e1rad, 1949. j\u00fal. 20., \u2020 Mv., 1974. aug. 26.: zen\u00e9sz, tan\u00e1r, lantm\u0171v\u00e9sz. \u2013 Gyermekk\u00e9nt zongor\u00e1zni, furuly\u00e1zni, lanton \u00e9s git\u00e1ron j\u00e1tszani \u00f6ner\u0151b\u0151l tanult. Nagyv\u00e1radon a 4. sz. k\u00f6z\u00e9piskol\u00e1ban \u00e9retts\u00e9gizett (1967); tanulm\u00e1nyait a mv-i Tan\u00e1rk\u00e9pz\u0151 F\u0151iskola zenetagozat\u00e1n folytatta, itt szerzett oklevelet (1971\u201374). Kutat\u00e1si ter\u00fclete a 11. \u2013 17. sz. zen\u00e9je, k\u00f3dexek kott\u00e1it fejtette meg. R\u00e9gizene \u00e9s lantm\u0171v\u00e9sz, [&hellip;]<\/p>\n","protected":false},"featured_media":0,"comment_status":"open","ping_status":"closed","template":"","meta":[],"product_brand":[],"product_cat":[137],"product_tag":[],"class_list":{"0":"post-1801","1":"product","2":"type-product","3":"status-publish","5":"product_cat-maros-megyei-eletrajzi-lexikon","7":"first","8":"instock","9":"shipping-taxable","10":"product-type-simple"},"_links":{"self":[{"href":"https:\/\/uj.adatbank.ro\/lexikon\/wp-json\/wp\/v2\/product\/1801","targetHints":{"allow":["GET"]}}],"collection":[{"href":"https:\/\/uj.adatbank.ro\/lexikon\/wp-json\/wp\/v2\/product"}],"about":[{"href":"https:\/\/uj.adatbank.ro\/lexikon\/wp-json\/wp\/v2\/types\/product"}],"replies":[{"embeddable":true,"href":"https:\/\/uj.adatbank.ro\/lexikon\/wp-json\/wp\/v2\/comments?post=1801"}],"wp:attachment":[{"href":"https:\/\/uj.adatbank.ro\/lexikon\/wp-json\/wp\/v2\/media?parent=1801"}],"wp:term":[{"taxonomy":"product_brand","embeddable":true,"href":"https:\/\/uj.adatbank.ro\/lexikon\/wp-json\/wp\/v2\/product_brand?post=1801"},{"taxonomy":"product_cat","embeddable":true,"href":"https:\/\/uj.adatbank.ro\/lexikon\/wp-json\/wp\/v2\/product_cat?post=1801"},{"taxonomy":"product_tag","embeddable":true,"href":"https:\/\/uj.adatbank.ro\/lexikon\/wp-json\/wp\/v2\/product_tag?post=1801"}],"curies":[{"name":"wp","href":"https:\/\/api.w.org\/{rel}","templated":true}]}}

BABRIK József

<p>Nagyvárad, 1949. júl. 20., † Mv., 1974. aug. 26.: zenész, tanár, lantművész. – Gyermekként zongorázni, furulyázni, lanton és gitáron játszani önerőből tanult. Nagyváradon a 4. sz. középiskolában érettségizett (1967); tanulmányait a mv-i Tanárképző Főiskola zenetagozatán folytatta, itt szerzett oklevelet (1971–74). Kutatási területe a 11. – 17. sz. zenéje, kódexek kottáit fejtette meg. Régizene és lantművész, a Camerata Transsylvanica régizene-együttes tagja (1972–74). Felléptek Mv.-en, Székelyudvarhelyen, Kv.-on (1973). Mv.-en a lant szóló játékosa Kerekes Tóth Erzsébettel, a Népi Együttessel, a Zenei Napokon Csíky Boldizsár Régi erdélyi énekek és táncok c. művének ősbemútatóján (1974) turnézott Háromszéken, Erdővidéken, Kovásznán, Kézdivásárhelyen, Sepsiszentgyörgyön (1974). – <strong>F. m.:</strong> <strong>szerzeményei:</strong> Virágom, virágom; Amerre az én vágyam száll; Mezítlábas leánykérő; Virágok leánya; Hej, ladikom; lemezei: Kettőspont, Ej, haj, gyöngyvirág… (Radio Tg. M.; Red. Borbély Zoltán, Adriana Velincov-Dan; Electrecord, ECE 01695). <br /><strong>Irod.:</strong> Bajor Andor : Betűvetők becsülete (Buk., 1996); Kuszálik; MMK; Művelődés (2. sz; 9. sz, 1974.; 1. sz., 1995.); RMIL 4. köt: Régizene.</br></p>

<p>Nagyvárad, 1949. júl. 20., † Mv., 1974. aug. 26.: zenész, tanár, lantművész. – Gyermekként zongorázni, furulyázni, lanton és gitáron játszani önerőből tanult. Nagyváradon a 4. sz. középiskolában érettségizett (1967); tanulmányait a mv-i Tanárképző Főiskola zenetagozatán folytatta, itt szerzett oklevelet (1971–74). Kutatási területe a 11. – 17. sz. zenéje, kódexek kottáit fejtette meg. Régizene és lantművész, [&hellip;]</p>
