{"id":18010,"date":"2025-07-16T10:36:17","date_gmt":"2025-07-16T08:36:17","guid":{"rendered":"https:\/\/uj.adatbank.ro\/lexikon\/termek\/peterfi-elek-peterfi-alexius-kibedi\/"},"modified":"2025-07-16T10:36:17","modified_gmt":"2025-07-16T08:36:17","slug":"peterfi-elek-peterfi-alexius-kibedi","status":"publish","type":"product","link":"https:\/\/uj.adatbank.ro\/lexikon\/termek\/peterfi-elek-peterfi-alexius-kibedi\/","title":{"rendered":"P\u00c9TERFI Elek, P\u00e9terfi Alexius, kib\u00e9di"},"content":{"rendered":"<p>1751., \u2020\u00a0K\u00f6rtv\u00e9lyf\u00e1ja: ref. lelk\u00e9sz. \u2013 Apja P. L\u00e1szl\u00f3 (1721\u20131804). Feles\u00e9ge\u00a0: Iszlai Roz\u00e1lia. Fi\u00fak: Albert. \u2013 Mv.-en subscrib\u00e1lt ( 1772). El\u0151z\u0151leg Fogarason volt rektor. A s\u00e1rdi zsinaton ordin\u00e1lt\u00e1k (1783). S\u00f3falv\u00e1n volt lelk\u00e9sz (\u20131781), majd K\u00f6rtv\u00e9lyf\u00e1j\u00e1n (1782\u201384). <br \/><strong>Irod.:<\/strong> B\u00f6jthe; H\u0171s\u00e9gnyilatkozatok; Kempelen; \u0150sz; P\u00e1lmay; Szab\u00f3 Mikl\u00f3s 2005<\/br><\/p>\n","protected":false},"excerpt":{"rendered":"<p>1751., \u2020\u00a0K\u00f6rtv\u00e9lyf\u00e1ja: ref. lelk\u00e9sz. \u2013 Apja P. L\u00e1szl\u00f3 (1721\u20131804). Feles\u00e9ge\u00a0: Iszlai Roz\u00e1lia. Fi\u00fak: Albert. \u2013 Mv.-en subscrib\u00e1lt ( 1772). El\u0151z\u0151leg Fogarason volt rektor. A s\u00e1rdi zsinaton ordin\u00e1lt\u00e1k (1783). S\u00f3falv\u00e1n volt lelk\u00e9sz (\u20131781), majd K\u00f6rtv\u00e9lyf\u00e1j\u00e1n (1782\u201384). Irod.: B\u00f6jthe; H\u0171s\u00e9gnyilatkozatok; Kempelen; \u0150sz; P\u00e1lmay; Szab\u00f3 Mikl\u00f3s 2005<\/p>\n","protected":false},"featured_media":0,"comment_status":"open","ping_status":"closed","template":"","meta":[],"product_brand":[],"product_cat":[137],"product_tag":[],"class_list":{"0":"post-18010","1":"product","2":"type-product","3":"status-publish","5":"product_cat-maros-megyei-eletrajzi-lexikon","7":"first","8":"instock","9":"shipping-taxable","10":"product-type-simple"},"_links":{"self":[{"href":"https:\/\/uj.adatbank.ro\/lexikon\/wp-json\/wp\/v2\/product\/18010","targetHints":{"allow":["GET"]}}],"collection":[{"href":"https:\/\/uj.adatbank.ro\/lexikon\/wp-json\/wp\/v2\/product"}],"about":[{"href":"https:\/\/uj.adatbank.ro\/lexikon\/wp-json\/wp\/v2\/types\/product"}],"replies":[{"embeddable":true,"href":"https:\/\/uj.adatbank.ro\/lexikon\/wp-json\/wp\/v2\/comments?post=18010"}],"wp:attachment":[{"href":"https:\/\/uj.adatbank.ro\/lexikon\/wp-json\/wp\/v2\/media?parent=18010"}],"wp:term":[{"taxonomy":"product_brand","embeddable":true,"href":"https:\/\/uj.adatbank.ro\/lexikon\/wp-json\/wp\/v2\/product_brand?post=18010"},{"taxonomy":"product_cat","embeddable":true,"href":"https:\/\/uj.adatbank.ro\/lexikon\/wp-json\/wp\/v2\/product_cat?post=18010"},{"taxonomy":"product_tag","embeddable":true,"href":"https:\/\/uj.adatbank.ro\/lexikon\/wp-json\/wp\/v2\/product_tag?post=18010"}],"curies":[{"name":"wp","href":"https:\/\/api.w.org\/{rel}","templated":true}]}}