{"id":18024,"date":"2025-07-16T10:36:43","date_gmt":"2025-07-16T08:36:43","guid":{"rendered":"https:\/\/uj.adatbank.ro\/lexikon\/termek\/peterfi-karoly-kibedi\/"},"modified":"2025-07-16T10:36:43","modified_gmt":"2025-07-16T08:36:43","slug":"peterfi-karoly-kibedi","status":"publish","type":"product","link":"https:\/\/uj.adatbank.ro\/lexikon\/termek\/peterfi-karoly-kibedi\/","title":{"rendered":"P\u00c9TERFI K\u00e1roly, kib\u00e9di"},"content":{"rendered":"<p>1872. okt. 29., \u2020 ? :rend\u0151rfogalmaz\u00f3. \u2013 \u2013 Tanulm\u00e1nyait Mv.-en kezdte, itt \u00e9retts\u00e9gizett, az egyetemet Bp.-en v\u00e9gezte. Rend\u0151rfogalmaz\u00f3 Mv. \u2013en (1901\u2013). <br \/><strong>Irod.:<\/strong> P\u00e1lmay<\/br><\/p>\n","protected":false},"excerpt":{"rendered":"<p>1872. okt. 29., \u2020 ? :rend\u0151rfogalmaz\u00f3. \u2013 \u2013 Tanulm\u00e1nyait Mv.-en kezdte, itt \u00e9retts\u00e9gizett, az egyetemet Bp.-en v\u00e9gezte. Rend\u0151rfogalmaz\u00f3 Mv. \u2013en (1901\u2013). Irod.: P\u00e1lmay<\/p>\n","protected":false},"featured_media":0,"comment_status":"open","ping_status":"closed","template":"","meta":[],"product_brand":[],"product_cat":[137],"product_tag":[],"class_list":{"0":"post-18024","1":"product","2":"type-product","3":"status-publish","5":"product_cat-maros-megyei-eletrajzi-lexikon","7":"first","8":"instock","9":"shipping-taxable","10":"product-type-simple"},"_links":{"self":[{"href":"https:\/\/uj.adatbank.ro\/lexikon\/wp-json\/wp\/v2\/product\/18024","targetHints":{"allow":["GET"]}}],"collection":[{"href":"https:\/\/uj.adatbank.ro\/lexikon\/wp-json\/wp\/v2\/product"}],"about":[{"href":"https:\/\/uj.adatbank.ro\/lexikon\/wp-json\/wp\/v2\/types\/product"}],"replies":[{"embeddable":true,"href":"https:\/\/uj.adatbank.ro\/lexikon\/wp-json\/wp\/v2\/comments?post=18024"}],"wp:attachment":[{"href":"https:\/\/uj.adatbank.ro\/lexikon\/wp-json\/wp\/v2\/media?parent=18024"}],"wp:term":[{"taxonomy":"product_brand","embeddable":true,"href":"https:\/\/uj.adatbank.ro\/lexikon\/wp-json\/wp\/v2\/product_brand?post=18024"},{"taxonomy":"product_cat","embeddable":true,"href":"https:\/\/uj.adatbank.ro\/lexikon\/wp-json\/wp\/v2\/product_cat?post=18024"},{"taxonomy":"product_tag","embeddable":true,"href":"https:\/\/uj.adatbank.ro\/lexikon\/wp-json\/wp\/v2\/product_tag?post=18024"}],"curies":[{"name":"wp","href":"https:\/\/api.w.org\/{rel}","templated":true}]}}